--
-- Host: localhost    Database: catalogonline
-- ------------------------------------------------------


--
-- Table structure for table `access_log`
--

CREATE TABLE `access_log` (
  `access_log_id` int NOT NULL AUTO_INCREMENT,
  `access_log_pk` int NOT NULL,
  `access_log_ip` varchar(255) NOT NULL,
  `access_log_activity` varchar(255) NOT NULL,
  `access_log_loginas` varchar(255) DEFAULT NULL,
  `access_log_time` datetime NOT NULL,
  PRIMARY KEY (`access_log_id`)
) ENGINE=InnoDB AUTO_INCREMENT=689 DEFAULT CHARSET=utf8mb3;

--
-- Dumping data for table `access_log`
--

INSERT INTO `access_log` VALUES (1,1,'49.229.126.185','Login','','2025-06-11 15:43:30'),(2,1,'49.229.126.185','Login','','2025-06-11 15:50:31'),(3,1,'49.229.126.185','Login','','2025-06-11 17:12:37'),(4,1,'49.229.127.211','Login','','2025-06-12 09:59:54'),(5,1,'49.229.127.211','Login','','2025-06-12 10:24:21'),(6,1,'49.229.127.211','Login','','2025-06-12 10:26:49'),(7,1,'49.229.127.211','Login','','2025-06-12 10:26:55'),(8,1,'49.229.127.211','LoginAsGo','73','2025-06-12 11:04:48'),(9,1,'49.229.127.211','Login','','2025-06-12 13:24:36'),(10,1,'49.229.127.211','Login','','2025-06-12 13:36:17'),(11,1,'49.229.126.5','Login','','2025-06-13 09:59:11'),(12,1,'49.229.126.0','Login','','2025-06-13 17:00:34'),(13,1,'49.229.127.235','Login','','2025-06-16 10:09:40'),(14,1,'49.229.127.235','Login','','2025-06-16 14:07:31'),(15,1,'49.229.126.57','Login','','2025-06-17 10:11:29'),(16,1,'49.229.126.57','Login','','2025-06-17 14:32:52'),(17,1,'49.229.125.12','Login','','2025-06-23 10:05:34'),(18,1,'49.229.124.182','Login','','2025-06-24 09:54:25'),(19,1,'49.229.124.182','Login','','2025-06-24 13:04:07'),(20,1,'49.229.125.234','Login','','2025-06-26 10:02:03'),(21,1,'49.229.125.234','Login','','2025-06-26 10:30:56'),(22,1,'49.229.125.122','Login','','2025-06-26 13:54:58'),(23,1,'192.168.42.124','Login','','2025-06-26 16:09:18'),(24,1,'49.229.124.139','Login','','2025-06-27 10:05:59'),(25,1,'192.168.42.27','Login','','2025-06-27 13:02:58'),(26,1,'49.229.127.193','Login','','2025-06-27 13:19:45'),(27,1,'49.229.125.231','Login','','2025-06-30 09:56:25'),(28,1,'49.229.125.239','Login','','2025-07-01 14:03:32'),(29,1,'49.229.126.88','Login','','2025-07-02 10:19:11'),(30,1,'49.229.126.88','Login','','2025-07-02 15:44:16'),(31,1,'49.229.127.20','Login','','2025-07-07 10:01:40'),(32,1,'192.168.42.226','Login','','2025-07-07 10:32:50'),(33,72,'192.168.42.226','Login','','2025-07-07 10:44:21'),(34,1,'192.168.42.226','Login','','2025-07-07 10:45:53'),(35,72,'192.168.42.226','Login','','2025-07-07 10:48:41'),(36,72,'192.168.42.226','Login','','2025-07-07 11:06:56'),(37,1,'203.131.209.86','Login','','2025-07-08 14:22:57'),(38,72,'203.131.209.86','Login','','2025-07-08 14:40:56'),(39,1,'203.131.209.86','Login','','2025-07-08 14:46:53'),(40,1,'192.168.3.131','Login','','2025-07-14 16:00:23'),(41,1,'49.229.126.37','Login','','2025-07-14 16:02:46'),(42,1,'192.168.3.57','Login','','2025-07-15 15:51:59'),(43,72,'192.168.3.57','Login','','2025-07-15 15:54:43'),(44,72,'203.131.209.86','Login','','2025-07-15 16:01:04'),(45,72,'192.168.3.57','Login','','2025-07-15 16:02:21'),(46,72,'203.131.209.86','Login','','2025-07-15 16:04:10'),(47,1,'203.131.209.86','Login','','2025-07-15 16:05:48'),(48,1,'203.131.209.86','Login','','2025-07-15 16:06:38'),(49,1,'49.229.124.184','Login','','2025-07-16 10:28:48'),(50,1,'49.229.124.184','Login','','2025-07-16 10:28:55'),(51,1,'49.229.124.184','Login','','2025-07-16 10:29:13'),(52,1,'49.229.126.40','Login','','2025-07-17 10:13:46'),(53,1,'192.168.41.45','Login','','2025-07-18 13:53:04'),(54,1,'49.229.126.102','Login','','2025-07-18 15:39:58'),(55,1,'49.229.126.102','Login','','2025-07-18 15:44:38'),(56,1,'49.229.126.102','Login','','2025-07-18 15:50:18'),(57,1,'192.168.41.45','Login','','2025-07-18 16:25:17'),(58,1,'192.168.41.45','LoginAsGo','79','2025-07-18 16:32:54'),(59,1,'49.229.126.102','LoginAsGo','79','2025-07-18 16:34:10'),(60,1,'49.229.126.102','Login','','2025-07-18 16:34:31'),(61,79,'192.168.41.45','LoginAsGo','78','2025-07-18 16:38:07'),(62,76,'192.168.41.45','Login','','2025-07-18 16:38:57'),(63,75,'192.168.41.45','Login','','2025-07-18 16:39:20'),(64,77,'192.168.41.45','Login','','2025-07-18 16:39:43'),(65,78,'192.168.41.45','Login','','2025-07-18 16:40:16'),(66,1,'49.229.126.102','LoginAsGo','79','2025-07-18 16:43:17'),(67,1,'49.229.126.102','LoginAsGo','79','2025-07-18 16:46:13'),(68,1,'49.229.126.102','LoginAsGo','79','2025-07-18 16:49:26'),(69,75,'192.168.41.45','Login','','2025-07-18 16:50:28'),(70,75,'192.168.41.45','Login','','2025-07-18 16:50:43'),(71,75,'49.229.126.102','Login','','2025-07-18 16:51:32'),(72,75,'192.168.2.246','Login','','2025-07-23 10:39:05'),(73,76,'192.168.2.246','Login','','2025-07-23 10:50:09'),(74,76,'192.168.2.246','Login','','2025-07-23 10:51:25'),(75,1,'49.229.124.62','Login','','2025-07-23 11:04:46'),(76,76,'49.229.124.62','Login','','2025-07-23 11:07:04'),(77,75,'192.168.2.246','Login','','2025-07-23 11:12:50'),(78,76,'192.168.2.246','Login','','2025-07-23 11:37:09'),(79,1,'49.229.124.62','Login','','2025-07-23 11:39:02'),(80,76,'192.168.2.246','Login','','2025-07-23 11:40:58'),(81,76,'192.168.2.246','Login','','2025-07-23 11:41:15'),(82,1,'192.168.2.246','Login','','2025-07-23 11:41:58'),(83,76,'192.168.2.246','Login','','2025-07-23 13:19:09'),(84,75,'192.168.2.246','Login','','2025-07-23 13:20:02'),(85,76,'192.168.2.246','Login','','2025-07-23 13:20:37'),(86,76,'49.229.124.62','Login','','2025-07-23 13:33:42'),(87,1,'49.229.124.62','Login','','2025-07-23 13:35:29'),(88,76,'192.168.2.246','Login','','2025-07-23 14:20:33'),(89,75,'192.168.2.246','Login','','2025-07-23 14:38:02'),(90,76,'192.168.2.246','Login','','2025-07-23 15:07:12'),(91,75,'192.168.2.246','Login','','2025-07-23 15:09:09'),(92,76,'192.168.2.246','Login','','2025-07-23 15:51:24'),(93,75,'192.168.2.246','Login','','2025-07-23 15:54:57'),(94,76,'192.168.2.246','Login','','2025-07-23 16:17:18'),(95,76,'192.168.2.174','Login','','2025-07-24 09:40:10'),(96,75,'192.168.2.174','Login','','2025-07-24 09:48:53'),(97,77,'192.168.2.174','Login','','2025-07-24 09:56:19'),(98,76,'192.168.2.174','Login','','2025-07-24 09:56:44'),(99,1,'49.229.125.252','Login','','2025-07-24 10:03:13'),(100,75,'192.168.2.174','Login','','2025-07-24 10:10:32'),(101,77,'192.168.2.174','Login','','2025-07-24 11:08:12'),(102,78,'192.168.2.174','Login','','2025-07-24 11:09:53'),(103,77,'49.229.125.252','Login','','2025-07-24 11:21:32'),(104,78,'49.229.125.252','Login','','2025-07-24 11:22:00'),(105,1,'49.229.125.252','Login','','2025-07-24 13:09:39'),(106,77,'192.168.2.174','Login','','2025-07-24 13:18:07'),(107,75,'192.168.2.174','Login','','2025-07-24 14:31:31'),(108,75,'192.168.2.174','Login','','2025-07-24 16:38:48'),(109,75,'192.168.3.111','Login','','2025-07-30 10:17:10'),(110,1,'192.168.3.111','Login','','2025-07-30 10:28:17'),(111,1,'203.131.209.86','Login','','2025-07-30 10:32:24'),(112,76,'192.168.3.111','Login','','2025-07-30 10:34:19'),(113,76,'192.168.3.111','Login','','2025-07-30 11:10:39'),(114,1,'192.168.3.111','Login','','2025-07-30 11:12:19'),(115,76,'192.168.3.111','Login','','2025-07-30 11:12:50'),(116,1,'192.168.3.111','Login','','2025-07-30 11:23:09'),(117,75,'192.168.3.111','Login','','2025-07-30 11:23:21'),(118,76,'192.168.3.111','Login','','2025-07-30 11:25:08'),(119,78,'192.168.3.111','Login','','2025-07-30 11:27:01'),(120,76,'192.168.3.111','Login','','2025-07-30 13:24:16'),(121,75,'192.168.3.111','Login','','2025-07-30 13:24:47'),(122,76,'192.168.3.111','Login','','2025-07-30 13:25:39'),(123,75,'192.168.3.111','Login','','2025-07-30 13:27:08'),(124,76,'192.168.3.111','Login','','2025-07-30 13:27:54'),(125,75,'192.168.3.111','Login','','2025-07-30 13:28:25'),(126,76,'192.168.3.111','Login','','2025-07-30 13:28:48'),(127,1,'203.131.209.86','Login','','2025-07-30 13:32:38'),(128,75,'192.168.3.111','Login','','2025-07-30 14:41:27'),(129,76,'192.168.3.111','Login','','2025-07-30 15:03:15'),(130,76,'192.168.3.111','Login','','2025-07-30 15:03:56'),(131,76,'192.168.3.111','Login','','2025-07-30 15:53:17'),(132,75,'192.168.3.111','Login','','2025-07-30 16:03:31'),(133,76,'192.168.3.111','Login','','2025-07-30 16:03:58'),(134,77,'192.168.3.111','Login','','2025-07-30 16:05:28'),(135,78,'192.168.3.111','Login','','2025-07-30 16:10:04'),(136,76,'192.168.3.111','Login','','2025-07-30 16:11:04'),(137,75,'192.168.3.111','Login','','2025-07-30 16:11:34'),(138,76,'192.168.3.111','Login','','2025-07-30 16:27:07'),(139,1,'203.131.209.86','Login','','2025-07-30 16:53:11'),(140,76,'192.168.3.111','Login','','2025-07-31 09:59:45'),(141,1,'49.229.124.147','Login','','2025-07-31 13:05:21'),(142,76,'192.168.3.111','Login','','2025-07-31 13:47:51'),(143,75,'192.168.3.111','Login','','2025-07-31 13:48:29'),(144,76,'192.168.3.111','Login','','2025-07-31 14:06:51'),(145,75,'192.168.3.111','Login','','2025-07-31 14:08:43'),(146,1,'49.229.124.231','Login','','2025-08-01 11:06:50'),(147,75,'49.229.125.14','Login','','2025-08-04 10:11:36'),(148,75,'49.229.125.14','Login','','2025-08-04 10:13:23'),(149,76,'49.229.125.14','Login','','2025-08-04 10:14:13'),(150,76,'49.229.125.14','Login','','2025-08-04 10:40:06'),(151,1,'172.16.1.238','Login','','2025-08-04 10:49:33'),(152,75,'49.229.125.14','Login','','2025-08-04 10:57:41'),(153,76,'49.229.125.14','Login','','2025-08-04 10:58:36'),(154,78,'49.229.125.14','Login','','2025-08-04 11:02:23'),(155,77,'49.229.125.14','Login','','2025-08-04 11:02:42'),(156,76,'49.229.125.14','Login','','2025-08-04 11:03:02'),(157,78,'49.229.125.14','Login','','2025-08-04 11:04:21'),(158,76,'49.229.125.14','Login','','2025-08-04 11:05:01'),(159,76,'49.229.125.14','Login','','2025-08-04 11:06:35'),(160,77,'49.229.125.14','Login','','2025-08-04 11:27:20'),(161,75,'49.229.125.14','Login','','2025-08-04 11:27:37'),(162,76,'49.229.125.14','Login','','2025-08-04 11:33:15'),(163,75,'49.229.125.14','Login','','2025-08-04 13:18:23'),(164,76,'49.229.125.14','Login','','2025-08-04 13:21:14'),(165,77,'49.229.125.14','Login','','2025-08-04 14:41:55'),(166,77,'49.229.125.14','Login','','2025-08-04 14:42:42'),(167,75,'49.229.125.14','Login','','2025-08-04 14:42:53'),(168,77,'49.229.125.14','Login','','2025-08-04 14:43:33'),(169,76,'49.229.125.14','Login','','2025-08-04 14:45:11'),(170,77,'49.229.125.14','Login','','2025-08-04 14:47:18'),(171,77,'49.229.125.14','Login','','2025-08-04 14:51:37'),(172,1,'172.16.1.238','Login','','2025-08-04 14:51:57'),(173,76,'49.229.125.14','Login','','2025-08-04 14:52:03'),(174,75,'49.229.125.14','Login','','2025-08-04 14:53:50'),(175,1,'49.229.125.40','Login','','2025-08-04 17:07:53'),(176,1,'49.229.125.95','Login','','2025-08-05 10:05:09'),(177,75,'49.229.125.99','Login','','2025-08-05 13:40:14'),(178,1,'203.131.209.86','Login','','2025-08-05 15:17:17'),(179,1,'203.131.209.86','Login','','2025-08-05 15:57:51'),(180,75,'172.16.2.137','Login','','2025-08-07 13:37:36'),(181,1,'203.131.209.86','Login','','2025-08-07 13:44:14'),(182,75,'172.16.2.137','Login','','2025-08-13 09:54:57'),(183,1,'49.229.124.115','Login','','2025-08-13 10:03:57'),(184,1,'49.229.124.115','Login','','2025-08-13 13:32:49'),(185,75,'172.16.2.137','Login','','2025-08-13 13:54:09'),(186,75,'172.16.2.137','Login','','2025-08-13 14:41:43'),(187,1,'49.229.124.146','Login','','2025-08-14 09:56:32'),(188,1,'203.131.209.86','LoginAsGo','77','2025-08-14 11:02:14'),(189,1,'203.131.209.86','LoginAsGo','78','2025-08-14 11:02:47'),(190,75,'172.16.2.137','Login','','2025-08-14 13:08:40'),(191,1,'203.131.209.86','Login','','2025-08-14 13:34:30'),(192,1,'49.228.100.39','Login','','2025-08-14 20:44:18'),(193,75,'172.16.2.137','Login','','2025-08-15 09:32:57'),(194,75,'172.16.2.137','Login','','2025-08-15 15:58:56'),(195,1,'49.229.127.189','Login','','2025-08-18 10:22:57'),(196,75,'172.16.2.137','Login','','2025-08-20 09:52:55'),(197,1,'49.229.127.223','Login','','2025-08-20 09:58:16'),(198,1,'49.229.127.223','LoginAsGo','76','2025-08-20 11:26:40'),(199,1,'49.229.127.223','LoginAsGo','77','2025-08-20 11:28:32'),(200,1,'49.230.44.217','Login','','2025-08-20 11:42:06'),(201,78,'172.16.2.137','Login','','2025-08-20 13:17:01'),(202,77,'172.16.2.137','Login','','2025-08-20 13:17:22'),(203,76,'172.16.2.137','Login','','2025-08-20 13:17:36'),(204,78,'172.16.2.137','Login','','2025-08-20 13:17:45'),(205,1,'49.229.127.223','LoginAsGo','77','2025-08-20 13:21:37'),(206,1,'49.229.127.223','LoginAsGo','77','2025-08-20 13:24:16'),(207,75,'172.16.2.137','Login','','2025-08-20 13:25:40'),(208,75,'172.16.2.137','Login','','2025-08-20 13:38:01'),(209,1,'49.229.127.223','Login','','2025-08-20 13:41:45'),(210,1,'49.229.127.223','Login','','2025-08-20 13:42:13'),(211,76,'172.16.2.137','Login','','2025-08-20 13:52:24'),(212,75,'172.16.2.137','Login','','2025-08-20 13:54:33'),(213,1,'49.230.44.37','Login','','2025-08-20 14:26:51'),(214,75,'172.16.2.137','Login','','2025-08-21 09:49:28'),(215,1,'49.229.125.128','Login','','2025-08-21 10:20:22'),(216,75,'172.16.2.137','Login','','2025-08-21 10:34:21'),(217,75,'172.16.2.137','Login','','2025-08-21 10:34:44'),(218,75,'172.16.2.137','Login','','2025-08-21 10:36:24'),(219,76,'172.16.2.137','Login','','2025-08-21 10:41:25'),(220,78,'172.16.2.137','Login','','2025-08-21 10:42:20'),(221,78,'172.16.2.137','Login','','2025-08-21 10:59:51'),(222,77,'172.16.2.137','Login','','2025-08-21 11:04:32'),(223,1,'49.229.125.128','LoginAsGo','78','2025-08-21 11:05:44'),(224,1,'49.229.125.128','LoginAsGo','78','2025-08-21 11:07:19'),(225,76,'172.16.2.137','Login','','2025-08-21 16:52:06'),(226,1,'49.229.125.128','Login','','2025-08-21 16:53:30'),(227,1,'49.229.125.128','LoginAsGo','76','2025-08-21 16:53:38'),(228,75,'172.16.2.137','Login','','2025-08-25 10:01:12'),(229,1,'49.229.127.26','Login','','2025-08-25 10:26:29'),(230,75,'172.16.2.137','Login','','2025-08-25 10:41:35'),(231,78,'172.16.2.137','Login','','2025-08-25 14:09:30'),(232,77,'172.16.2.137','Login','','2025-08-25 14:09:54'),(233,75,'172.16.2.137','Login','','2025-08-25 14:10:14'),(234,76,'172.16.2.137','Login','','2025-08-25 14:10:36'),(235,78,'172.16.2.137','Login','','2025-08-25 14:10:53'),(236,76,'172.16.2.137','Login','','2025-08-25 14:12:31'),(237,75,'172.16.2.137','Login','','2025-08-25 14:51:53'),(238,75,'172.16.2.137','Login','','2025-08-26 09:14:38'),(239,1,'49.229.125.52','Login','','2025-08-26 10:05:34'),(240,1,'172.16.2.77','Login','','2025-08-26 14:53:08'),(241,75,'172.16.2.137','Login','','2025-08-26 14:55:56'),(242,75,'49.229.126.65','Login','','2025-08-26 15:49:29'),(243,76,'49.229.126.65','Login','','2025-08-26 15:49:37'),(244,1,'203.131.209.86','Login','','2025-08-27 10:10:23'),(245,76,'172.16.1.244','Login','','2025-08-29 10:38:06'),(246,76,'172.16.1.244','Login','','2025-08-29 13:22:38'),(247,1,'203.131.209.86','Login','','2025-08-29 15:05:22'),(248,1,'203.131.209.86','Login','','2025-08-29 15:30:12'),(249,1,'203.131.209.86','LoginAsGo','76','2025-08-29 15:30:21'),(250,76,'172.16.1.244','Login','','2025-08-29 15:46:11'),(251,75,'172.16.1.244','Login','','2025-08-29 15:46:35'),(252,1,'203.131.209.86','LoginAsGo','76','2025-08-29 15:47:45'),(253,1,'203.131.209.86','Login','','2025-09-01 10:15:42'),(254,75,'49.229.168.94','Login','','2025-09-06 13:47:09'),(255,1,'49.229.126.19','Login','','2025-09-08 10:12:54'),(256,75,'172.16.2.120','Login','','2025-09-08 10:37:38'),(257,75,'172.16.2.120','Login','','2025-09-09 15:46:47'),(258,76,'172.16.2.120','Login','','2025-09-09 15:53:07'),(259,76,'172.16.2.120','Login','','2025-09-09 16:19:28'),(260,75,'172.16.2.120','Login','','2025-09-09 16:19:37'),(261,75,'172.16.2.120','Login','','2025-09-09 16:55:15'),(262,1,'49.229.127.194','Login','','2025-09-10 10:17:25'),(263,75,'172.16.2.120','Login','','2025-09-10 13:52:29'),(264,1,'49.229.127.194','Login','','2025-09-10 15:26:50'),(265,75,'172.16.2.120','Login','','2025-09-11 09:58:09'),(266,76,'172.16.2.120','Login','','2025-09-11 13:58:55'),(267,1,'49.229.124.187','Login','','2025-09-11 14:01:17'),(268,76,'172.16.2.120','Login','','2025-09-11 14:02:10'),(269,1,'49.229.124.187','LoginAsGo','76','2025-09-11 14:02:58'),(270,76,'172.16.2.120','Login','','2025-09-11 14:05:33'),(271,75,'172.16.2.120','Login','','2025-09-11 14:05:48'),(272,76,'172.16.2.120','Login','','2025-09-11 14:07:55'),(273,75,'172.16.2.120','Login','','2025-09-11 14:08:44'),(274,78,'172.16.2.120','Login','','2025-09-11 14:09:35'),(275,1,'49.229.124.187','LoginAsGo','76','2025-09-11 14:10:00'),(276,75,'192.168.2.221','Login','','2025-09-11 14:14:01'),(277,75,'192.168.2.221','Login','','2025-09-11 14:14:51'),(278,76,'172.16.2.120','Login','','2025-09-11 14:16:48'),(279,1,'49.229.124.187','Login','','2025-09-11 15:35:26'),(280,1,'49.229.124.187','Login','','2025-09-11 15:35:44'),(281,1,'49.229.124.187','Login','','2025-09-11 15:45:57'),(282,76,'172.16.2.120','Login','','2025-09-11 16:16:19'),(283,1,'49.229.126.116','Login','','2025-09-12 10:11:30'),(284,1,'49.229.126.116','Login','','2025-09-12 15:07:00'),(285,1,'49.229.124.142','Login','','2025-09-15 10:06:17'),(286,76,'172.16.2.120','Login','','2025-09-15 10:18:41'),(287,75,'172.16.2.120','Login','','2025-09-15 10:46:58'),(288,75,'192.168.222.157','Login','','2025-09-16 10:19:04'),(289,75,'192.168.222.157','Login','','2025-09-16 13:24:39'),(290,1,'192.168.3.180','Login','','2025-09-18 10:07:59'),(291,75,'192.168.220.109','Login','','2025-09-18 10:08:54'),(292,75,'192.168.220.109','Login','','2025-09-18 10:09:05'),(293,76,'192.168.220.109','Login','','2025-09-18 10:16:45'),(294,75,'192.168.220.109','Login','','2025-09-18 10:17:32'),(295,1,'192.168.3.180','LoginAsGo','76','2025-09-18 10:19:26'),(296,75,'192.168.3.180','Login','','2025-09-18 10:30:41'),(297,75,'192.168.3.180','Login','','2025-09-18 10:30:59'),(298,75,'192.168.3.180','Login','','2025-09-18 10:31:20'),(299,1,'192.168.3.180','Login','','2025-09-18 10:31:35'),(300,1,'192.168.3.180','LoginAsGo','76','2025-09-18 10:31:49'),(301,1,'192.168.3.180','LoginAsGo','77','2025-09-18 10:35:19'),(302,75,'192.168.3.180','Login','','2025-09-18 10:36:41'),(303,75,'192.168.3.180','Login','','2025-09-18 10:36:55'),(304,1,'192.168.3.180','Login','','2025-09-18 10:37:15'),(305,77,'192.168.3.180','Login','','2025-09-18 10:41:53'),(306,1,'192.168.3.180','Login','','2025-09-18 10:43:04'),(307,1,'192.168.3.180','LoginAsGo','77','2025-09-18 10:54:04'),(308,1,'192.168.3.180','LoginAsGo','76','2025-09-18 10:55:30'),(309,1,'192.168.3.180','LoginAsGo','76','2025-09-18 10:57:36'),(310,75,'192.168.220.109','Login','','2025-09-18 12:58:05'),(311,76,'192.168.220.109','Login','','2025-09-18 13:54:54'),(312,76,'192.168.220.109','Login','','2025-09-18 13:55:53'),(313,75,'192.168.3.180','Login','','2025-09-18 13:57:18'),(314,75,'192.168.3.180','LoginAsGo','76','2025-09-18 13:57:24'),(315,75,'192.168.3.180','Login','','2025-09-18 13:58:11'),(316,75,'192.168.3.180','LoginAsGo','76','2025-09-18 13:58:21'),(317,75,'192.168.3.180','LoginAsGo','78','2025-09-18 13:59:07'),(318,75,'192.168.3.180','LoginAsGo','79','2025-09-18 13:59:14'),(319,75,'192.168.220.109','Login','','2025-09-18 14:00:01'),(320,75,'192.168.220.109','LoginAsGo','76','2025-09-18 14:00:11'),(321,1,'192.168.3.180','Login','','2025-09-18 14:01:27'),(322,1,'192.168.3.180','LoginAsGo','76','2025-09-18 14:16:55'),(323,76,'192.168.220.109','Login','','2025-09-18 15:34:41'),(324,1,'192.168.3.180','LoginAsGo','79','2025-09-18 15:36:28'),(325,75,'192.168.220.109','Login','','2025-09-18 15:43:56'),(326,76,'192.168.220.109','Login','','2025-09-18 15:44:34'),(327,75,'192.168.220.109','Login','','2025-09-18 15:45:38'),(328,75,'172.16.1.210','Login','','2025-09-19 10:14:48'),(329,77,'172.16.1.210','Login','','2025-09-19 10:43:07'),(330,78,'172.16.1.210','Login','','2025-09-19 10:43:35'),(331,1,'192.168.3.180','Login','','2025-09-22 09:58:17'),(332,1,'192.168.3.180','Login','','2025-09-23 10:00:13'),(333,1,'192.168.3.180','Login','','2025-09-23 15:14:37'),(334,78,'192.168.220.109','Login','','2025-09-26 09:44:14'),(335,75,'192.168.220.109','Login','','2025-09-26 09:44:25'),(336,1,'192.168.3.180','Login','','2025-09-29 13:22:50'),(337,75,'172.16.3.41','Login','','2025-10-06 08:58:06'),(338,76,'172.16.3.41','Login','','2025-10-06 09:06:06'),(339,75,'172.16.3.41','Login','','2025-10-06 09:07:47'),(340,1,'192.168.3.180','Login','','2025-10-06 09:56:15'),(341,78,'172.16.3.41','Login','','2025-10-06 10:03:28'),(342,75,'172.16.3.41','Login','','2025-10-06 10:03:59'),(343,75,'172.16.1.49','Login','','2025-10-06 14:22:43'),(344,75,'172.16.1.49','Login','','2025-10-07 10:17:54'),(345,75,'172.16.1.49','Login','','2025-10-07 16:41:45'),(346,1,'192.168.2.49','Login','','2025-10-08 14:30:46'),(347,1,'192.168.2.49','Login','','2025-10-09 16:16:50'),(348,75,'172.16.2.35','Login','','2025-10-09 16:35:45'),(349,1,'192.168.2.49','Login','','2025-10-10 10:25:57'),(350,75,'192.168.215.81','Login','','2025-10-20 10:36:05'),(351,1,'192.168.2.141','Login','','2025-10-20 11:09:58'),(352,78,'192.168.215.81','Login','','2025-10-20 11:22:19'),(353,77,'192.168.215.81','Login','','2025-10-20 11:23:40'),(354,1,'192.168.215.81','Login','','2025-10-20 11:24:04'),(355,75,'192.168.215.81','Login','','2025-10-20 11:24:40'),(356,76,'192.168.215.81','Login','','2025-10-20 14:29:51'),(357,75,'192.168.215.81','Login','','2025-10-20 14:34:19'),(358,76,'192.168.215.81','Login','','2025-10-20 14:44:07'),(359,75,'192.168.215.81','Login','','2025-10-20 15:30:16'),(360,76,'192.168.215.81','Login','','2025-10-20 15:53:56'),(361,76,'192.168.215.81','Login','','2025-10-20 16:03:47'),(362,75,'192.168.215.81','Login','','2025-10-20 16:20:20'),(363,76,'192.168.215.81','Login','','2025-10-20 16:21:47'),(364,75,'192.168.215.81','Login','','2025-10-20 16:24:17'),(365,75,'192.168.2.141','Login','','2025-10-20 16:24:24'),(366,1,'192.168.2.141','Login','','2025-10-20 16:26:19'),(367,1,'192.168.2.141','Login','','2025-10-21 09:58:30'),(368,75,'192.168.215.81','Login','','2025-10-21 13:20:58'),(369,76,'192.168.215.81','Login','','2025-10-21 13:24:20'),(370,76,'192.168.215.81','Login','','2025-10-21 13:37:38'),(371,75,'192.168.215.81','Login','','2025-10-21 13:42:38'),(372,76,'192.168.215.81','Login','','2025-10-21 13:50:20'),(373,1,'192.168.2.141','Login','','2025-10-21 16:45:23'),(374,75,'192.168.215.81','Login','','2025-10-22 10:07:38'),(375,76,'192.168.215.81','Login','','2025-10-22 11:18:08'),(376,75,'192.168.215.81','Login','','2025-10-22 11:29:56'),(377,1,'49.229.124.223','Login','','2025-10-24 10:55:32'),(378,1,'49.229.125.43','Login','','2025-11-07 14:31:40'),(379,75,'172.16.1.234','Login','','2025-11-19 12:27:25'),(380,1,'49.229.126.14','Login','','2025-11-19 13:57:19'),(381,75,'172.16.1.207','Login','','2025-11-25 11:28:46'),(382,75,'172.16.1.207','Login','','2025-11-25 11:29:34'),(383,76,'172.16.1.207','Login','','2025-11-25 11:29:46'),(384,75,'172.16.1.207','Login','','2025-11-25 11:30:42'),(385,77,'172.16.1.207','Login','','2025-11-25 11:30:56'),(386,77,'172.16.1.207','Login','','2025-11-25 16:08:15'),(387,75,'172.16.2.59','Login','','2025-11-27 13:09:59'),(388,1,'49.229.124.210','Login','','2025-11-27 13:31:11'),(389,1,'49.229.124.210','LoginAsGo','76','2025-11-27 13:31:57'),(390,1,'49.229.124.210','LoginAsGo','76','2025-11-27 13:37:55'),(391,1,'49.229.124.210','LoginAsGo','76','2025-11-27 13:38:18'),(392,1,'49.229.124.210','LoginAsGo','76','2025-11-27 13:47:08'),(393,78,'172.16.2.59','Login','','2025-11-27 13:57:43'),(394,1,'203.131.209.86','Login','','2025-11-27 13:58:09'),(395,75,'172.16.2.59','Login','','2025-11-27 13:58:31'),(396,75,'172.16.2.59','Login','','2025-11-27 14:00:33'),(397,75,'172.16.2.59','Login','','2025-11-27 14:09:47'),(398,78,'172.16.2.59','Login','','2025-11-27 14:12:22'),(399,77,'172.16.2.59','Login','','2025-11-27 14:12:47'),(400,75,'172.16.2.59','Login','','2025-11-27 14:13:07'),(401,76,'172.16.2.59','Login','','2025-11-27 14:13:32'),(402,75,'172.16.2.59','Login','','2025-11-27 14:14:30'),(403,76,'172.16.2.59','Login','','2025-11-27 14:14:52'),(404,76,'172.16.2.59','Login','','2025-11-27 14:17:11'),(405,78,'172.16.2.59','Login','','2025-11-27 14:17:55'),(406,76,'172.16.2.59','Login','','2025-11-27 14:18:14'),(407,75,'172.16.2.59','Login','','2025-11-27 14:18:30'),(408,1,'49.229.124.210','LoginAsGo','77','2025-11-27 14:44:57'),(409,1,'49.229.124.210','LoginAsGo','77','2025-11-27 15:06:03'),(410,1,'49.229.124.210','Login','','2025-11-27 15:15:48'),(411,1,'49.229.124.210','LoginAsGo','78','2025-11-27 15:15:55'),(412,76,'172.16.2.59','Login','','2025-11-27 15:16:57'),(413,75,'172.16.2.59','Login','','2025-11-27 15:17:41'),(414,76,'172.16.2.59','Login','','2025-11-27 15:18:42'),(415,1,'49.229.124.210','LoginAsGo','76','2025-11-27 15:20:55'),(416,76,'172.16.2.43','Login','','2025-12-01 14:04:59'),(417,75,'172.16.2.43','Login','','2025-12-01 14:12:18'),(418,76,'172.16.2.43','Login','','2025-12-01 14:12:50'),(419,78,'172.16.2.43','Login','','2025-12-01 14:14:04'),(420,76,'172.16.2.43','Login','','2025-12-01 14:14:15'),(421,1,'49.229.124.93','Login','','2025-12-01 14:16:14'),(422,1,'49.229.124.93','LoginAsGo','78','2025-12-01 14:44:25'),(423,1,'49.229.124.93','LoginAsGo','77','2025-12-01 14:46:09'),(424,1,'49.229.124.93','LoginAsGo','78','2025-12-01 14:48:15'),(425,75,'172.16.2.107','Login','','2025-12-03 13:07:29'),(426,1,'172.16.2.0','Login','','2025-12-03 16:40:28'),(427,75,'172.16.1.87','Login','','2025-12-04 14:02:08'),(428,76,'172.16.1.87','Login','','2025-12-04 16:40:50'),(429,75,'172.16.1.87','Login','','2025-12-04 16:41:24'),(430,76,'172.16.1.87','Login','','2025-12-04 16:41:56'),(431,75,'172.16.1.87','Login','','2025-12-04 16:42:26'),(432,77,'172.16.1.87','Login','','2025-12-04 16:43:02'),(433,78,'172.16.1.87','Login','','2025-12-04 16:43:22'),(434,75,'172.16.1.87','Login','','2025-12-04 16:43:40'),(435,76,'172.16.1.87','Login','','2025-12-04 16:44:32'),(436,76,'172.16.1.64','Login','','2025-12-09 11:56:42'),(437,75,'172.16.1.64','Login','','2025-12-09 12:02:07'),(438,1,'192.168.2.235','Login','','2025-12-09 14:52:22'),(439,75,'172.16.1.64','Login','','2025-12-09 15:27:04'),(440,77,'172.16.1.64','Login','','2025-12-09 15:29:25'),(441,75,'172.16.1.64','Login','','2025-12-09 15:33:12'),(442,1,'49.229.127.158','Login','','2025-12-11 10:36:02'),(443,75,'172.16.4.168','Login','','2025-12-11 13:18:23'),(444,75,'172.16.4.168','LoginAsGo','77','2025-12-11 13:23:52'),(445,75,'172.16.4.168','LoginAsGo','77','2025-12-11 15:33:37'),(446,75,'172.16.4.168','LoginAsGo','78','2025-12-11 15:34:43'),(447,75,'172.16.1.59','Login','','2025-12-11 16:10:05'),(448,1,'49.229.124.244','Login','','2025-12-12 10:57:23'),(449,1,'49.229.125.28','Login','','2025-12-15 10:42:56'),(450,1,'49.229.127.217','Login','','2025-12-16 10:07:08'),(451,1,'192.168.2.235','Login','','2025-12-17 13:40:09'),(452,1,'192.168.2.235','Login','','2025-12-17 14:37:32'),(453,1,'192.168.2.235','Login','','2025-12-18 10:50:38'),(454,75,'49.230.144.254','Login','','2025-12-19 10:14:12'),(455,75,'192.168.223.27','Login','','2025-12-19 14:07:50'),(456,75,'192.168.3.121','Login','','2025-12-19 14:19:17'),(457,75,'192.168.3.121','Login','','2025-12-22 11:26:19'),(458,75,'192.168.3.121','Login','','2025-12-22 11:27:02'),(459,75,'192.168.3.121','Login','','2025-12-22 15:37:32'),(460,75,'192.168.3.121','Login','','2025-12-24 14:21:26'),(461,75,'192.168.3.121','Login','','2025-12-25 09:57:00'),(462,75,'192.168.3.121','Login','','2025-12-25 10:00:24'),(463,75,'192.168.3.121','Login','','2025-12-25 14:04:05'),(464,75,'192.168.3.121','Login','','2025-12-25 14:29:08'),(465,75,'49.230.60.215','Login','','2025-12-25 14:47:28'),(466,75,'192.168.3.121','Login','','2025-12-25 15:32:48'),(467,75,'192.168.3.121','Login','','2025-12-26 13:47:45'),(468,75,'192.168.223.27','Login','','2026-01-05 11:02:55'),(469,76,'192.168.223.27','Login','','2026-01-05 11:12:25'),(470,75,'192.168.3.121','Login','','2026-01-05 16:06:56'),(471,75,'192.168.3.121','Login','','2026-01-05 16:20:00'),(472,75,'192.168.3.121','Login','','2026-01-06 08:22:03'),(473,75,'192.168.3.121','Login','','2026-01-06 13:17:15'),(474,75,'192.168.3.121','Login','','2026-01-06 16:56:59'),(475,75,'192.168.3.121','Login','','2026-01-07 15:11:47'),(476,75,'192.168.3.121','Login','','2026-01-08 11:32:19'),(477,75,'192.168.3.121','Login','','2026-01-08 12:32:28'),(478,76,'192.168.3.121','Login','','2026-01-08 15:33:31'),(479,76,'192.168.3.121','Login','','2026-01-08 15:48:37'),(480,75,'192.168.3.121','Login','','2026-01-08 15:49:19'),(481,76,'192.168.3.121','Login','','2026-01-13 16:35:23'),(482,75,'192.168.3.121','Login','','2026-01-13 18:12:35'),(483,75,'192.168.3.121','Login','','2026-01-14 08:15:49'),(484,75,'192.168.3.121','Login','','2026-01-14 12:54:56'),(485,75,'192.168.3.121','Login','','2026-01-14 18:09:18'),(486,1,'172.16.1.218','Login','','2026-01-19 10:01:48'),(487,1,'192.168.3.161','Login','','2026-01-19 13:32:27'),(488,1,'49.229.126.123','Login','','2026-01-19 14:25:34'),(489,75,'192.168.3.121','Login','','2026-01-20 08:24:24'),(490,76,'192.168.3.121','Login','','2026-01-20 10:13:35'),(491,1,'192.168.3.161','Login','','2026-01-20 10:16:32'),(492,76,'192.168.3.161','Login','','2026-01-20 10:17:21'),(493,1,'192.168.3.161','Login','','2026-01-20 10:18:06'),(494,76,'192.168.3.161','Login','','2026-01-20 10:18:31'),(495,75,'192.168.3.161','Login','','2026-01-20 10:19:34'),(496,76,'192.168.3.161','Login','','2026-01-20 10:19:53'),(497,1,'192.168.3.161','Login','','2026-01-20 10:21:44'),(498,76,'192.168.3.161','Login','','2026-01-20 10:21:57'),(499,75,'192.168.3.161','Login','','2026-01-20 10:23:22'),(500,76,'192.168.3.161','Login','','2026-01-20 10:24:16'),(501,75,'192.168.3.161','Login','','2026-01-20 10:27:11'),(502,1,'49.229.126.129','Login','','2026-01-20 10:41:15'),(503,75,'192.168.3.161','Login','','2026-01-20 10:55:50'),(504,77,'192.168.3.161','Login','','2026-01-20 11:07:07'),(505,75,'192.168.3.161','Login','','2026-01-20 11:08:31'),(506,75,'192.168.3.161','Login','','2026-01-20 11:09:16'),(507,77,'192.168.3.161','Login','','2026-01-20 11:09:26'),(508,75,'192.168.3.161','Login','','2026-01-20 11:12:26'),(509,75,'192.168.3.121','Login','','2026-01-20 11:14:40'),(510,75,'183.88.238.30','Login','','2026-01-21 13:08:17'),(511,75,'192.168.3.161','Login','','2026-01-21 15:34:25'),(512,75,'192.168.3.121','Login','','2026-01-21 15:34:29'),(513,1,'49.229.127.122','Login','','2026-01-21 15:49:40'),(514,78,'192.168.3.161','Login','','2026-01-21 15:51:44'),(515,75,'192.168.3.161','Login','','2026-01-21 15:51:59'),(516,1,'49.229.125.132','Login','','2026-01-22 14:13:49'),(517,75,'192.168.3.178','Login','','2026-01-23 10:10:31'),(518,1,'49.229.127.21','Login','','2026-01-26 10:58:45'),(519,1,'49.229.127.21','Login','','2026-01-26 11:08:18'),(520,1,'49.229.127.21','LoginAsGo','79','2026-01-26 11:13:38'),(521,79,'49.229.127.21','LoginAsGo','77','2026-01-26 11:21:45'),(522,1,'49.229.127.21','Login','','2026-01-26 11:22:14'),(523,1,'49.229.127.21','LoginAsGo','78','2026-01-26 11:22:20'),(524,1,'49.229.127.21','LoginAsGo','79','2026-01-26 11:22:35'),(525,75,'192.168.2.255','Login','','2026-01-26 13:54:55'),(526,1,'49.229.127.21','Login','','2026-01-26 16:25:32'),(527,1,'49.229.127.185','Login','','2026-01-27 13:38:06'),(528,75,'172.16.2.98','Login','','2026-01-27 15:11:51'),(529,1,'49.229.125.10','Login','','2026-01-29 09:56:21'),(530,1,'192.168.2.62','Login','','2026-01-30 13:32:06'),(531,75,'192.168.3.103','Login','','2026-02-02 10:09:12'),(532,1,'49.229.126.159','Login','','2026-02-02 10:13:46'),(533,1,'49.229.126.159','Login','','2026-02-02 11:01:26'),(534,1,'192.168.2.241','Login','','2026-02-02 14:23:26'),(535,75,'192.168.3.103','Login','','2026-02-02 16:02:24'),(536,1,'49.229.124.153','Login','','2026-02-03 10:35:17'),(537,75,'192.168.3.103','Login','','2026-02-03 14:08:10'),(538,76,'192.168.3.103','Login','','2026-02-03 15:34:01'),(539,1,'203.131.209.86','Login','','2026-02-04 10:34:28'),(540,75,'192.168.3.103','Login','','2026-02-04 11:08:34'),(541,1,'203.131.209.86','Login','','2026-02-04 13:37:09'),(542,1,'192.168.2.62','Login','','2026-02-04 16:03:06'),(543,1,'192.168.2.62','LoginAsGo','76','2026-02-04 16:03:16'),(544,75,'183.88.238.30','Login','','2026-02-05 10:14:31'),(545,1,'203.131.209.86','Login','','2026-02-12 10:11:12'),(546,1,'49.229.126.54','Login','','2026-02-13 15:02:28'),(547,1,'49.229.126.2','Login','','2026-02-16 10:18:29'),(548,75,'172.16.2.92','Login','','2026-02-16 15:15:45'),(549,75,'172.16.2.64','Login','','2026-02-17 15:34:17'),(550,1,'49.229.126.1','Login','','2026-02-26 16:55:04'),(551,75,'192.168.3.121','Login','','2026-03-02 08:28:55'),(552,75,'192.168.3.121','Login','','2026-03-04 10:36:35'),(553,75,'192.168.3.52','Login','','2026-03-06 10:08:09'),(554,75,'192.168.3.52','Login','','2026-03-06 13:43:08'),(555,75,'192.168.3.52','Login','','2026-03-09 10:22:30'),(556,1,'192.168.2.176','Login','','2026-03-11 10:56:17'),(557,75,'192.168.3.52','Login','','2026-03-11 13:58:30'),(558,1,'172.16.3.26','Login','','2026-03-12 11:26:46'),(559,1,'172.16.3.26','LoginAsGo','83','2026-03-12 11:29:13'),(560,1,'172.16.3.26','LoginAsGo','77','2026-03-12 11:53:23'),(561,1,'172.16.3.26','LoginAsGo','83','2026-03-12 11:54:22'),(562,1,'49.229.127.84','Login','','2026-03-12 13:22:22'),(563,1,'203.131.209.86','Login','','2026-03-12 15:24:03'),(564,1,'203.131.209.86','Login','','2026-03-12 15:26:39'),(565,1,'172.16.3.26','Login','','2026-03-12 16:56:53'),(566,1,'49.229.124.16','Login','','2026-03-13 09:58:20'),(567,75,'192.168.2.186','Login','','2026-03-13 14:46:24'),(568,1,'49.229.126.220','Login','','2026-03-16 10:08:11'),(569,1,'172.16.2.104','Login','','2026-03-16 10:47:39'),(570,1,'172.16.2.104','Login','','2026-03-16 11:31:55'),(571,75,'192.168.2.186','Login','','2026-03-16 13:26:29'),(572,75,'192.168.2.186','Login','','2026-03-16 13:57:27'),(573,1,'172.16.2.104','Login','','2026-03-16 14:13:13'),(574,1,'172.16.2.104','Login','','2026-03-16 14:20:36'),(575,1,'172.16.2.104','LoginAsGo','77','2026-03-16 14:32:45'),(576,1,'49.229.126.220','Login','','2026-03-16 15:36:45'),(577,75,'192.168.2.186','Login','','2026-03-16 15:46:19'),(578,1,'49.229.126.172','Login','','2026-03-17 09:59:08'),(579,1,'172.16.3.28','Login','','2026-03-17 13:02:17'),(580,75,'192.168.2.186','Login','','2026-03-17 13:15:58'),(581,1,'49.229.126.166','Login','','2026-03-17 13:16:18'),(582,1,'49.229.126.166','Login','','2026-03-17 13:26:44'),(583,76,'192.168.2.186','Login','','2026-03-17 13:38:55'),(584,1,'192.168.2.186','Login','','2026-03-17 13:41:27'),(585,75,'192.168.2.186','Login','','2026-03-17 13:42:01'),(586,75,'192.168.2.186','Login','','2026-03-17 13:42:52'),(587,77,'192.168.2.186','Login','','2026-03-17 13:53:44'),(588,78,'192.168.2.186','Login','','2026-03-17 13:54:39'),(589,77,'192.168.2.186','Login','','2026-03-17 13:55:50'),(590,75,'192.168.2.186','Login','','2026-03-17 14:27:35'),(591,77,'192.168.2.186','Login','','2026-03-17 14:34:53'),(592,75,'192.168.2.186','Login','','2026-03-17 14:36:41'),(593,1,'49.229.127.3','Login','','2026-03-18 10:03:34'),(594,75,'192.168.2.186','Login','','2026-03-18 10:15:55'),(595,1,'172.16.2.138','Login','','2026-03-18 10:44:00'),(596,75,'192.168.2.186','Login','','2026-03-18 13:13:18'),(597,75,'192.168.2.186','Login','','2026-03-18 15:43:47'),(598,1,'172.16.2.138','Login','','2026-03-18 16:03:34'),(599,1,'49.229.127.3','Login','','2026-03-18 16:14:08'),(600,75,'192.168.2.186','LoginAsGo','77','2026-03-18 16:26:12'),(601,75,'192.168.2.186','LoginAsGo','90','2026-03-18 16:42:12'),(602,90,'192.168.2.186','Login','','2026-03-18 16:44:02'),(603,75,'192.168.2.186','Login','','2026-03-18 16:45:00'),(604,75,'192.168.2.186','Login','','2026-03-19 10:05:18'),(605,1,'49.229.127.86','Login','','2026-03-19 10:18:50'),(606,1,'172.16.2.179','Login','','2026-03-19 11:08:29'),(607,75,'172.16.2.230','Login','','2026-03-19 13:06:40'),(608,75,'172.16.2.230','LoginAsGo','76','2026-03-19 13:17:42'),(609,75,'172.16.2.230','LoginAsGo','77','2026-03-19 13:23:08'),(610,1,'172.16.2.179','Login','','2026-03-19 13:53:53'),(611,1,'192.168.2.248','Login','','2026-03-19 14:47:46'),(612,1,'49.229.125.95','Login','','2026-03-20 09:30:38'),(613,75,'172.16.2.74','Login','','2026-03-20 09:41:43'),(614,75,'172.16.2.145','Login','','2026-03-20 09:56:53'),(615,1,'192.168.2.176','Login','','2026-03-20 10:07:51'),(616,1,'49.230.62.234','Login','','2026-03-20 10:45:25'),(617,1,'172.16.2.145','Login','','2026-03-20 10:46:14'),(618,1,'172.16.2.145','Login','','2026-03-20 10:47:01'),(619,1,'203.131.209.86','Login','','2026-03-20 13:22:03'),(620,75,'192.168.2.58','Login','','2026-03-20 14:13:05'),(621,1,'192.168.2.176','Login','','2026-03-20 15:00:16'),(622,1,'192.168.2.176','Login','','2026-03-20 16:05:45'),(623,75,'192.168.3.121','Login','','2026-03-20 16:40:55'),(624,1,'49.229.127.84','Login','','2026-03-23 10:04:41'),(625,75,'192.168.3.121','Login','','2026-03-23 10:50:28'),(626,1,'192.168.2.176','Login','','2026-03-23 13:49:22'),(627,1,'192.168.2.176','Login','','2026-03-23 14:15:15'),(628,1,'49.229.125.103','Login','','2026-03-24 09:50:13'),(629,75,'192.168.2.35','Login','','2026-03-24 10:54:21'),(630,1,'172.16.2.178','Login','','2026-03-24 11:16:53'),(631,1,'49.229.125.103','Login','','2026-03-24 13:26:12'),(632,75,'192.168.2.35','Login','','2026-03-24 15:23:26'),(633,75,'192.168.2.35','Login','','2026-03-24 15:29:36'),(634,75,'192.168.2.35','Login','','2026-03-25 09:53:24'),(635,1,'49.229.124.48','Login','','2026-03-25 10:09:22'),(636,75,'192.168.3.121','Login','','2026-03-25 10:27:19'),(637,1,'49.229.124.48','LoginAsGo','75','2026-03-25 10:32:04'),(638,75,'192.168.3.121','Login','','2026-03-25 12:47:08'),(639,77,'192.168.2.35','Login','','2026-03-25 13:40:05'),(640,78,'192.168.2.35','Login','','2026-03-25 13:40:35'),(641,1,'192.168.2.176','Login','','2026-03-25 14:29:00'),(642,1,'192.168.2.176','Login','','2026-03-25 15:31:14'),(643,75,'192.168.2.35','Login','','2026-03-25 16:12:53'),(644,1,'49.229.124.134','Login','','2026-03-26 10:16:25'),(645,75,'192.168.2.35','Login','','2026-03-26 10:22:48'),(646,75,'192.168.3.121','Login','','2026-03-26 10:37:28'),(647,75,'192.168.2.35','Login','','2026-03-26 13:29:34'),(648,75,'192.168.3.121','Login','','2026-03-26 13:54:15'),(649,75,'192.168.3.121','Login','','2026-03-27 09:48:38'),(650,75,'192.168.2.35','Login','','2026-03-27 10:22:25'),(651,75,'192.168.2.35','Login','','2026-03-27 10:44:48'),(652,75,'192.168.2.35','Login','','2026-03-27 16:45:34'),(653,75,'192.168.2.35','Login','','2026-03-30 09:57:26'),(654,1,'49.229.126.86','Login','','2026-03-30 10:06:39'),(655,75,'192.168.2.35','Login','','2026-03-30 16:14:52'),(656,1,'49.229.125.159','Login','','2026-03-31 09:54:44'),(657,75,'192.168.2.35','Login','','2026-03-31 12:50:36'),(658,1,'192.168.3.33','Login','','2026-03-31 15:14:02'),(659,75,'192.168.2.35','Login','','2026-04-01 09:50:48'),(660,1,'49.229.126.228','Login','','2026-04-01 10:01:23'),(661,1,'49.229.126.228','LoginAsGo','75','2026-04-01 15:18:14'),(662,75,'192.168.3.121','Login','','2026-04-01 15:55:00'),(663,1,'49.229.126.242','Login','','2026-04-02 09:58:32'),(664,75,'192.168.3.18','Login','','2026-04-02 10:15:37'),(665,1,'49.229.126.242','LoginAsGo','76','2026-04-02 10:40:34'),(666,1,'49.229.126.242','LoginAsGo','76','2026-04-02 10:44:53'),(667,1,'192.168.3.73','Login','','2026-04-02 11:15:13'),(668,75,'49.229.124.96','Login','','2026-04-02 13:24:50'),(669,1,'172.16.3.42','Login','','2026-04-02 14:23:39'),(670,75,'172.16.1.239','Login','','2026-04-03 14:04:39'),(671,1,'49.229.124.150','Login','','2026-04-07 10:00:21'),(672,75,'172.16.2.45','Login','','2026-04-07 10:05:16'),(673,1,'49.229.124.150','Login','','2026-04-07 13:28:15'),(674,75,'192.168.3.136','Login','','2026-04-07 13:57:42'),(675,1,'49.229.124.150','LoginAsGo','77','2026-04-07 16:10:50'),(676,1,'49.229.125.215','Login','','2026-04-08 09:54:54'),(677,1,'49.229.125.215','LoginAsGo','77','2026-04-08 10:13:17'),(678,75,'192.168.3.136','Login','','2026-04-08 10:56:33'),(679,75,'192.168.3.136','Login','','2026-04-08 15:10:25'),(680,1,'49.229.127.88','Login','','2026-04-09 10:59:40'),(681,75,'192.168.3.136','Login','','2026-04-09 11:25:22'),(682,75,'192.168.3.136','Login','','2026-04-09 15:49:37'),(683,1,'192.168.3.136','Login','','2026-04-09 16:39:48'),(684,1,'49.229.127.211','Login','','2026-04-10 09:50:25'),(685,1,'49.229.127.211','Login','','2026-04-10 14:37:50'),(686,75,'192.168.3.121','Login','','2026-04-17 14:13:35'),(687,1,'49.229.124.96','Login','','2026-04-21 10:02:18'),(688,75,'192.168.3.121','Login','','2026-04-21 13:56:48');

--
-- Table structure for table `backup_log`
--

CREATE TABLE `backup_log` (
  `backup_log_id` int NOT NULL AUTO_INCREMENT,
  `backup_log_date_active` varchar(255) NOT NULL,
  `backup_log_date_inactive` varchar(255) CHARACTER SET utf8mb3 COLLATE utf8mb3_general_ci DEFAULT NULL,
  `backup_log_type` varchar(50) NOT NULL,
  `backup_log_folder` varchar(50) NOT NULL,
  `backup_log_status` varchar(50) NOT NULL,
  PRIMARY KEY (`backup_log_id`)
) ENGINE=InnoDB AUTO_INCREMENT=288 DEFAULT CHARSET=utf8mb3;

--
-- Dumping data for table `backup_log`
--

INSERT INTO `backup_log` VALUES (10,'2025-07-18 14:17:05','2025-07-24 17:00:07','database','1','Inactive'),(11,'2025-07-18 17:00:05','2025-07-25 17:00:08','database','2','Inactive'),(12,'2025-07-19 17:00:06','2025-07-26 17:00:10','database','3','Inactive'),(13,'2025-07-20 17:00:09','2025-07-27 17:00:09','database','4','Inactive'),(14,'2025-07-21 17:00:06','2025-07-28 17:00:11','database','5','Inactive'),(15,'2025-07-22 17:00:07','2025-07-29 17:00:10','database','6','Inactive'),(16,'2025-07-23 17:00:06','2025-07-30 17:00:09','database','7','Inactive'),(17,'2025-07-24 17:00:07','2025-07-31 17:00:12','database','1','Inactive'),(18,'2025-07-25 17:00:08','2025-08-01 17:00:11','database','2','Inactive'),(19,'2025-07-26 17:00:10','2025-08-02 17:00:11','database','3','Inactive'),(20,'2025-07-27 17:00:09','2025-08-03 17:00:10','database','4','Inactive'),(21,'2025-07-28 17:00:11','2025-08-04 17:00:08','database','5','Inactive'),(22,'2025-07-29 17:00:10','2025-08-05 17:00:12','database','6','Inactive'),(23,'2025-07-30 17:00:09','2025-08-06 17:00:12','database','7','Inactive'),(24,'2025-07-31 17:00:12','2025-08-07 17:00:08','database','1','Inactive'),(25,'2025-08-01 17:00:11','2025-08-08 17:00:10','database','2','Inactive'),(26,'2025-08-02 17:00:11','2025-08-09 17:00:11','database','3','Inactive'),(27,'2025-08-03 17:00:10','2025-08-10 17:00:11','database','4','Inactive'),(28,'2025-08-04 17:00:08','2025-08-11 17:00:11','database','5','Inactive'),(29,'2025-08-05 17:00:12','2025-08-12 17:00:31','database','6','Inactive'),(30,'2025-08-06 17:00:12','2025-08-13 17:00:11','database','7','Inactive'),(31,'2025-08-07 17:00:08','2025-08-14 17:00:07','database','1','Inactive'),(32,'2025-08-08 17:00:10','2025-08-15 17:00:09','database','2','Inactive'),(33,'2025-08-09 17:00:11','2025-08-16 17:00:09','database','3','Inactive'),(34,'2025-08-10 17:00:11','2025-08-17 17:00:09','database','4','Inactive'),(35,'2025-08-11 17:00:11','2025-08-18 17:00:09','database','5','Inactive'),(36,'2025-08-12 17:00:31','2025-08-19 17:00:10','database','6','Inactive'),(37,'2025-08-13 17:00:11','2025-08-20 17:00:08','database','7','Inactive'),(38,'2025-08-14 17:00:07','2025-08-21 17:00:09','database','1','Inactive'),(39,'2025-08-15 17:00:09','2025-08-22 17:00:09','database','2','Inactive'),(40,'2025-08-16 17:00:09','2025-08-23 17:00:08','database','3','Inactive'),(41,'2025-08-17 17:00:10','2025-08-24 17:00:10','database','4','Inactive'),(42,'2025-08-18 17:00:09','2025-08-25 17:00:09','database','5','Inactive'),(43,'2025-08-19 17:00:10','2025-08-26 17:00:08','database','6','Inactive'),(44,'2025-08-20 17:00:08','2025-08-27 17:00:08','database','7','Inactive'),(45,'2025-08-21 17:00:09','2025-08-28 17:00:09','database','1','Inactive'),(46,'2025-08-22 17:00:09','2025-08-29 17:00:07','database','2','Inactive'),(47,'2025-08-23 17:00:08','2025-08-30 17:00:10','database','3','Inactive'),(48,'2025-08-24 17:00:10','2025-08-31 17:00:09','database','4','Inactive'),(49,'2025-08-25 17:00:09','2025-09-01 17:00:08','database','5','Inactive'),(50,'2025-08-26 17:00:08','2025-09-02 17:00:07','database','6','Inactive'),(51,'2025-08-27 17:00:08','2025-09-03 17:00:09','database','7','Inactive'),(52,'2025-08-28 17:00:09','2025-09-04 17:00:11','database','1','Inactive'),(53,'2025-08-29 17:00:07','2025-09-05 17:00:09','database','2','Inactive'),(54,'2025-08-30 17:00:10','2025-09-06 17:00:07','database','3','Inactive'),(55,'2025-08-31 17:00:09','2025-09-07 17:00:08','database','4','Inactive'),(56,'2025-09-01 17:00:08','2025-09-08 17:00:07','database','5','Inactive'),(57,'2025-09-02 17:00:07','2025-09-09 17:00:08','database','6','Inactive'),(58,'2025-09-03 17:00:09','2025-09-10 17:00:08','database','7','Inactive'),(59,'2025-09-04 17:00:11','2025-09-11 17:00:09','database','1','Inactive'),(60,'2025-09-05 17:00:09','2025-09-12 17:00:08','database','2','Inactive'),(61,'2025-09-06 17:00:07','2025-09-13 17:00:08','database','3','Inactive'),(62,'2025-09-07 17:00:08','2025-09-14 17:00:07','database','4','Inactive'),(63,'2025-09-08 17:00:07','2025-09-15 17:00:07','database','5','Inactive'),(64,'2025-09-09 17:00:08','2025-09-16 17:00:09','database','6','Inactive'),(65,'2025-09-10 17:00:08','2025-09-17 17:00:09','database','7','Inactive'),(66,'2025-09-11 17:00:09','2025-09-18 17:00:08','database','1','Inactive'),(67,'2025-09-12 17:00:08','2025-09-19 17:00:10','database','2','Inactive'),(68,'2025-09-13 17:00:08','2025-09-20 17:00:09','database','3','Inactive'),(69,'2025-09-14 17:00:07','2025-09-21 17:00:10','database','4','Inactive'),(70,'2025-09-15 17:00:07','2025-09-22 17:00:10','database','5','Inactive'),(71,'2025-09-16 17:00:09','2025-09-23 17:00:09','database','6','Inactive'),(72,'2025-09-17 17:00:09','2025-09-24 17:00:09','database','7','Inactive'),(73,'2025-09-18 17:00:08','2025-09-25 17:00:09','database','1','Inactive'),(74,'2025-09-19 17:00:10','2025-09-26 17:00:10','database','2','Inactive'),(75,'2025-09-20 17:00:10','2025-09-27 17:00:09','database','3','Inactive'),(76,'2025-09-21 17:00:10','2025-09-28 17:00:11','database','4','Inactive'),(77,'2025-09-22 17:00:10','2025-09-29 17:00:07','database','5','Inactive'),(78,'2025-09-23 17:00:10','2025-09-30 17:00:09','database','6','Inactive'),(79,'2025-09-24 17:00:09','2025-10-01 17:00:08','database','7','Inactive'),(80,'2025-09-25 17:00:09','2025-10-02 17:00:09','database','1','Inactive'),(81,'2025-09-26 17:00:10','2025-10-03 17:00:10','database','2','Inactive'),(82,'2025-09-27 17:00:09','2025-10-04 17:00:08','database','3','Inactive'),(83,'2025-09-28 17:00:11','2025-10-05 17:00:09','database','4','Inactive'),(84,'2025-09-29 17:00:07','2025-10-06 17:00:11','database','5','Inactive'),(85,'2025-09-30 17:00:09','2025-10-07 17:00:09','database','6','Inactive'),(86,'2025-10-01 17:00:08','2025-10-08 17:00:08','database','7','Inactive'),(87,'2025-10-02 17:00:09','2025-10-09 17:00:07','database','1','Inactive'),(88,'2025-10-03 17:00:10','2025-10-10 17:00:11','database','2','Inactive'),(89,'2025-10-04 17:00:08','2025-10-11 17:00:10','database','3','Inactive'),(90,'2025-10-05 17:00:09','2025-10-12 17:00:10','database','4','Inactive'),(91,'2025-10-06 17:00:11','2025-10-13 17:00:11','database','5','Inactive'),(92,'2025-10-07 17:00:09','2025-10-14 17:00:10','database','6','Inactive'),(93,'2025-10-08 17:00:08','2025-10-15 17:00:07','database','7','Inactive'),(94,'2025-10-09 17:00:07','2025-10-16 17:00:10','database','1','Inactive'),(95,'2025-10-10 17:00:11','2025-10-17 17:00:09','database','2','Inactive'),(96,'2025-10-11 17:00:10','2025-10-18 17:00:08','database','3','Inactive'),(97,'2025-10-12 17:00:10','2025-10-19 17:00:09','database','4','Inactive'),(98,'2025-10-13 17:00:11','2025-10-20 17:00:06','database','5','Inactive'),(99,'2025-10-14 17:00:10','2025-10-21 17:00:07','database','6','Inactive'),(100,'2025-10-15 17:00:07','2025-10-22 17:00:09','database','7','Inactive'),(101,'2025-10-16 17:00:10','2025-10-23 17:00:08','database','1','Inactive'),(102,'2025-10-17 17:00:09','2025-10-24 17:00:07','database','2','Inactive'),(103,'2025-10-18 17:00:08','2025-10-25 17:00:08','database','3','Inactive'),(104,'2025-10-19 17:00:09','2025-10-26 17:00:09','database','4','Inactive'),(105,'2025-10-20 17:00:06','2025-10-27 17:00:09','database','5','Inactive'),(106,'2025-10-21 17:00:07','2025-10-28 17:00:08','database','6','Inactive'),(107,'2025-10-22 17:00:09','2025-10-29 17:00:09','database','7','Inactive'),(108,'2025-10-23 17:00:08','2025-10-30 17:00:07','database','1','Inactive'),(109,'2025-10-24 17:00:07','2025-10-31 17:00:09','database','2','Inactive'),(110,'2025-10-25 17:00:08','2025-11-01 17:00:08','database','3','Inactive'),(111,'2025-10-26 17:00:09','2025-11-02 17:00:07','database','4','Inactive'),(112,'2025-10-27 17:00:09','2025-11-03 17:00:08','database','5','Inactive'),(113,'2025-10-28 17:00:08','2025-11-04 17:00:09','database','6','Inactive'),(114,'2025-10-29 17:00:09','2025-11-05 17:00:10','database','7','Inactive'),(115,'2025-10-30 17:00:07','2025-11-06 17:00:08','database','1','Inactive'),(116,'2025-10-31 17:00:09','2025-11-07 17:00:09','database','2','Inactive'),(117,'2025-11-01 17:00:08','2025-11-08 17:00:08','database','3','Inactive'),(118,'2025-11-02 17:00:07','2025-11-09 17:00:05','database','4','Inactive'),(119,'2025-11-03 17:00:08','2025-11-10 17:00:09','database','5','Inactive'),(120,'2025-11-04 17:00:09','2025-11-11 17:00:07','database','6','Inactive'),(121,'2025-11-05 17:00:10','2025-11-12 17:00:07','database','7','Inactive'),(122,'2025-11-06 17:00:08','2025-11-13 17:00:08','database','1','Inactive'),(123,'2025-11-07 17:00:09','2025-11-14 17:00:06','database','2','Inactive'),(124,'2025-11-08 17:00:08','2025-11-15 17:00:07','database','3','Inactive'),(125,'2025-11-09 17:00:05','2025-11-16 17:00:07','database','4','Inactive'),(126,'2025-11-10 17:00:09','2025-11-17 17:00:06','database','5','Inactive'),(127,'2025-11-11 17:00:07','2025-11-18 17:00:06','database','6','Inactive'),(128,'2025-11-12 17:00:07','2025-11-19 17:00:08','database','7','Inactive'),(129,'2025-11-13 17:00:08','2025-11-20 17:00:06','database','1','Inactive'),(130,'2025-11-14 17:00:06','2025-11-21 17:00:06','database','2','Inactive'),(131,'2025-11-15 17:00:07','2025-11-22 17:00:06','database','3','Inactive'),(132,'2025-11-16 17:00:07','2025-11-23 17:00:08','database','4','Inactive'),(133,'2025-11-17 17:00:06','2025-11-24 17:00:07','database','5','Inactive'),(134,'2025-11-18 17:00:06','2025-11-25 17:00:07','database','6','Inactive'),(135,'2025-11-19 17:00:08','2025-11-26 17:00:07','database','7','Inactive'),(136,'2025-11-20 17:00:06','2025-11-27 17:00:06','database','1','Inactive'),(137,'2025-11-21 17:00:06','2025-11-28 17:00:11','database','2','Inactive'),(138,'2025-11-22 17:00:06','2025-11-29 17:00:09','database','3','Inactive'),(139,'2025-11-23 17:00:08','2025-11-30 17:00:09','database','4','Inactive'),(140,'2025-11-24 17:00:07','2025-12-01 17:00:07','database','5','Inactive'),(141,'2025-11-25 17:00:07','2025-12-02 17:00:08','database','6','Inactive'),(142,'2025-11-26 17:00:07','2025-12-03 17:00:07','database','7','Inactive'),(143,'2025-11-27 17:00:06','2025-12-04 17:00:06','database','1','Inactive'),(144,'2025-11-28 17:00:11','2025-12-05 17:00:09','database','2','Inactive'),(145,'2025-11-29 17:00:09','2025-12-06 17:00:07','database','3','Inactive'),(146,'2025-11-30 17:00:09','2025-12-07 17:00:12','database','4','Inactive'),(147,'2025-12-01 17:00:07','2025-12-08 17:00:09','database','5','Inactive'),(148,'2025-12-02 17:00:08','2025-12-09 17:00:08','database','6','Inactive'),(149,'2025-12-03 17:00:07','2025-12-10 17:00:14','database','7','Inactive'),(150,'2025-12-04 17:00:06','2025-12-11 17:00:09','database','1','Inactive'),(151,'2025-12-05 17:00:09','2025-12-12 17:00:11','database','2','Inactive'),(152,'2025-12-06 17:00:07','2025-12-13 17:00:10','database','3','Inactive'),(153,'2025-12-07 17:00:12','2025-12-14 17:00:09','database','4','Inactive'),(154,'2025-12-08 17:00:09','2025-12-15 17:00:08','database','5','Inactive'),(155,'2025-12-09 17:00:08','2025-12-16 17:00:08','database','6','Inactive'),(156,'2025-12-10 17:00:14','2025-12-17 17:00:07','database','7','Inactive'),(157,'2025-12-11 17:00:09','2025-12-18 17:00:08','database','1','Inactive'),(158,'2025-12-12 17:00:11','2025-12-19 17:00:07','database','2','Inactive'),(159,'2025-12-13 17:00:10','2025-12-20 17:00:10','database','3','Inactive'),(160,'2025-12-14 17:00:09','2025-12-21 17:00:09','database','4','Inactive'),(161,'2025-12-15 17:00:08','2025-12-22 17:00:10','database','5','Inactive'),(162,'2025-12-16 17:00:08','2025-12-23 17:00:08','database','6','Inactive'),(163,'2025-12-17 17:00:07','2025-12-24 17:00:07','database','7','Inactive'),(164,'2025-12-18 17:00:08','2025-12-25 17:00:08','database','1','Inactive'),(165,'2025-12-19 17:00:07','2025-12-26 17:00:10','database','2','Inactive'),(166,'2025-12-20 17:00:10','2025-12-27 17:00:08','database','3','Inactive'),(167,'2025-12-21 17:00:09','2025-12-28 17:00:09','database','4','Inactive'),(168,'2025-12-22 17:00:10','2025-12-29 17:00:11','database','5','Inactive'),(169,'2025-12-23 17:00:08','2025-12-30 17:00:09','database','6','Inactive'),(170,'2025-12-24 17:00:07','2025-12-31 17:00:11','database','7','Inactive'),(171,'2025-12-25 17:00:08','2026-01-01 17:00:11','database','1','Inactive'),(172,'2025-12-26 17:00:10','2026-01-02 17:00:13','database','2','Inactive'),(173,'2025-12-27 17:00:08','2026-01-03 17:00:11','database','3','Inactive'),(174,'2025-12-28 17:00:09','2026-01-04 17:00:09','database','4','Inactive'),(175,'2025-12-29 17:00:11','2026-01-05 17:00:08','database','5','Inactive'),(176,'2025-12-30 17:00:09','2026-01-06 17:00:09','database','6','Inactive'),(177,'2025-12-31 17:00:11','2026-01-07 17:00:12','database','7','Inactive'),(178,'2026-01-01 17:00:11','2026-01-08 17:00:08','database','1','Inactive'),(179,'2026-01-02 17:00:13','2026-01-09 17:00:13','database','2','Inactive'),(180,'2026-01-03 17:00:11','2026-01-10 17:00:12','database','3','Inactive'),(181,'2026-01-04 17:00:09','2026-01-11 17:00:11','database','4','Inactive'),(182,'2026-01-05 17:00:08','2026-01-12 17:00:09','database','5','Inactive'),(183,'2026-01-06 17:00:09','2026-01-13 17:00:08','database','6','Inactive'),(184,'2026-01-07 17:00:12','2026-01-14 17:00:07','database','7','Inactive'),(185,'2026-01-08 17:00:08','2026-01-15 17:00:07','database','1','Inactive'),(186,'2026-01-09 17:00:13','2026-01-16 17:00:10','database','2','Inactive'),(187,'2026-01-10 17:00:12','2026-01-17 17:00:06','database','3','Inactive'),(188,'2026-01-11 17:00:11','2026-01-18 17:00:07','database','4','Inactive'),(189,'2026-01-12 17:00:09','2026-01-19 17:00:08','database','5','Inactive'),(190,'2026-01-13 17:00:08','2026-01-20 17:00:07','database','6','Inactive'),(191,'2026-01-14 17:00:07','2026-01-21 17:00:07','database','7','Inactive'),(192,'2026-01-15 17:00:07','2026-01-22 17:00:09','database','1','Inactive'),(193,'2026-01-16 17:00:10','2026-01-23 17:00:08','database','2','Inactive'),(194,'2026-01-17 17:00:06','2026-01-24 17:00:07','database','3','Inactive'),(195,'2026-01-18 17:00:07','2026-01-25 17:00:08','database','4','Inactive'),(196,'2026-01-19 17:00:08','2026-01-26 17:00:07','database','5','Inactive'),(197,'2026-01-20 17:00:07','2026-01-27 17:00:08','database','6','Inactive'),(198,'2026-01-21 17:00:07','2026-01-28 17:00:10','database','7','Inactive'),(199,'2026-01-22 17:00:09','2026-01-29 17:00:07','database','1','Inactive'),(200,'2026-01-23 17:00:08','2026-01-30 17:00:06','database','2','Inactive'),(201,'2026-01-24 17:00:07','2026-01-31 17:00:08','database','3','Inactive'),(202,'2026-01-25 17:00:08','2026-02-01 17:00:08','database','4','Inactive'),(203,'2026-01-26 17:00:07','2026-02-02 17:00:07','database','5','Inactive'),(204,'2026-01-27 17:00:08','2026-02-03 17:00:07','database','6','Inactive'),(205,'2026-01-28 17:00:10','2026-02-04 17:00:07','database','7','Inactive'),(206,'2026-01-29 17:00:08','2026-02-05 17:00:07','database','1','Inactive'),(207,'2026-01-30 17:00:06','2026-02-06 17:00:07','database','2','Inactive'),(208,'2026-01-31 17:00:08','2026-02-07 17:00:08','database','3','Inactive'),(209,'2026-02-01 17:00:08','2026-02-08 17:00:08','database','4','Inactive'),(210,'2026-02-02 17:00:07','2026-02-09 17:00:08','database','5','Inactive'),(211,'2026-02-03 17:00:07','2026-02-10 17:00:07','database','6','Inactive'),(212,'2026-02-04 17:00:07','2026-02-11 17:00:06','database','7','Inactive'),(213,'2026-02-05 17:00:07','2026-02-12 17:00:07','database','1','Inactive'),(214,'2026-02-06 17:00:07','2026-02-13 17:00:06','database','2','Inactive'),(215,'2026-02-07 17:00:08','2026-02-14 17:00:08','database','3','Inactive'),(216,'2026-02-08 17:00:08','2026-02-15 17:00:07','database','4','Inactive'),(217,'2026-02-09 17:00:08','2026-02-16 17:00:07','database','5','Inactive'),(218,'2026-02-10 17:00:07','2026-02-17 17:00:06','database','6','Inactive'),(219,'2026-02-11 17:00:06','2026-02-18 17:00:07','database','7','Inactive'),(220,'2026-02-12 17:00:07','2026-02-19 17:00:07','database','1','Inactive'),(221,'2026-02-13 17:00:06','2026-02-20 17:00:09','database','2','Inactive'),(222,'2026-02-14 17:00:08','2026-02-21 17:00:07','database','3','Inactive'),(223,'2026-02-15 17:00:07','2026-02-22 17:00:07','database','4','Inactive'),(224,'2026-02-16 17:00:07','2026-02-23 17:00:09','database','5','Inactive'),(225,'2026-02-17 17:00:06','2026-02-24 17:00:08','database','6','Inactive'),(226,'2026-02-18 17:00:07','2026-02-25 17:00:08','database','7','Inactive'),(227,'2026-02-19 17:00:07','2026-02-26 17:00:08','database','1','Inactive'),(228,'2026-02-20 17:00:09','2026-02-27 17:00:08','database','2','Inactive'),(229,'2026-02-21 17:00:07','2026-02-28 17:00:09','database','3','Inactive'),(230,'2026-02-22 17:00:08','2026-03-01 17:00:09','database','4','Inactive'),(231,'2026-02-23 17:00:09','2026-03-02 17:00:09','database','5','Inactive'),(232,'2026-02-24 17:00:08','2026-03-03 17:00:08','database','6','Inactive'),(233,'2026-02-25 17:00:08','2026-03-04 17:00:09','database','7','Inactive'),(234,'2026-02-26 17:00:08','2026-03-05 17:00:09','database','1','Inactive'),(235,'2026-02-27 17:00:08','2026-03-06 17:00:08','database','2','Inactive'),(236,'2026-02-28 17:00:09','2026-03-07 17:00:08','database','3','Inactive'),(237,'2026-03-01 17:00:09','2026-03-08 17:00:09','database','4','Inactive'),(238,'2026-03-02 17:00:09','2026-03-09 17:00:09','database','5','Inactive'),(239,'2026-03-03 17:00:08','2026-03-10 17:00:08','database','6','Inactive'),(240,'2026-03-04 17:00:09','2026-03-11 17:00:09','database','7','Inactive'),(241,'2026-03-05 17:00:09','2026-03-12 17:00:09','database','1','Inactive'),(242,'2026-03-06 17:00:08','2026-03-13 17:00:08','database','2','Inactive'),(243,'2026-03-07 17:00:08','2026-03-14 17:00:10','database','3','Inactive'),(244,'2026-03-08 17:00:09','2026-03-15 17:00:10','database','4','Inactive'),(245,'2026-03-09 17:00:09','2026-03-16 17:00:11','database','5','Inactive'),(246,'2026-03-10 17:00:08','2026-03-17 17:00:11','database','6','Inactive'),(247,'2026-03-11 17:00:09','2026-03-18 17:00:09','database','7','Inactive'),(248,'2026-03-12 17:00:09','2026-03-19 17:00:10','database','1','Inactive'),(249,'2026-03-13 17:00:08','2026-03-20 17:00:12','database','2','Inactive'),(250,'2026-03-14 17:00:10','2026-03-21 17:00:10','database','3','Inactive'),(251,'2026-03-15 17:00:10','2026-03-22 17:00:09','database','4','Inactive'),(252,'2026-03-16 17:00:11','2026-03-23 17:00:07','database','5','Inactive'),(253,'2026-03-17 17:00:11','2026-03-24 17:00:09','database','6','Inactive'),(254,'2026-03-18 17:00:09','2026-03-25 17:00:09','database','7','Inactive'),(255,'2026-03-19 17:00:10','2026-03-26 17:00:08','database','1','Inactive'),(256,'2026-03-20 17:00:12','2026-03-27 17:00:08','database','2','Inactive'),(257,'2026-03-21 17:00:10','2026-03-28 17:00:09','database','3','Inactive'),(258,'2026-03-22 17:00:09','2026-03-29 17:00:10','database','4','Inactive'),(259,'2026-03-23 17:00:07','2026-03-30 17:00:09','database','5','Inactive'),(260,'2026-03-24 17:00:09','2026-03-31 17:00:09','database','6','Inactive'),(261,'2026-03-25 17:00:09','2026-04-01 17:00:09','database','7','Inactive'),(262,'2026-03-26 17:00:08','2026-04-02 17:00:10','database','1','Inactive'),(263,'2026-03-27 17:00:08','2026-04-03 17:00:10','database','2','Inactive'),(264,'2026-03-28 17:00:09','2026-04-04 17:00:09','database','3','Inactive'),(265,'2026-03-29 17:00:10','2026-04-05 17:00:09','database','4','Inactive'),(266,'2026-03-30 17:00:09','2026-04-06 17:00:09','database','5','Inactive'),(267,'2026-03-31 17:00:09','2026-04-07 17:00:09','database','6','Inactive'),(268,'2026-04-01 17:00:09','2026-04-08 17:00:09','database','7','Inactive'),(269,'2026-04-02 17:00:10','2026-04-09 17:00:08','database','1','Inactive'),(270,'2026-04-03 17:00:10','2026-04-10 17:00:08','database','2','Inactive'),(271,'2026-04-04 17:00:09','2026-04-11 17:00:09','database','3','Inactive'),(272,'2026-04-05 17:00:09','2026-04-12 17:00:07','database','4','Inactive'),(273,'2026-04-06 17:00:09','2026-04-13 17:00:09','database','5','Inactive'),(274,'2026-04-07 17:00:09','2026-04-14 17:00:10','database','6','Inactive'),(275,'2026-04-08 17:00:09','2026-04-15 17:00:10','database','7','Inactive'),(276,'2026-04-09 17:00:08','2026-04-16 17:00:09','database','1','Inactive'),(277,'2026-04-10 17:00:08','2026-04-17 17:00:10','database','2','Inactive'),(278,'2026-04-11 17:00:09','2026-04-18 17:00:10','database','3','Inactive'),(279,'2026-04-12 17:00:07','2026-04-19 17:00:09','database','4','Inactive'),(280,'2026-04-13 17:00:09','2026-04-20 17:00:08','database','5','Inactive'),(281,'2026-04-14 17:00:10','','database','6','Active'),(282,'2026-04-15 17:00:10','','database','7','Active'),(283,'2026-04-16 17:00:09','','database','1','Active'),(284,'2026-04-17 17:00:10','','database','2','Active'),(285,'2026-04-18 17:00:10','','database','3','Active'),(286,'2026-04-19 17:00:09','','database','4','Active'),(287,'2026-04-20 17:00:08','','database','5','Active');

--
-- Table structure for table `log_activity`
--

CREATE TABLE `log_activity` (
  `ID` int NOT NULL AUTO_INCREMENT,
  `USER_ID` int NOT NULL,
  `TYPE` varchar(100) NOT NULL,
  `KEY_ID` int NOT NULL,
  `MODULE` varchar(100) NOT NULL,
  `SOURCE` text,
  `created_at` datetime NOT NULL,
  `updated_at` datetime NOT NULL,
  PRIMARY KEY (`ID`)
) ENGINE=InnoDB AUTO_INCREMENT=357 DEFAULT CHARSET=utf8mb3;

--
-- Dumping data for table `log_activity`
--

INSERT INTO `log_activity` VALUES (1,1,'INSERT',0,'User List','user_userid=>73///user_title=>///user_username=>Nongtest///user_fullname=>Nongtest Nongtest///user_firstname=>Nongtest///user_lastname=>Nongtest///user_position=>///user_email=>nalinee@siit.tu.ac.th///user_role=>///user_picture=>///','2025-06-12 11:04:27','2025-06-12 11:04:27'),(2,1,'INSERT',45,'Order','product_id=>1///product_name=>ขวดน้ำ///quantity=>2///price=>359///product_id=>3///product_name=>Fan///quantity=>3///price=>500///','2025-07-02 16:28:12','2025-07-02 16:28:12'),(3,1,'INSERT',0,'User List','user_userid=>74///user_title=>///user_username=>Nongtest///user_fullname=>ทดสอบ ทดสอบ///user_firstname=>ทดสอบ///user_lastname=>ทดสอบ///user_position=>///user_email=>nalinee.phumpra@gmail.com///user_phone=>0614989429///user_address=>Street///user_role=>///user_picture=>///','2025-07-07 10:43:50','2025-07-07 10:43:50'),(4,1,'UPDATE',1,'User List','user_title=>///user_username=>///user_fullname=>Consult Admin///user_firstname=>Consult///user_lastname=>Admin///user_position=>///user_email=>consulting@siit.tu.ac.th///user_phone=>///user_address=>///user_role=>///user_picture=>///','2025-07-08 15:12:47','2025-07-08 15:12:47'),(5,1,'UPDATE',1,'User List','user_title=>///user_username=>///user_fullname=>Consult Admin///user_firstname=>Consult///user_lastname=>Admin///user_position=>///user_email=>consulting@siit.tu.ac.th///user_phone=>///user_address=>///user_role=>///user_picture=>///','2025-07-18 16:09:32','2025-07-18 16:09:32'),(6,1,'UPDATE',1,'User List','user_title=>///user_username=>///user_fullname=>Consult Admin///user_firstname=>Consult///user_lastname=>Admin///user_position=>///user_email=>consulting@siit.tu.ac.th///user_phone=>///user_address=>///user_role=>///user_division_id=>///user_picture=>///','2025-07-18 16:12:57','2025-07-18 16:12:57'),(7,1,'UPDATE',1,'User List','user_title=>///user_username=>///user_fullname=>Consult Admin///user_firstname=>Consult///user_lastname=>Admin///user_position=>///user_email=>consulting@siit.tu.ac.th///user_phone=>///user_address=>///user_role=>///user_division_id=>///user_picture=>///','2025-07-18 16:13:16','2025-07-18 16:13:16'),(8,1,'UPDATE',1,'User List','user_title=>///user_username=>///user_fullname=>Consult Admin///user_firstname=>Consult///user_lastname=>Admin///user_position=>///user_email=>consulting@siit.tu.ac.th///user_phone=>///user_address=>///user_role=>///user_division_id=>///user_picture=>///','2025-07-18 16:15:59','2025-07-18 16:15:59'),(9,1,'UPDATE',1,'User List','user_title=>///user_username=>///user_fullname=>Consult Admin///user_firstname=>Consult///user_lastname=>Admin///user_position=>///user_email=>consulting@siit.tu.ac.th///user_phone=>///user_address=>///user_role=>///user_division_id=>///user_picture=>///','2025-07-18 16:17:24','2025-07-18 16:17:24'),(10,1,'UPDATE',1,'User List','user_title=>///user_username=>///user_fullname=>Consult Admin///user_firstname=>Consult///user_lastname=>Admin///user_position=>///user_email=>consulting@siit.tu.ac.th///user_phone=>///user_address=>///user_role=>///user_division_id=>1///user_picture=>///','2025-07-18 16:20:20','2025-07-18 16:20:20'),(11,1,'INSERT',0,'User List','user_userid=>75///user_title=>///user_username=>Nongtest///user_fullname=>นลินี พุ่มประจำ///user_firstname=>นลินี///user_lastname=>พุ่มประจำ///user_position=>///user_email=>nalinee@siit.tu.ac.th///user_phone=>///user_address=>///user_role=>///user_division_id=>1///user_picture=>///','2025-07-18 16:27:10','2025-07-18 16:27:10'),(12,1,'INSERT',0,'User List','user_userid=>76///user_title=>///user_username=>Requester///user_fullname=>ทดสอบ ทดสอบ///user_firstname=>ทดสอบ///user_lastname=>ทดสอบ///user_position=>///user_email=>nalinee.phumpra@gmail.com///user_phone=>///user_address=>///user_role=>///user_division_id=>1///user_picture=>///','2025-07-18 16:28:24','2025-07-18 16:28:24'),(13,1,'INSERT',0,'User List','user_userid=>77///user_title=>///user_username=>Supervisor///user_fullname=>ทดสอบ ทดสอบ///user_firstname=>ทดสอบ///user_lastname=>ทดสอบ///user_position=>///user_email=>nalinee.phumprajam@gmail.com///user_phone=>///user_address=>///user_role=>///user_division_id=>1///user_picture=>///','2025-07-18 16:29:57','2025-07-18 16:29:57'),(14,1,'INSERT',0,'User List','user_userid=>78///user_title=>///user_username=>Authorize///user_fullname=>ทดสอบ ทดสอบ///user_firstname=>ทดสอบ///user_lastname=>ทดสอบ///user_position=>///user_email=>morefinn.nvm@gmail.com///user_phone=>///user_address=>///user_role=>///user_division_id=>1///user_picture=>///','2025-07-18 16:30:55','2025-07-18 16:30:55'),(15,1,'INSERT',0,'User List','user_userid=>79///user_title=>///user_username=>Admin///user_fullname=>ทดสอบ ทดสอบ///user_firstname=>ทดสอบ///user_lastname=>ทดสอบ///user_position=>///user_email=>nalineep@tu.ac.th///user_phone=>///user_address=>///user_role=>///user_division_id=>1///user_picture=>///','2025-07-18 16:32:41','2025-07-18 16:32:41'),(16,79,'UPDATE',79,'User List','user_title=>///user_username=>Admin///user_fullname=>ทดสอบ ทดสอบ///user_firstname=>ทดสอบ///user_lastname=>ทดสอบ///user_position=>///user_email=>nalineep@tu.ac.th///user_phone=>///user_address=>///user_role=>///user_division_id=>20///user_picture=>///','2025-07-18 16:34:40','2025-07-18 16:34:40'),(17,79,'UPDATE',79,'User List','user_title=>///user_username=>Admin///user_fullname=>ทดสอบ ทดสอบ///user_firstname=>ทดสอบ///user_lastname=>ทดสอบ///user_position=>///user_email=>nalineep@tu.ac.th///user_phone=>///user_address=>///user_role=>///user_division_id=>1///user_picture=>///','2025-07-18 16:34:59','2025-07-18 16:34:59'),(18,76,'INSERT',46,'Order','product_id=>1///product_name=>ขวดน้ำ///quantity=>1///price=>359///product_id=>10///product_name=>Passport Case///quantity=>1///price=>269///product_id=>9///product_name=>Craftsman key chain///quantity=>1///price=>129///','2025-07-23 11:11:26','2025-07-23 11:11:26'),(19,75,'APPROVE',46,'Order','order_code=>2025/0005///status=>pending///approved_by=>Nongtest///','2025-07-23 11:14:17','2025-07-23 11:14:17'),(20,76,'INSERT',47,'Order','product_id=>10///product_name=>Passport Case///quantity=>1///price=>269///product_id=>1///product_name=>ขวดน้ำ///quantity=>1///price=>359///','2025-07-23 11:41:42','2025-07-23 11:41:42'),(21,1,'REJECT',47,'Order','order_code=>2025/0006///status=>rejected///rejected_by=>admin///','2025-07-23 13:18:45','2025-07-23 13:18:45'),(22,76,'INSERT',48,'Order','product_id=>10///product_name=>Passport Case///quantity=>1///price=>269///','2025-07-23 13:19:45','2025-07-23 13:19:45'),(23,75,'REJECT',48,'Order','order_code=>2025/0007///status=>rejected///rejected_by=>Nongtest///','2025-07-23 13:20:21','2025-07-23 13:20:21'),(24,76,'INSERT',49,'Order','product_id=>10///product_name=>Passport Case///quantity=>1///price=>269///product_id=>9///product_name=>Craftsman key chain///quantity=>1///price=>129///product_id=>8///product_name=>Business card box///quantity=>1///price=>99///product_id=>6///product_name=>Fabric bag///quantity=>1///price=>199///product_id=>1///product_name=>ขวดน้ำ///quantity=>1///price=>359///','2025-07-23 13:35:10','2025-07-23 13:35:10'),(25,1,'REJECT',49,'Order','order_code=>2025/0008///status=>rejected///rejected_by=>admin///','2025-07-23 13:49:53','2025-07-23 13:49:53'),(26,1,'INSERT',50,'Order','product_id=>10///product_name=>Passport Case///quantity=>1///price=>269///product_id=>1///product_name=>ขวดน้ำ///quantity=>1///price=>359///','2025-07-23 13:50:09','2025-07-23 13:50:09'),(27,1,'INSERT',51,'Order','product_id=>10///product_name=>Passport Case///quantity=>1///price=>269///product_id=>1///product_name=>ขวดน้ำ///quantity=>1///price=>359///','2025-07-23 14:06:06','2025-07-23 14:06:06'),(28,1,'INSERT',52,'Order','product_id=>10///product_name=>Passport Case///quantity=>1///price=>269///product_id=>1///product_name=>ขวดน้ำ///quantity=>1///price=>359///','2025-07-23 14:15:53','2025-07-23 14:15:53'),(29,1,'APPROVE_ITEM',82,'OrderItem','order_item_id=>82///approved_by=>admin///','2025-07-23 14:22:12','2025-07-23 14:22:12'),(30,1,'INSERT',53,'Order','product_id=>10///product_name=>Passport Case///quantity=>1///price=>269///product_id=>1///product_name=>ขวดน้ำ///quantity=>1///price=>359///','2025-07-23 14:26:55','2025-07-23 14:26:55'),(31,1,'APPROVE_ITEM',84,'OrderItem','order_item_id=>84///approved_by=>admin///','2025-07-23 14:27:05','2025-07-23 14:27:05'),(32,1,'INSERT',54,'Order','product_id=>10///product_name=>Passport Case///quantity=>1///price=>269///product_id=>1///product_name=>ขวดน้ำ///quantity=>1///price=>359///','2025-07-23 14:32:31','2025-07-23 14:32:31'),(33,1,'APPROVE_ITEM',86,'OrderItem','order_item_id=>86///approved_by=>admin///','2025-07-23 14:32:40','2025-07-23 14:32:40'),(34,76,'INSERT',55,'Order','product_id=>1///product_name=>ขวดน้ำ///quantity=>1///price=>359///product_id=>3///product_name=>Fan///quantity=>1///price=>500///product_id=>10///product_name=>Passport Case///quantity=>1///price=>269///','2025-07-23 14:37:16','2025-07-23 14:37:16'),(35,75,'APPROVE_ITEM',88,'OrderItem','order_item_id=>88///approved_by=>Nongtest///','2025-07-23 15:06:15','2025-07-23 15:06:15'),(36,75,'REJECT_ITEM',90,'OrderItem','order_item_id=>90///rejected_by=>Nongtest///','2025-07-23 15:06:26','2025-07-23 15:06:26'),(37,1,'APPROVE_ITEM',88,'OrderItem','order_item_id=>88///approved_by=>admin///','2025-07-24 10:10:19','2025-07-24 10:10:19'),(38,1,'INSERT',56,'Order','product_id=>10///product_name=>Passport Case///quantity=>1///price=>269///product_id=>8///product_name=>Business card box///quantity=>1///price=>99///','2025-07-24 13:09:55','2025-07-24 13:09:55'),(39,1,'INSERT',57,'Order','product_id=>10///product_name=>Passport Case///quantity=>2///price=>269///product_id=>9///product_name=>Craftsman key chain///quantity=>1///price=>129///product_id=>7///product_name=>Charging cable///quantity=>1///price=>149///product_id=>1///product_name=>ขวดน้ำ///quantity=>1///price=>359///','2025-07-30 10:29:35','2025-07-30 10:29:35'),(40,76,'INSERT',58,'Order','product_id=>10///product_name=>Passport Case///quantity=>2///price=>269///product_id=>7///product_name=>Charging cable///quantity=>1///price=>149///product_id=>9///product_name=>Craftsman key chain///quantity=>1///price=>129///product_id=>1///product_name=>ขวดน้ำ///quantity=>1///price=>359///','2025-07-30 10:34:49','2025-07-30 10:34:49'),(41,1,'APPROVE_ITEM',97,'OrderItem','order_item_id=>97///approved_by=>admin///','2025-07-30 10:41:34','2025-07-30 10:41:34'),(42,1,'APPROVE_ITEM',100,'OrderItem','order_item_id=>100///approved_by=>admin///','2025-07-30 10:41:41','2025-07-30 10:41:41'),(43,1,'APPROVE_ITEM',93,'OrderItem','order_item_id=>93///approved_by=>admin///','2025-07-30 10:42:15','2025-07-30 10:42:15'),(44,1,'APPROVE_ITEM',96,'OrderItem','order_item_id=>96///approved_by=>admin///','2025-07-30 10:42:18','2025-07-30 10:42:18'),(45,76,'INSERT',59,'Order','product_id=>10///product_name=>Passport Case///quantity=>2///price=>269///product_id=>7///product_name=>Charging cable///quantity=>1///price=>149///product_id=>9///product_name=>Craftsman key chain///quantity=>1///price=>129///product_id=>1///product_name=>ขวดน้ำ///quantity=>1///price=>359///','2025-07-30 11:10:13','2025-07-30 11:10:13'),(46,76,'INSERT',60,'Order','product_id=>10///product_name=>Passport Case///quantity=>1///price=>269///product_id=>3///product_name=>Fan///quantity=>1///price=>500///product_id=>4///product_name=>Post-It///quantity=>1///price=>39///product_id=>1///product_name=>ขวดน้ำ///quantity=>2///price=>359///','2025-07-30 11:11:13','2025-07-30 11:11:13'),(47,78,'INSERT',61,'Order','product_id=>6///product_name=>Fabric bag///quantity=>1///price=>199///product_id=>5///product_name=>Pluck///quantity=>1///price=>299///product_id=>1///product_name=>ขวดน้ำ///quantity=>1///price=>359///product_id=>10///product_name=>Passport Case///quantity=>2///price=>269///','2025-07-30 13:23:18','2025-07-30 13:23:18'),(48,75,'APPROVE_ITEM',111,'OrderItem','order_item_id=>111///approved_by=>Nongtest///','2025-07-30 13:25:28','2025-07-30 13:25:28'),(49,75,'APPROVE_ITEM',112,'OrderItem','order_item_id=>112///approved_by=>Nongtest///','2025-07-30 13:28:35','2025-07-30 13:28:35'),(50,1,'INSERT',62,'Order','product_id=>8///product_name=>Business card box///quantity=>1///price=>99///product_id=>9///product_name=>Craftsman key chain///quantity=>1///price=>129///','2025-07-30 14:49:04','2025-07-30 14:49:04'),(51,1,'INSERT',63,'Order','product_id=>8///product_name=>Business card box///quantity=>1///price=>99///product_id=>9///product_name=>Craftsman key chain///quantity=>1///price=>129///product_id=>10///product_name=>Passport Case///quantity=>1///price=>269///','2025-07-30 14:54:51','2025-07-30 14:54:51'),(52,1,'REJECT_ITEM',117,'OrderItem','order_item_id=>117///rejected_by=>admin///','2025-07-30 15:02:31','2025-07-30 15:02:31'),(53,1,'INSERT',64,'Order','product_id=>1///product_name=>ขวดน้ำ///quantity=>1///price=>359///','2025-07-30 15:45:49','2025-07-30 15:45:49'),(54,1,'INSERT',65,'Order','product_id=>1///product_name=>ขวดน้ำ///quantity=>1///price=>359///','2025-07-30 15:49:35','2025-07-30 15:49:35'),(55,76,'INSERT',66,'Order','product_id=>9///product_name=>Craftsman key chain///quantity=>1///price=>129///product_id=>8///product_name=>Business card box///quantity=>1///price=>99///','2025-07-30 15:59:54','2025-07-30 15:59:54'),(56,76,'INSERT',67,'Order','product_id=>10///product_name=>Passport Case///quantity=>2///price=>269///product_id=>9///product_name=>Craftsman key chain///quantity=>1///price=>129///product_id=>8///product_name=>Business card box///quantity=>1///price=>99///product_id=>3///product_name=>Fan///quantity=>1///price=>500///','2025-07-30 16:03:15','2025-07-30 16:03:15'),(57,75,'APPROVE_ITEM',122,'OrderItem','order_item_id=>122///approved_by=>Nongtest///','2025-07-30 16:03:45','2025-07-30 16:03:45'),(58,1,'APPROVE_ITEM',119,'OrderItem','order_item_id=>119///approved_by=>admin///','2025-07-30 16:18:29','2025-07-30 16:18:29'),(59,1,'INSERT',68,'Order','product_id=>8///product_name=>Business card box///quantity=>1///price=>99///product_id=>9///product_name=>Craftsman key chain///quantity=>1///price=>129///','2025-07-31 13:33:32','2025-07-31 13:33:32'),(60,76,'INSERT',69,'Order','product_id=>9///product_name=>Craftsman key chain///quantity=>1///price=>129///','2025-08-04 10:59:16','2025-08-04 10:59:16'),(61,76,'INSERT',70,'Order','product_id=>9///product_name=>Craftsman key chain///quantity=>1///price=>129///product_id=>10///product_name=>Passport Case///quantity=>1///price=>269///product_id=>8///product_name=>Business card box///quantity=>1///price=>99///product_id=>6///product_name=>Fabric bag///quantity=>1///price=>199///','2025-08-04 11:01:55','2025-08-04 11:01:55'),(62,76,'INSERT',71,'Order','product_id=>6///product_name=>Fabric bag///quantity=>1///price=>199///product_id=>7///product_name=>Charging cable///quantity=>1///price=>149///product_id=>4///product_name=>Post-It///quantity=>1///price=>39///','2025-08-04 11:04:03','2025-08-04 11:04:03'),(63,76,'INSERT',72,'Order','product_id=>10///product_name=>Passport Case///quantity=>1///price=>269///product_id=>8///product_name=>Business card box///quantity=>1///price=>99///product_id=>5///product_name=>Pluck///quantity=>1///price=>299///','2025-08-04 11:05:21','2025-08-04 11:05:21'),(64,76,'INSERT',73,'Order','product_id=>11///product_name=>ทดสอบ///quantity=>1///price=>250///product_id=>10///product_name=>Passport Case///quantity=>1///price=>269///product_id=>8///product_name=>Business card box///quantity=>1///price=>99///','2025-08-04 13:17:05','2025-08-04 13:17:05'),(65,75,'APPROVE_ITEM',140,'OrderItem','order_item_id=>140///approved_by=>Nongtest///','2025-08-04 13:18:33','2025-08-04 13:18:33'),(66,75,'APPROVE_ITEM',139,'OrderItem','order_item_id=>139///approved_by=>Nongtest///','2025-08-04 13:18:39','2025-08-04 13:18:39'),(67,77,'INSERT',74,'Order','product_id=>1///product_name=>ขวดน้ำ///quantity=>1///price=>359///product_id=>5///product_name=>Pluck///quantity=>1///price=>299///product_id=>6///product_name=>Fabric bag///quantity=>1///price=>199///','2025-08-04 14:42:28','2025-08-04 14:42:28'),(68,75,'APPROVE_ITEM',142,'OrderItem','order_item_id=>142///approved_by=>Nongtest///','2025-08-04 14:43:17','2025-08-04 14:43:17'),(69,1,'INSERT',75,'Order','product_id=>9///product_name=>Craftsman key chain///quantity=>1///price=>129///','2025-08-04 14:59:59','2025-08-04 14:59:59'),(70,1,'INSERT',76,'Order','product_id=>10///product_name=>Passport Case///quantity=>1///price=>269///product_id=>8///product_name=>Business card box///quantity=>1///price=>99///','2025-08-13 10:52:21','2025-08-13 10:52:21'),(71,1,'INSERT',77,'Order','product_id=>10///product_name=>Passport Case///quantity=>1///price=>269///product_id=>6///product_name=>Fabric bag///quantity=>1///price=>199///','2025-08-13 11:03:59','2025-08-13 11:03:59'),(72,1,'INSERT',78,'Order','product_id=>10///product_name=>Passport Case///quantity=>1///price=>269///product_id=>7///product_name=>Charging cable///quantity=>1///price=>149///','2025-08-13 11:07:20','2025-08-13 11:07:20'),(73,1,'APPROVE_ITEM',150,'OrderItem','order_item_id=>150///approved_by=>admin///','2025-08-13 13:33:27','2025-08-13 13:33:27'),(74,1,'APPROVE_ITEM',150,'OrderItem','order_item_id=>150///approved_by=>admin///','2025-08-13 13:34:34','2025-08-13 13:34:34'),(75,1,'APPROVE_ITEM',150,'OrderItem','order_item_id=>150///approved_by=>admin///','2025-08-13 13:35:34','2025-08-13 13:35:34'),(76,1,'APPROVE_ITEM',150,'OrderItem','order_item_id=>150///approved_by=>admin///','2025-08-13 13:40:30','2025-08-13 13:40:30'),(77,1,'APPROVE_ITEM',117,'OrderItem','order_item_id=>117///approved_by=>admin///','2025-08-13 13:41:18','2025-08-13 13:41:18'),(78,1,'APPROVE_ITEM',148,'OrderItem','order_item_id=>148///approved_by=>admin///','2025-08-13 13:49:06','2025-08-13 13:49:06'),(79,1,'APPROVE_ITEM',150,'OrderItem','order_item_id=>150///approved_by=>admin///','2025-08-13 13:49:09','2025-08-13 13:49:09'),(80,1,'APPROVE_ITEM',150,'OrderItem','order_item_id=>150///approved_by=>admin///','2025-08-13 13:52:57','2025-08-13 13:52:57'),(81,1,'APPROVE_ITEM',150,'OrderItem','order_item_id=>150///approved_by=>admin///','2025-08-13 13:54:28','2025-08-13 13:54:28'),(82,1,'APPROVE_ITEM',146,'OrderItem','order_item_id=>146///approved_by=>admin///','2025-08-13 13:54:32','2025-08-13 13:54:32'),(83,1,'APPROVE_ITEM',150,'OrderItem','order_item_id=>150///approved_by=>admin///','2025-08-13 14:07:22','2025-08-13 14:07:22'),(84,1,'REJECT_ITEM',150,'OrderItem','order_item_id=>150///rejected_by=>admin///','2025-08-13 14:07:46','2025-08-13 14:07:46'),(85,1,'APPROVE_ITEM',150,'OrderItem','order_item_id=>150///approved_by=>admin///','2025-08-13 14:08:02','2025-08-13 14:08:02'),(86,1,'REJECT_ITEM',150,'OrderItem','order_item_id=>150///rejected_by=>admin///','2025-08-13 14:17:02','2025-08-13 14:17:02'),(87,1,'APPROVE_ITEM',150,'OrderItem','order_item_id=>150///approved_by=>admin///','2025-08-13 14:17:23','2025-08-13 14:17:23'),(88,75,'INSERT',79,'Order','product_id=>7///product_name=>Charging cable///quantity=>1///price=>149///product_id=>1///product_name=>ขวดน้ำ///quantity=>1///price=>359///','2025-08-13 14:35:47','2025-08-13 14:35:47'),(89,1,'REJECT_ITEM',150,'OrderItem','order_item_id=>150///rejected_by=>admin///','2025-08-13 14:37:58','2025-08-13 14:37:58'),(90,1,'APPROVE_ITEM',150,'OrderItem','order_item_id=>150///approved_by=>admin///','2025-08-13 14:38:14','2025-08-13 14:38:14'),(91,75,'APPROVE_ITEM',153,'OrderItem','order_item_id=>153///approved_by=>Nongtest///','2025-08-13 14:42:10','2025-08-13 14:42:10'),(92,1,'REJECT_ITEM',150,'OrderItem','order_item_id=>150///rejected_by=>admin///','2025-08-13 14:58:43','2025-08-13 14:58:43'),(93,1,'APPROVE_ITEM',150,'OrderItem','order_item_id=>150///approved_by=>admin///','2025-08-13 14:58:46','2025-08-13 14:58:46'),(94,1,'REJECT_ITEM',150,'OrderItem','order_item_id=>150///rejected_by=>admin///','2025-08-13 15:07:45','2025-08-13 15:07:45'),(95,1,'APPROVE_ITEM',150,'OrderItem','order_item_id=>150///approved_by=>admin///','2025-08-13 15:07:49','2025-08-13 15:07:49'),(96,1,'REJECT_ITEM',150,'OrderItem','order_item_id=>150///rejected_by=>admin///','2025-08-13 15:13:21','2025-08-13 15:13:21'),(97,1,'APPROVE_ITEM',150,'OrderItem','order_item_id=>150///approved_by=>admin///','2025-08-13 15:13:24','2025-08-13 15:13:24'),(98,1,'APPROVE',78,'Order','order_code=>2025/0025///status=>approved///approved_by=>admin///','2025-08-13 15:28:00','2025-08-13 15:28:00'),(99,1,'APPROVE',78,'Order','order_code=>2025/0025///status=>approved///approved_by=>admin///','2025-08-14 10:23:07','2025-08-14 10:23:07'),(100,75,'INSERT',80,'Order','product_id=>11///product_name=>ทดสอบ///quantity=>1///price=>250///','2025-08-20 10:19:27','2025-08-20 10:19:27'),(101,75,'INSERT',81,'Order','product_id=>11///product_name=>ทดสอบ///quantity=>1///price=>250///product_id=>7///product_name=>Charging cable///quantity=>1///price=>149///','2025-08-20 14:07:19','2025-08-20 14:07:19'),(102,75,'INSERT',82,'Order','product_id=>11///product_name=>ทดสอบ///quantity=>1///price=>250///product_id=>7///product_name=>Charging cable///quantity=>1///price=>149///','2025-08-20 14:07:20','2025-08-20 14:07:20'),(103,75,'INSERT',83,'Order','product_id=>11///product_name=>ทดสอบ///quantity=>1///price=>250///product_id=>7///product_name=>Charging cable///quantity=>1///price=>149///','2025-08-20 14:07:21','2025-08-20 14:07:21'),(104,75,'INSERT',84,'Order','product_id=>11///product_name=>ทดสอบ///quantity=>1///price=>250///product_id=>7///product_name=>Charging cable///quantity=>1///price=>149///','2025-08-20 14:07:21','2025-08-20 14:07:21'),(105,75,'INSERT',85,'Order','product_id=>11///product_name=>ทดสอบ///quantity=>1///price=>250///product_id=>7///product_name=>Charging cable///quantity=>1///price=>149///','2025-08-20 14:07:22','2025-08-20 14:07:22'),(106,1,'INSERT',86,'Order','product_id=>9///product_name=>Craftsman key chain///quantity=>1///price=>129///product_id=>1///product_name=>ขวดน้ำ///quantity=>1///price=>359///','2025-08-20 15:09:03','2025-08-20 15:09:03'),(107,75,'INSERT',87,'Order','product_id=>1///product_name=>ขวดน้ำ///quantity=>1///price=>359.00///product_id=>5///product_name=>Pluck///quantity=>1///price=>299.00///product_id=>8///product_name=>Business card box///quantity=>1///price=>99.00///product_id=>11///product_name=>ทดสอบ///quantity=>2///price=>250.00///','2025-08-26 15:48:56','2025-08-26 15:48:56'),(108,75,'INSERT',88,'Order','product_id=>1///product_name=>ขวดน้ำ///quantity=>1///price=>359.00///product_id=>5///product_name=>Pluck///quantity=>1///price=>299.00///product_id=>8///product_name=>Business card box///quantity=>1///price=>99.00///product_id=>11///product_name=>ทดสอบ///quantity=>2///price=>250.00///','2025-08-26 15:48:58','2025-08-26 15:48:58'),(109,76,'INSERT',89,'Order','product_id=>11///product_name=>ทดสอบ///quantity=>1///price=>250.00///product_id=>10///product_name=>Passport Case///quantity=>1///price=>269.00///product_id=>9///product_name=>Craftsman key chain///quantity=>1///price=>129.00///','2025-08-29 15:30:46','2025-08-29 15:30:46'),(110,76,'INSERT',90,'Order','product_id=>9///product_name=>Craftsman key chain///quantity=>1///price=>129.00///','2025-08-29 15:31:16','2025-08-29 15:31:16'),(111,76,'INSERT',91,'Order','product_id=>9///product_name=>Craftsman key chain///quantity=>1///price=>129.00///','2025-08-29 15:34:54','2025-08-29 15:34:54'),(112,76,'INSERT',92,'Order','product_id=>9///product_name=>Craftsman key chain///quantity=>1///price=>129.00///','2025-08-29 15:37:08','2025-08-29 15:37:08'),(113,1,'INSERT',93,'Order','product_id=>7///product_name=>Charging cable///quantity=>1///price=>149.00///','2025-09-01 10:34:08','2025-09-01 10:34:08'),(114,1,'INSERT',94,'Order','product_id=>15///product_name=>chicken///quantity=>1///price=>999.00///product_id=>7///product_name=>Charging cable///quantity=>1///price=>149.00///product_id=>1///product_name=>ขวดน้ำ///quantity=>1///price=>359.00///','2025-09-08 11:09:55','2025-09-08 11:09:55'),(115,1,'INSERT',95,'Order','product_id=>15///product_name=>chicken///quantity=>1///price=>999.00///product_id=>7///product_name=>Charging cable///quantity=>1///price=>149.00///product_id=>1///product_name=>ขวดน้ำ///quantity=>1///price=>359.00///','2025-09-08 11:12:53','2025-09-08 11:12:53'),(116,75,'INSERT',100,'Order','product_id=>16///product_name=>คลุกฝุ่น แมวฉ้มอ้วนขนาดใหญ่///quantity=>1///price=>5.00///product_id=>5///product_name=>Pluck///quantity=>1///price=>299.00///','2025-09-16 10:29:38','2025-09-16 10:29:38'),(117,76,'INSERT',101,'Order','product_id=>16///product_name=>คลุกฝุ่น แมวฉ้มอ้วนขนาดใหญ่///quantity=>1///price=>5.00///product_id=>20///product_name=>ชาเขียวแสนอร่อย///quantity=>1///price=>170.00///product_id=>21///product_name=>โมเดลแมวคลุกฝุ่นสุดน่ารัก///quantity=>1///price=>500.00///','2025-09-18 10:17:13','2025-09-18 10:17:13'),(118,76,'INSERT',102,'Order','product_id=>20///product_name=>ชาเขียวแสนอร่อย///quantity=>1///price=>170.00///product_id=>22///product_name=>คลุกฝุ่นนอนยิ้ม///quantity=>1///price=>459.00///product_id=>21///product_name=>โมเดลแมวคลุกฝุ่นสุดน่ารัก///quantity=>1///price=>500.00///','2025-09-18 10:19:49','2025-09-18 10:19:49'),(119,76,'INSERT',103,'Order','product_id=>16///product_name=>คลุกฝุ่น แมวฉ้มอ้วนขนาดใหญ่///quantity=>1///price=>5.00///product_id=>15///product_name=>chicken///quantity=>1///price=>999.00///','2025-09-18 10:27:00','2025-09-18 10:27:00'),(120,1,'INSERT',104,'Order','product_id=>21///product_name=>โมเดลแมวคลุกฝุ่นสุดน่ารัก///quantity=>1///price=>500.00///product_id=>22///product_name=>คลุกฝุ่นนอนยิ้ม///quantity=>1///price=>459.00///','2025-09-18 10:37:33','2025-09-18 10:37:33'),(121,1,'INSERT',105,'Order','product_id=>21///product_name=>โมเดลแมวคลุกฝุ่นสุดน่ารัก///quantity=>1///price=>500.00///product_id=>22///product_name=>คลุกฝุ่นนอนยิ้ม///quantity=>1///price=>459.00///','2025-09-18 10:39:37','2025-09-18 10:39:37'),(122,1,'INSERT',106,'Order','product_id=>21///product_name=>โมเดลแมวคลุกฝุ่นสุดน่ารัก///quantity=>1///price=>500.00///product_id=>22///product_name=>คลุกฝุ่นนอนยิ้ม///quantity=>1///price=>459.00///','2025-09-18 10:39:56','2025-09-18 10:39:56'),(123,1,'INSERT',107,'Order','product_id=>21///product_name=>โมเดลแมวคลุกฝุ่นสุดน่ารัก///quantity=>1///price=>500.00///product_id=>22///product_name=>คลุกฝุ่นนอนยิ้ม///quantity=>1///price=>459.00///product_id=>16///product_name=>คลุกฝุ่น แมวฉ้มอ้วนขนาดใหญ่///quantity=>1///price=>5.00///','2025-09-18 10:40:32','2025-09-18 10:40:32'),(124,1,'INSERT',108,'Order','product_id=>21///product_name=>โมเดลแมวคลุกฝุ่นสุดน่ารัก///quantity=>1///price=>500.00///product_id=>22///product_name=>คลุกฝุ่นนอนยิ้ม///quantity=>1///price=>459.00///','2025-09-18 10:44:58','2025-09-18 10:44:58'),(125,1,'INSERT',109,'Order','product_id=>15///product_name=>chicken///quantity=>1///price=>999.00///','2025-09-18 10:47:58','2025-09-18 10:47:58'),(126,1,'INSERT',110,'Order','product_id=>21///product_name=>โมเดลแมวคลุกฝุ่นสุดน่ารัก///quantity=>1///price=>500.00///','2025-09-18 10:50:11','2025-09-18 10:50:11'),(127,1,'INSERT',111,'Order','product_id=>21///product_name=>โมเดลแมวคลุกฝุ่นสุดน่ารัก///quantity=>1///price=>500.00///','2025-09-18 11:23:12','2025-09-18 11:23:12'),(128,1,'INSERT',112,'Order','product_id=>21///product_name=>โมเดลแมวคลุกฝุ่นสุดน่ารัก///quantity=>1///price=>500.00///','2025-09-18 14:01:34','2025-09-18 14:01:34'),(129,1,'INSERT',113,'Order','product_id=>21///product_name=>โมเดลแมวคลุกฝุ่นสุดน่ารัก///quantity=>1///price=>500.00///','2025-09-18 14:12:26','2025-09-18 14:12:26'),(130,1,'INSERT',114,'Order','product_id=>21///product_name=>โมเดลแมวคลุกฝุ่นสุดน่ารัก///quantity=>1///price=>500.00///','2025-09-18 14:13:40','2025-09-18 14:13:40'),(131,1,'INSERT',115,'Order','product_id=>21///product_name=>โมเดลแมวคลุกฝุ่นสุดน่ารัก///quantity=>1///price=>500.00///product_id=>11///product_name=>ทดสอบ///quantity=>1///price=>250.00///','2025-09-18 14:13:46','2025-09-18 14:13:46'),(132,1,'INSERT',116,'Order','product_id=>21///product_name=>โมเดลแมวคลุกฝุ่นสุดน่ารัก///quantity=>1///price=>500.00///','2025-09-18 14:14:10','2025-09-18 14:14:10'),(133,1,'INSERT',117,'Order','product_id=>21///product_name=>โมเดลแมวคลุกฝุ่นสุดน่ารัก///quantity=>1///price=>500.00///','2025-09-18 14:15:48','2025-09-18 14:15:48'),(134,1,'INSERT',118,'Order','product_id=>21///product_name=>โมเดลแมวคลุกฝุ่นสุดน่ารัก///quantity=>1///price=>500.00///','2025-09-18 14:16:04','2025-09-18 14:16:04'),(135,1,'INSERT',119,'Order','product_id=>22///product_name=>คลุกฝุ่นนอนยิ้ม///quantity=>1///price=>459.00///','2025-09-18 14:17:24','2025-09-18 14:17:24'),(136,1,'APPROVE',141,'Order','order_code=>2025/0006///status=>pending///approved_by=>admin///','2025-10-21 10:32:16','2025-10-21 10:32:16'),(137,1,'APPROVE',146,'Order','order_code=>2025/0001///status=>pending///approved_by=>admin///','2025-10-21 11:21:48','2025-10-21 11:21:48'),(138,75,'APPROVE',147,'Order','order_code=>2025/0002///status=>pending///approved_by=>Nongtest///','2025-10-21 13:42:56','2025-10-21 13:42:56'),(139,75,'APPROVE',154,'Order','order_code=>2025/0009///status=>pending///approved_by=>Nongtest///','2025-11-27 14:11:16','2025-11-27 14:11:16'),(140,75,'APPROVE',155,'Order','order_code=>2025/0010///status=>pending///approved_by=>Nongtest///','2025-11-27 14:14:43','2025-11-27 14:14:43'),(141,75,'APPROVE',156,'Order','order_code=>2025/0011///status=>pending///approved_by=>Nongtest///','2025-11-27 15:18:27','2025-11-27 15:18:27'),(142,75,'APPROVE',157,'Order','order_code=>2025/0012///status=>pending///approved_by=>Nongtest///','2025-12-01 14:12:43','2025-12-01 14:12:43'),(143,1,'APPROVE',160,'Order','order_code=>2025/0001///status=>pending///approved_by=>admin///','2025-12-01 14:29:49','2025-12-01 14:29:49'),(144,1,'APPROVE',161,'Order','order_code=>2025/0001///status=>pending///approved_by=>admin///','2025-12-01 14:35:43','2025-12-01 14:35:43'),(145,75,'APPROVE',162,'Order','order_code=>2025/0002///status=>pending///approved_by=>Nongtest///','2025-12-04 16:41:49','2025-12-04 16:41:49'),(146,75,'APPROVE',164,'Order','order_code=>2025/0004///status=>draft///approved_by=>Nongtest///','2025-12-11 15:26:05','2025-12-11 15:26:05'),(147,1,'INSERT',0,'Product Type','product_type_name = \"Accessories///','2025-12-17 14:12:23','2025-12-17 14:12:23'),(148,1,'INSERT',0,'Product Type','product_type_name = \"test///','2025-12-17 14:14:21','2025-12-17 14:14:21'),(149,1,'DELETE',16,'Product Type','product_type_name=>test///','2025-12-17 14:20:18','2025-12-17 14:20:18'),(150,1,'UPDATE',1,'Product','code=>0001///name=>ขวดน้ำ///price=>359.00///weight=>1.30///quantity=>74///unit=>1///type=>7///description=>ขวดน้ำ 3 สี///min_stock_alert=>5///max_request_per_order=>9///status=>Active///','2025-12-17 14:57:32','2025-12-17 14:57:32'),(151,1,'INSERT',26,'Product','code=>9686///name=>test///price=>45///weight=>6///quantity=>5///unit=>1///type=>1///description=>///min_stock_alert=>5///max_request_per_order=>6///status=>Active///','2025-12-17 14:58:06','2025-12-17 14:58:06'),(152,1,'DELETE',26,'Product','product_id=>26///','2025-12-17 14:58:12','2025-12-17 14:58:12'),(153,1,'INSERT',27,'Product','code=>453453///name=>test///price=>45///weight=>6///quantity=>45///unit=>1///type=>1///description=>///min_stock_alert=>5///max_request_per_order=>6///status=>Active///','2025-12-17 14:59:48','2025-12-17 14:59:48'),(154,1,'DELETE',27,'Product','code=>453453///name=>test///price=>45.00///weight=>6.00///description=>///min_stock_alert=>5///max_request_per_order=>6///status=>1///','2025-12-17 14:59:52','2025-12-17 14:59:52'),(155,75,'UPDATE',11,'Product','code=>0002///name=>ทดสอบ///price=>250.00///weight=>200.00///quantity=>100///unit=>///type=>7///description=>สีดำ ไม่ใช่ สีแดง///min_stock_alert=>5///max_request_per_order=>100///status=>Active///','2025-12-22 15:51:31','2025-12-22 15:51:31'),(156,75,'UPDATE',9,'Product','code=>9///name=>Craftsman key chain///price=>129.00///weight=>215.00///quantity=>125///unit=>///type=>8///description=>///min_stock_alert=>5///max_request_per_order=>100///status=>Active///','2025-12-22 15:53:13','2025-12-22 15:53:13'),(157,75,'INSERT',165,'Order','{\"order_code\":\"2025\\/0005\",\"total_qty\":2,\"total_price\":379,\"has_premium\":false,\"items\":[{\"product_id\":9,\"product_name\":\"Craftsman key chain\",\"quantity\":1,\"product_price\":\"129.00\",\"item_status\":\"confirmed\"},{\"product_id\":23,\"product_name\":\"\\u0e25\\u0e39\\u0e01\\u0e1a\\u0e2d\\u0e25\",\"quantity\":1,\"product_price\":\"250.00\",\"item_status\":\"confirmed\"}]}','2025-12-25 10:05:59','2025-12-25 10:05:59'),(158,75,'APPROVE',163,'Order','order_code=>2025/0003///status=>pending///approved_by=>Nongtest///','2025-12-25 10:12:29','2025-12-25 10:12:29'),(159,75,'INSERT',166,'Order','{\"order_code\":\"2025\\/0006\",\"total_qty\":4,\"total_price\":777,\"has_premium\":false,\"items\":[{\"product_id\":5,\"product_name\":\"Pluck\",\"quantity\":1,\"product_price\":\"299.00\",\"item_status\":\"confirmed\"},{\"product_id\":8,\"product_name\":\"Business card box\",\"quantity\":1,\"product_price\":\"99.00\",\"item_status\":\"confirmed\"},{\"product_id\":9,\"product_name\":\"Craftsman key chain\",\"quantity\":1,\"product_price\":\"129.00\",\"item_status\":\"confirmed\"},{\"product_id\":23,\"product_name\":\"\\u0e25\\u0e39\\u0e01\\u0e1a\\u0e2d\\u0e25\",\"quantity\":1,\"product_price\":\"250.00\",\"item_status\":\"confirmed\"}]}','2025-12-25 10:14:24','2025-12-25 10:14:24'),(160,75,'INSERT',167,'Order','{\"order_code\":\"2025\\/0007\",\"total_qty\":2,\"total_price\":1198,\"has_premium\":false,\"items\":[{\"product_id\":6,\"product_name\":\"Fabric bag\",\"quantity\":1,\"product_price\":\"199.00\",\"item_status\":\"confirmed\"},{\"product_id\":15,\"product_name\":\"chicken\",\"quantity\":1,\"product_price\":\"999.00\",\"item_status\":\"confirmed\"}]}','2025-12-25 10:43:29','2025-12-25 10:43:29'),(161,75,'INSERT',168,'Order','{\"order_code\":\"2025\\/0008\",\"total_qty\":4,\"total_price\":2296,\"has_premium\":false,\"items\":[{\"product_id\":6,\"product_name\":\"Fabric bag\",\"quantity\":1,\"product_price\":\"199.00\",\"item_status\":\"confirmed\"},{\"product_id\":8,\"product_name\":\"Business card box\",\"quantity\":1,\"product_price\":\"99.00\",\"item_status\":\"confirmed\"},{\"product_id\":15,\"product_name\":\"chicken\",\"quantity\":2,\"product_price\":\"999.00\",\"item_status\":\"confirmed\"}]}','2025-12-25 13:35:11','2025-12-25 13:35:11'),(162,75,'INSERT',169,'Order','{\"order_code\":\"2025\\/0009\",\"total_qty\":1,\"total_price\":250,\"has_premium\":false,\"items\":[{\"product_id\":23,\"product_name\":\"\\u0e25\\u0e39\\u0e01\\u0e1a\\u0e2d\\u0e25\",\"quantity\":1,\"product_price\":\"250.00\",\"item_status\":\"confirmed\"}]}','2025-12-25 13:55:59','2025-12-25 13:55:59'),(163,75,'INSERT',170,'Order','{\"order_code\":\"2025\\/0010\",\"total_qty\":1,\"total_price\":250,\"has_premium\":false,\"items\":[{\"product_id\":23,\"product_name\":\"\\u0e25\\u0e39\\u0e01\\u0e1a\\u0e2d\\u0e25\",\"quantity\":1,\"product_price\":\"250.00\",\"item_status\":\"confirmed\"}]}','2025-12-25 15:37:09','2025-12-25 15:37:09'),(164,75,'INSERT',171,'Order','{\"order_code\":\"2025\\/0011\",\"total_qty\":1,\"total_price\":129,\"has_premium\":false,\"items\":[{\"product_id\":9,\"product_name\":\"Craftsman key chain\",\"quantity\":1,\"product_price\":\"129.00\",\"item_status\":\"confirmed\"}]}','2025-12-25 15:39:14','2025-12-25 15:39:14'),(165,75,'INSERT',172,'Order','{\"order_code\":\"2025\\/0012\",\"total_qty\":3,\"total_price\":629,\"has_premium\":false,\"items\":[{\"product_id\":9,\"product_name\":\"Craftsman key chain\",\"quantity\":1,\"product_price\":\"129.00\",\"item_status\":\"confirmed\"},{\"product_id\":23,\"product_name\":\"\\u0e25\\u0e39\\u0e01\\u0e1a\\u0e2d\\u0e25\",\"quantity\":2,\"product_price\":\"250.00\",\"item_status\":\"confirmed\"}]}','2025-12-25 16:46:21','2025-12-25 16:46:21'),(166,76,'INSERT',173,'Order','{\"order_code\":\"2026\\/0001\",\"total_qty\":2,\"total_price\":349,\"has_premium\":false,\"items\":[{\"product_id\":8,\"product_name\":\"Business card box\",\"quantity\":1,\"product_price\":\"99.00\",\"item_status\":\"confirmed\"},{\"product_id\":23,\"product_name\":\"\\u0e25\\u0e39\\u0e01\\u0e1a\\u0e2d\\u0e25\",\"quantity\":1,\"product_price\":\"250.00\",\"item_status\":\"confirmed\"}]}','2026-01-08 15:34:19','2026-01-08 15:34:19'),(167,76,'UPDATE',173,'Order','{\"order_code\":\"2026\\/0001\",\"total_qty\":2,\"total_price\":448,\"has_premium\":false,\"items\":[{\"product_id\":5,\"product_name\":\"Pluck\",\"quantity\":1,\"product_price\":\"299.00\",\"item_status\":\"confirmed\"},{\"product_id\":7,\"product_name\":\"Charging cable\",\"quantity\":1,\"product_price\":\"149.00\",\"item_status\":\"confirmed\"}]}','2026-01-08 15:51:45','2026-01-08 15:51:45'),(168,75,'INSERT',174,'Order','{\"order_code\":\"2026\\/0002\",\"total_qty\":2,\"total_price\":278,\"has_premium\":false,\"items\":[{\"product_id\":7,\"product_name\":\"Charging cable\",\"quantity\":1,\"product_price\":\"149.00\",\"item_status\":\"confirmed\"},{\"product_id\":9,\"product_name\":\"Craftsman key chain\",\"quantity\":1,\"product_price\":\"129.00\",\"item_status\":\"confirmed\"}]}','2026-01-14 18:09:49','2026-01-14 18:09:49'),(169,75,'UPDATE',174,'Order','{\"order_code\":\"2026\\/0002\",\"total_qty\":3,\"total_price\":528,\"has_premium\":false,\"items\":[{\"product_id\":7,\"product_name\":\"Charging cable\",\"quantity\":1,\"product_price\":\"149.00\",\"item_status\":\"confirmed\"},{\"product_id\":9,\"product_name\":\"Craftsman key chain\",\"quantity\":1,\"product_price\":\"129.00\",\"item_status\":\"confirmed\"},{\"product_id\":23,\"product_name\":\"\\u0e25\\u0e39\\u0e01\\u0e1a\\u0e2d\\u0e25\",\"quantity\":1,\"product_price\":\"250.00\",\"item_status\":\"confirmed\"}]}','2026-01-14 18:31:25','2026-01-14 18:31:25'),(170,75,'INSERT',175,'Order','{\"order_code\":\"2026\\/0003\",\"total_qty\":3,\"total_price\":699,\"has_premium\":false,\"items\":[{\"product_id\":6,\"product_name\":\"Fabric bag\",\"quantity\":1,\"product_price\":\"199.00\",\"item_status\":\"confirmed\"},{\"product_id\":23,\"product_name\":\"\\u0e25\\u0e39\\u0e01\\u0e1a\\u0e2d\\u0e25\",\"quantity\":2,\"product_price\":\"250.00\",\"item_status\":\"confirmed\"}]}','2026-01-14 18:33:31','2026-01-14 18:33:31'),(171,1,'UPDATE',23,'Product','code=>033///name=>ลูกบอล///price=>250.00///weight=>312.00///quantity=>3///unit=>///type=>10///description=>อุปกรณ์กีฬา///min_stock_alert=>5///max_request_per_order=>5///status=>Active///','2026-01-19 15:16:57','2026-01-19 15:16:57'),(172,1,'UPDATE',23,'Product','code=>033///name=>ลูกบอล///price=>250.00///weight=>312.00///quantity=>3///unit=>///type=>10///description=>อุปกรณ์กีฬา///min_stock_alert=>5///max_request_per_order=>3///status=>Active///','2026-01-19 15:17:10','2026-01-19 15:17:10'),(173,1,'UPDATE',5,'Product','code=>4///name=>Pluck///price=>299.00///weight=>300.00///quantity=>3///unit=>///type=>11///description=>///min_stock_alert=>5///max_request_per_order=>5///status=>Active///','2026-01-19 15:17:16','2026-01-19 15:17:16'),(174,1,'UPDATE',15,'Product','code=>8999///name=>chicken///price=>999.00///weight=>1020.00///quantity=>5///unit=>///type=>5///description=>///min_stock_alert=>5///max_request_per_order=>10///status=>Active///','2026-01-19 15:17:24','2026-01-19 15:17:24'),(175,1,'UPDATE',5,'Product','code=>4///name=>Pluck///price=>299.00///weight=>300.00///quantity=>5///unit=>1///type=>11///description=>///min_stock_alert=>5///max_request_per_order=>5///status=>Active///','2026-01-19 15:17:37','2026-01-19 15:17:37'),(176,1,'UPDATE',15,'Product','code=>8999///name=>chicken///price=>999.00///weight=>1020.00///quantity=>3///unit=>///type=>5///description=>///min_stock_alert=>5///max_request_per_order=>10///status=>Active///','2026-01-19 15:17:42','2026-01-19 15:17:42'),(177,1,'UPDATE',5,'Product','code=>4///name=>Pluck///price=>299.00///weight=>300.00///quantity=>1///unit=>1///type=>11///description=>///min_stock_alert=>5///max_request_per_order=>5///status=>Active///','2026-01-19 15:18:31','2026-01-19 15:18:31'),(178,1,'UPDATE',5,'Product','code=>4///name=>Pluck///price=>299.00///weight=>300.00///quantity=>0///unit=>1///type=>11///description=>///min_stock_alert=>5///max_request_per_order=>5///status=>Active///','2026-01-19 15:18:38','2026-01-19 15:18:38'),(179,1,'UPDATE',5,'Product','code=>4///name=>Pluck///price=>299.00///weight=>300.00///quantity=>16///unit=>1///type=>11///description=>///min_stock_alert=>5///max_request_per_order=>5///status=>Active///','2026-01-19 15:18:51','2026-01-19 15:18:51'),(180,1,'UPDATE',23,'Product','code=>033///name=>ลูกบอล///price=>250.00///weight=>312.00///quantity=>0///unit=>///type=>10///description=>อุปกรณ์กีฬา///min_stock_alert=>5///max_request_per_order=>3///status=>Active///','2026-01-19 15:19:00','2026-01-19 15:19:00'),(181,1,'UPDATE',5,'Product','code=>4///name=>Pluck///price=>299.00///weight=>300.00///quantity=>5///unit=>1///type=>11///description=>///min_stock_alert=>5///max_request_per_order=>5///status=>Active///','2026-01-19 15:19:49','2026-01-19 15:19:49'),(182,1,'UPDATE',5,'Product','code=>4///name=>Pluck///price=>299.00///weight=>300.00///quantity=>4///unit=>1///type=>11///description=>///min_stock_alert=>5///max_request_per_order=>5///status=>Active///','2026-01-19 15:20:06','2026-01-19 15:20:06'),(183,1,'UPDATE',5,'Product','code=>4///name=>Pluck///price=>299.00///weight=>300.00///quantity=>5///unit=>1///type=>11///description=>///min_stock_alert=>5///max_request_per_order=>5///status=>Active///','2026-01-19 15:20:12','2026-01-19 15:20:12'),(184,1,'UPDATE',15,'Product','code=>8999///name=>chicken///price=>999.00///weight=>1020.00///quantity=>5///unit=>///type=>5///description=>///min_stock_alert=>5///max_request_per_order=>10///status=>Active///','2026-01-19 15:24:08','2026-01-19 15:24:08'),(185,75,'INSERT',176,'Order','{\"order_code\":\"2026\\/0004\",\"total_qty\":2,\"total_price\":519,\"has_premium\":true,\"items\":[{\"product_id\":10,\"product_name\":\"Passport Case\",\"quantity\":1,\"product_price\":\"269.00\",\"item_status\":\"pending\"},{\"product_id\":11,\"product_name\":\"\\u0e17\\u0e14\\u0e2a\\u0e2d\\u0e1a\",\"quantity\":1,\"product_price\":\"250.00\",\"item_status\":\"pending\"}]}','2026-01-20 09:06:32','2026-01-20 09:06:32'),(186,75,'UPDATE',176,'Order','{\"order_code\":\"2026\\/0004\",\"total_qty\":2,\"total_price\":349,\"has_premium\":true,\"items\":[{\"product_id\":8,\"product_name\":\"Business card box\",\"quantity\":1,\"product_price\":\"99.00\",\"item_status\":\"confirmed\"},{\"product_id\":11,\"product_name\":\"\\u0e17\\u0e14\\u0e2a\\u0e2d\\u0e1a\",\"quantity\":1,\"product_price\":\"250.00\",\"item_status\":\"pending\"}]}','2026-01-20 09:07:07','2026-01-20 09:07:07'),(187,75,'UPDATE',176,'Order','{\"order_code\":\"2026\\/0004\",\"total_qty\":2,\"total_price\":448,\"has_premium\":false,\"items\":[{\"product_id\":5,\"product_name\":\"Pluck\",\"quantity\":1,\"product_price\":\"299.00\",\"item_status\":\"confirmed\"},{\"product_id\":7,\"product_name\":\"Charging cable\",\"quantity\":1,\"product_price\":\"149.00\",\"item_status\":\"confirmed\"}]}','2026-01-20 09:07:55','2026-01-20 09:07:55'),(188,76,'INSERT',177,'Order','{\"order_code\":\"2026\\/0005\",\"total_qty\":3,\"total_price\":857,\"has_premium\":true,\"items\":[{\"product_id\":1,\"product_name\":\"\\u0e02\\u0e27\\u0e14\\u0e19\\u0e49\\u0e33\",\"quantity\":1,\"product_price\":\"359.00\",\"item_status\":\"pending\"},{\"product_id\":5,\"product_name\":\"Pluck\",\"quantity\":1,\"product_price\":\"299.00\",\"item_status\":\"confirmed\"},{\"product_id\":6,\"product_name\":\"Fabric bag\",\"quantity\":1,\"product_price\":\"199.00\",\"item_status\":\"confirmed\"}]}','2026-01-20 10:17:46','2026-01-20 10:17:46'),(189,1,'APPROVE',177,'Order','order_code=>2026/0005///status=>pending///approved_by=>admin///','2026-01-20 10:18:22','2026-01-20 10:18:22'),(190,76,'UPDATE',177,'Order','{\"order_code\":\"2026\\/0005\",\"total_qty\":6,\"total_price\":1474,\"has_premium\":true,\"items\":[{\"product_id\":1,\"product_name\":\"\\u0e02\\u0e27\\u0e14\\u0e19\\u0e49\\u0e33\",\"quantity\":1,\"product_price\":\"359.00\",\"item_status\":\"pending\"},{\"product_id\":5,\"product_name\":\"Pluck\",\"quantity\":1,\"product_price\":\"299.00\",\"item_status\":\"confirmed\"},{\"product_id\":6,\"product_name\":\"Fabric bag\",\"quantity\":2,\"product_price\":\"199.00\",\"item_status\":\"confirmed\"},{\"product_id\":7,\"product_name\":\"Charging cable\",\"quantity\":1,\"product_price\":\"149.00\",\"item_status\":\"confirmed\"},{\"product_id\":10,\"product_name\":\"Passport Case\",\"quantity\":1,\"product_price\":\"269.00\",\"item_status\":\"pending\"}]}','2026-01-20 10:18:52','2026-01-20 10:18:52'),(191,76,'INSERT',178,'Order','{\"order_code\":\"2026\\/0006\",\"total_qty\":3,\"total_price\":597,\"has_premium\":true,\"items\":[{\"product_id\":6,\"product_name\":\"Fabric bag\",\"quantity\":1,\"product_price\":\"199.00\",\"item_status\":\"confirmed\"},{\"product_id\":9,\"product_name\":\"Craftsman key chain\",\"quantity\":1,\"product_price\":\"129.00\",\"item_status\":\"confirmed\"},{\"product_id\":10,\"product_name\":\"Passport Case\",\"quantity\":1,\"product_price\":\"269.00\",\"item_status\":\"pending\"}]}','2026-01-20 10:19:18','2026-01-20 10:19:18'),(192,75,'APPROVE',178,'Order','order_code=>2026/0006///status=>pending///approved_by=>Nongtest///','2026-01-20 10:19:44','2026-01-20 10:19:44'),(193,76,'INSERT',179,'Order','{\"order_code\":\"2026\\/0007\",\"total_qty\":3,\"total_price\":497,\"has_premium\":true,\"items\":[{\"product_id\":8,\"product_name\":\"Business card box\",\"quantity\":1,\"product_price\":\"99.00\",\"item_status\":\"confirmed\"},{\"product_id\":9,\"product_name\":\"Craftsman key chain\",\"quantity\":1,\"product_price\":\"129.00\",\"item_status\":\"confirmed\"},{\"product_id\":10,\"product_name\":\"Passport Case\",\"quantity\":1,\"product_price\":\"269.00\",\"item_status\":\"pending\"}]}','2026-01-20 10:23:07','2026-01-20 10:23:07'),(194,75,'APPROVE',179,'Order','order_code=>2026/0007///status=>pending///approved_by=>Nongtest///','2026-01-20 10:23:41','2026-01-20 10:23:41'),(195,77,'INSERT',180,'Order','{\"order_code\":\"2026\\/0008\",\"total_qty\":3,\"total_price\":697,\"has_premium\":true,\"items\":[{\"product_id\":5,\"product_name\":\"Pluck\",\"quantity\":1,\"product_price\":\"299.00\",\"item_status\":\"confirmed\"},{\"product_id\":9,\"product_name\":\"Craftsman key chain\",\"quantity\":1,\"product_price\":\"129.00\",\"item_status\":\"confirmed\"},{\"product_id\":10,\"product_name\":\"Passport Case\",\"quantity\":1,\"product_price\":\"269.00\",\"item_status\":\"pending\"}]}','2026-01-20 11:08:04','2026-01-20 11:08:04'),(196,77,'UPDATE',180,'Order','{\"order_code\":\"2026\\/0008\",\"total_qty\":3,\"total_price\":697,\"has_premium\":true,\"items\":[{\"product_id\":5,\"product_name\":\"Pluck\",\"quantity\":1,\"product_price\":\"299.00\",\"item_status\":\"confirmed\"},{\"product_id\":9,\"product_name\":\"Craftsman key chain\",\"quantity\":1,\"product_price\":\"129.00\",\"item_status\":\"confirmed\"},{\"product_id\":10,\"product_name\":\"Passport Case\",\"quantity\":1,\"product_price\":\"269.00\",\"item_status\":\"pending\"}]}','2026-01-20 11:08:06','2026-01-20 11:08:06'),(197,77,'UPDATE',180,'Order','{\"order_code\":\"2026\\/0008\",\"total_qty\":3,\"total_price\":697,\"has_premium\":true,\"items\":[{\"product_id\":5,\"product_name\":\"Pluck\",\"quantity\":1,\"product_price\":\"299.00\",\"item_status\":\"confirmed\"},{\"product_id\":9,\"product_name\":\"Craftsman key chain\",\"quantity\":1,\"product_price\":\"129.00\",\"item_status\":\"confirmed\"},{\"product_id\":10,\"product_name\":\"Passport Case\",\"quantity\":1,\"product_price\":\"269.00\",\"item_status\":\"pending\"}]}','2026-01-20 11:08:22','2026-01-20 11:08:22'),(198,75,'APPROVE',180,'Order','order_code=>2026/0008///status=>pending///approved_by=>Nongtest///','2026-01-20 11:09:08','2026-01-20 11:09:08'),(199,75,'INSERT',181,'Order','{\"order_code\":\"2026\\/0009\",\"total_qty\":2,\"total_price\":498,\"has_premium\":false,\"items\":[{\"product_id\":5,\"product_name\":\"Pluck\",\"quantity\":1,\"product_price\":\"299.00\",\"item_status\":\"confirmed\"},{\"product_id\":6,\"product_name\":\"Fabric bag\",\"quantity\":1,\"product_price\":\"199.00\",\"item_status\":\"confirmed\"}]}','2026-01-21 13:48:53','2026-01-21 13:48:53'),(200,75,'INSERT',182,'Order','{\"order_code\":\"2026\\/0010\",\"total_qty\":1,\"total_price\":999,\"has_premium\":false,\"items\":[{\"product_id\":15,\"product_name\":\"chicken\",\"quantity\":1,\"product_price\":\"999.00\",\"item_status\":\"confirmed\"}]}','2026-01-21 13:51:46','2026-01-21 13:51:46'),(201,75,'UPDATE',15,'Product','code=>8999///name=>chicken///price=>999.00///weight=>1020.00///quantity=>15///unit=>///type=>5///description=>///min_stock_alert=>5///max_request_per_order=>10///status=>Active///','2026-01-21 14:12:25','2026-01-21 14:12:25'),(202,75,'UPDATE',1,'Product','code=>0001///name=>ขวดน้ำ///price=>359.00///weight=>1.30///quantity=>73///unit=>1///type=>7///description=>ขวดน้ำ 3 สี///min_stock_alert=>5///max_request_per_order=>9///status=>Inactive///','2026-01-21 14:45:40','2026-01-21 14:45:40'),(203,75,'INSERT',183,'Order','{\"order_code\":\"2026\\/0011\",\"total_qty\":1,\"total_price\":99,\"has_premium\":false,\"items\":[{\"product_id\":8,\"product_name\":\"Business card box\",\"quantity\":1,\"product_price\":\"99.00\",\"item_status\":\"confirmed\"}]}','2026-01-21 15:37:56','2026-01-21 15:37:56'),(204,75,'INSERT',184,'Order','{\"order_code\":\"2026\\/0012\",\"total_qty\":2,\"total_price\":198,\"has_premium\":false,\"items\":[{\"product_id\":8,\"product_name\":\"Business card box\",\"quantity\":2,\"product_price\":\"99.00\",\"item_status\":\"confirmed\"}]}','2026-01-21 15:55:45','2026-01-21 15:55:45'),(205,1,'UPDATE',79,'User List','user_title=>///user_username=>kriettipoom///user_fullname=>ทดสอบ ทดสอบ///user_firstname=>ทดสอบ///user_lastname=>ทดสอบ///user_position=>///user_email=>kriettipoom@siit.tu.ac.th///user_phone=>///user_address=>///user_role=>///user_division_id=>1///user_picture=>///','2026-01-26 11:01:35','2026-01-26 11:01:35'),(206,79,'INSERT',185,'Order','{\"order_code\":\"2026\\/0013\",\"total_qty\":2,\"total_price\":418,\"has_premium\":true,\"items\":[{\"product_id\":7,\"product_name\":\"Charging cable\",\"quantity\":1,\"product_price\":\"149.00\",\"item_status\":\"confirmed\"},{\"product_id\":10,\"product_name\":\"Passport Case\",\"quantity\":1,\"product_price\":\"269.00\",\"item_status\":\"pending\"}]}','2026-01-26 11:14:15','2026-01-26 11:14:15'),(207,79,'APPROVE',185,'Order','order_code=>2026/0013///status=>pending///approved_by=>Admin///','2026-01-26 11:15:00','2026-01-26 11:15:00'),(208,79,'UPDATE',185,'Order','{\"order_code\":\"2026\\/0013\",\"total_qty\":2,\"total_price\":418,\"has_premium\":true,\"items\":[{\"product_id\":7,\"product_name\":\"Charging cable\",\"quantity\":1,\"product_price\":\"149.00\",\"item_status\":\"confirmed\"},{\"product_id\":10,\"product_name\":\"Passport Case\",\"quantity\":1,\"product_price\":\"269.00\",\"item_status\":\"pending\"}]}','2026-01-26 11:15:10','2026-01-26 11:15:10'),(209,79,'UPDATE',79,'User List','user_title=>///user_username=>kriettipoom///user_fullname=>ทดสอบ ทดสอบ///user_firstname=>ทดสอบ///user_lastname=>ทดสอบ///user_position=>///user_email=>kriettipoom@siit.tu.ac.th///user_phone=>///user_address=>///user_role=>///user_division_id=>1///user_picture=>///','2026-01-26 11:19:37','2026-01-26 11:19:37'),(210,79,'INSERT',186,'Order','{\"order_code\":\"2026\\/0013\",\"total_qty\":2,\"total_price\":418,\"has_premium\":true,\"items\":[{\"product_id\":7,\"product_name\":\"Charging cable\",\"quantity\":1,\"product_price\":\"149.00\",\"item_status\":\"confirmed\"},{\"product_id\":10,\"product_name\":\"Passport Case\",\"quantity\":1,\"product_price\":\"269.00\",\"item_status\":\"pending\"}]}','2026-01-26 11:19:56','2026-01-26 11:19:56'),(211,79,'APPROVE',186,'Order','order_code=>2026/0013///status=>pending///approved_by=>Admin///','2026-01-26 11:20:06','2026-01-26 11:20:06'),(212,79,'UPDATE',186,'Order','{\"order_code\":\"2026\\/0013\",\"total_qty\":2,\"total_price\":418,\"has_premium\":true,\"items\":[{\"product_id\":7,\"product_name\":\"Charging cable\",\"quantity\":1,\"product_price\":\"149.00\",\"item_status\":\"confirmed\"},{\"product_id\":10,\"product_name\":\"Passport Case\",\"quantity\":1,\"product_price\":\"269.00\",\"item_status\":\"pending\"}]}','2026-01-26 11:20:08','2026-01-26 11:20:08'),(213,1,'UPDATE',10,'Product','code=>10///name=>Passport Case///weight=>85.00///unit=>1///type=>7///current_stock=>20///current_unit_price=>139///description=>Passport Case,Passport Case,Passport Case,Passport Case,Passport Case,Passport Case///min_stock_level=>5///max_stock_level=>10///status=>active///','2026-01-27 15:56:01','2026-01-27 15:56:01'),(214,1,'UPDATE',10,'Product','code=>10///name=>Passport Case///weight=>85.00///unit=>1///type=>///current_stock=>///current_unit_price=>///description=>Passport Case,Passport Case,Passport Case,Passport Case,Passport Case,Passport Case///min_stock_level=>5///max_stock_level=>10///status=>active///','2026-01-29 10:23:41','2026-01-29 10:23:41'),(215,1,'UPDATE',10,'Product','code=>10///name=>Passport Case///weight=>85.00///unit=>1///type=>7///current_stock=>///current_unit_price=>///description=>Passport Case,Passport Case,Passport Case,Passport Case,Passport Case,Passport Case///min_stock_level=>5///max_stock_level=>10///status=>active///','2026-01-29 10:31:46','2026-01-29 10:31:46'),(216,1,'UPDATE',8,'Product','code=>8///name=>Business card box///weight=>220.00///unit=>1///type=>8///current_stock=>///current_unit_price=>///description=>Business card box,Business card box,Business card box,Business card box///min_stock_level=>5///max_stock_level=>8///status=>active///','2026-01-29 10:35:52','2026-01-29 10:35:52'),(217,1,'UPDATE',10,'Product','code=>10///name=>Passport Case///weight=>85.00///unit=>1///type=>7///current_stock=>30///current_unit_price=>139.00///description=>Passport Case,Passport Case,Passport Case,Passport Case,Passport Case,Passport Case///min_stock_level=>5///max_stock_level=>10///status=>active///','2026-01-29 13:44:51','2026-01-29 13:44:51'),(218,1,'UPDATE',9,'Product','code=>9///name=>Craftsman key chain///weight=>215.00///unit=>1///type=>8///current_stock=>10///current_unit_price=>100///description=>///min_stock_level=>5///max_stock_level=>10///status=>active///','2026-01-29 13:48:38','2026-01-29 13:48:38'),(219,1,'UPDATE',3,'Product','code=>2///name=>Fan///weight=>2.00///unit=>1///type=>4///current_stock=>10///current_unit_price=>100///description=>///min_stock_level=>5///max_stock_level=>20///status=>active///','2026-01-29 14:01:42','2026-01-29 14:01:42'),(220,1,'INSERT',28,'Product','code=>5435///name=>fgadfgdfg///weight=>56///unit=>1///type=>15///current_stock=>10///current_unit_price=>100///description=>///min_stock_level=>5///max_stock_level=>30///status=>active///','2026-01-29 14:02:50','2026-01-29 14:02:50'),(221,1,'INSERT',29,'Product','code=>4534///name=>dfaertaergt///weight=>45///unit=>1///type=>9///current_stock=>10///current_unit_price=>100///description=>///min_stock_level=>5///max_stock_level=>30///status=>active///','2026-01-29 14:12:56','2026-01-29 14:12:56'),(222,1,'DELETE',30,'Product','code=>45343///name=>trysrtysrt///price=>100.00///weight=>45.00///description=>///min_stock_level=>5///max_stock_level=>10///status=>active///','2026-01-30 15:10:25','2026-01-30 15:10:25'),(223,1,'INSERT',187,'Order','{\"order_code\":\"2026\\/0014\",\"total_qty\":1,\"total_price\":199,\"has_premium\":false,\"items\":[{\"product_id\":23,\"product_name\":\"\\u0e25\\u0e39\\u0e01\\u0e1a\\u0e2d\\u0e25\",\"quantity\":1,\"product_price\":\"199.00\",\"item_status\":\"confirmed\"}]}','2026-02-02 14:16:59','2026-02-02 14:16:59'),(224,1,'UPDATE',187,'Order','{\"order_code\":\"2026\\/0014\",\"total_qty\":1,\"total_price\":199,\"has_premium\":false,\"items\":[{\"product_id\":23,\"product_name\":\"\\u0e25\\u0e39\\u0e01\\u0e1a\\u0e2d\\u0e25\",\"quantity\":1,\"product_price\":\"199.00\",\"item_status\":\"confirmed\"}]}','2026-02-02 15:23:21','2026-02-02 15:23:21'),(225,1,'UPDATE',187,'Order','{\"order_code\":\"2026\\/0014\",\"total_qty\":1,\"total_price\":199,\"has_premium\":false,\"items\":[{\"product_id\":23,\"product_name\":\"\\u0e25\\u0e39\\u0e01\\u0e1a\\u0e2d\\u0e25\",\"quantity\":1,\"product_price\":\"199.00\",\"item_status\":\"confirmed\"}]}','2026-02-02 15:24:51','2026-02-02 15:24:51'),(226,1,'UPDATE',187,'Order','{\"order_code\":\"2026\\/0014\",\"total_qty\":1,\"total_price\":199,\"has_premium\":false,\"items\":[{\"product_id\":23,\"product_name\":\"\\u0e25\\u0e39\\u0e01\\u0e1a\\u0e2d\\u0e25\",\"quantity\":1,\"product_price\":\"199.00\",\"item_status\":\"confirmed\"}]}','2026-02-02 15:25:13','2026-02-02 15:25:13'),(227,1,'UPDATE',187,'Order','{\"order_code\":\"2026\\/0014\",\"total_qty\":1,\"total_price\":199,\"has_premium\":false,\"items\":[{\"product_id\":23,\"product_name\":\"\\u0e25\\u0e39\\u0e01\\u0e1a\\u0e2d\\u0e25\",\"quantity\":1,\"product_price\":\"199.00\",\"item_status\":\"confirmed\"}]}','2026-02-02 15:25:52','2026-02-02 15:25:52'),(228,1,'UPDATE',187,'Order','{\"order_code\":\"2026\\/0014\",\"total_qty\":1,\"total_price\":199,\"has_premium\":false,\"items\":[{\"product_id\":23,\"product_name\":\"\\u0e25\\u0e39\\u0e01\\u0e1a\\u0e2d\\u0e25\",\"quantity\":1,\"product_price\":\"199.00\",\"item_status\":\"confirmed\"}]}','2026-02-02 15:43:52','2026-02-02 15:43:52'),(229,1,'UPDATE',187,'Order','{\"order_code\":\"2026\\/0014\",\"total_qty\":1,\"total_price\":199,\"has_premium\":false,\"items\":[{\"product_id\":23,\"product_name\":\"\\u0e25\\u0e39\\u0e01\\u0e1a\\u0e2d\\u0e25\",\"quantity\":1,\"product_price\":\"199.00\",\"item_status\":\"confirmed\"}]}','2026-02-02 15:46:45','2026-02-02 15:46:45'),(230,1,'UPDATE',187,'Order','{\"order_code\":\"2026\\/0014\",\"total_qty\":1,\"total_price\":199,\"has_premium\":false,\"items\":[{\"product_id\":23,\"product_name\":\"\\u0e25\\u0e39\\u0e01\\u0e1a\\u0e2d\\u0e25\",\"quantity\":1,\"product_price\":\"199.00\",\"item_status\":\"confirmed\"}]}','2026-02-02 15:46:47','2026-02-02 15:46:47'),(231,1,'UPDATE',187,'Order','{\"order_code\":\"2026\\/0014\",\"total_qty\":1,\"total_price\":199,\"has_premium\":false,\"items\":[{\"product_id\":23,\"product_name\":\"\\u0e25\\u0e39\\u0e01\\u0e1a\\u0e2d\\u0e25\",\"quantity\":1,\"product_price\":\"199.00\",\"item_status\":\"confirmed\"}]}','2026-02-02 15:51:58','2026-02-02 15:51:58'),(232,1,'UPDATE',187,'Order','{\"order_code\":\"2026\\/0014\",\"total_qty\":1,\"total_price\":199,\"has_premium\":false,\"items\":[{\"product_id\":23,\"product_name\":\"\\u0e25\\u0e39\\u0e01\\u0e1a\\u0e2d\\u0e25\",\"quantity\":1,\"product_price\":\"199.00\",\"item_status\":\"confirmed\"}]}','2026-02-02 15:59:13','2026-02-02 15:59:13'),(233,1,'UPDATE',187,'Order','{\"order_code\":\"2026\\/0014\",\"total_qty\":1,\"total_price\":199,\"has_premium\":false,\"items\":[{\"product_id\":23,\"product_name\":\"\\u0e25\\u0e39\\u0e01\\u0e1a\\u0e2d\\u0e25\",\"quantity\":1,\"product_price\":\"199.00\",\"item_status\":\"confirmed\"}]}','2026-02-02 15:59:17','2026-02-02 15:59:17'),(234,1,'UPDATE',187,'Order','{\"order_code\":\"2026\\/0014\",\"total_qty\":1,\"total_price\":199,\"has_premium\":false,\"items\":[{\"product_id\":23,\"product_name\":\"\\u0e25\\u0e39\\u0e01\\u0e1a\\u0e2d\\u0e25\",\"quantity\":1,\"product_price\":\"199.00\",\"item_status\":\"confirmed\"}]}','2026-02-02 16:00:53','2026-02-02 16:00:53'),(235,1,'UPDATE',187,'Order','{\"order_code\":\"2026\\/0014\",\"total_qty\":1,\"total_price\":199,\"has_premium\":false,\"items\":[{\"product_id\":23,\"product_name\":\"\\u0e25\\u0e39\\u0e01\\u0e1a\\u0e2d\\u0e25\",\"quantity\":1,\"product_price\":\"199.00\",\"item_status\":\"confirmed\"}]}','2026-02-02 16:00:57','2026-02-02 16:00:57'),(236,1,'UPDATE',187,'Order','{\"order_code\":\"2026\\/0014\",\"total_qty\":1,\"total_price\":199,\"has_premium\":false,\"items\":[{\"product_id\":23,\"product_name\":\"\\u0e25\\u0e39\\u0e01\\u0e1a\\u0e2d\\u0e25\",\"quantity\":1,\"product_price\":\"199.00\",\"item_status\":\"confirmed\"}]}','2026-02-02 16:02:15','2026-02-02 16:02:15'),(237,1,'INSERT',188,'Order','{\"order_code\":\"2026\\/0014\",\"total_qty\":1,\"total_price\":199,\"has_premium\":false,\"items\":[{\"product_id\":23,\"product_name\":\"\\u0e25\\u0e39\\u0e01\\u0e1a\\u0e2d\\u0e25\",\"quantity\":1,\"product_price\":\"199.00\",\"item_status\":\"confirmed\"}]}','2026-02-03 10:48:43','2026-02-03 10:48:43'),(238,75,'INSERT',189,'Order','{\"order_code\":\"2026\\/0015\",\"total_qty\":1,\"total_price\":199,\"has_premium\":false,\"items\":[{\"product_id\":23,\"product_name\":\"\\u0e25\\u0e39\\u0e01\\u0e1a\\u0e2d\\u0e25\",\"quantity\":1,\"product_price\":\"199.00\",\"item_status\":\"confirmed\"}]}','2026-02-03 14:08:41','2026-02-03 14:08:41'),(239,75,'INSERT',190,'Order','{\"order_code\":\"2026\\/0016\",\"total_qty\":1,\"total_price\":100,\"has_premium\":false,\"items\":[{\"product_id\":9,\"product_name\":\"Craftsman key chain\",\"quantity\":1,\"product_price\":\"100.00\",\"item_status\":\"confirmed\"}]}','2026-02-05 11:11:26','2026-02-05 11:11:26'),(240,75,'INSERT',191,'Order','{\"order_code\":\"2026\\/0017\",\"total_qty\":1,\"total_price\":100,\"has_premium\":false,\"items\":[{\"product_id\":9,\"product_name\":\"Craftsman key chain\",\"quantity\":1,\"product_price\":\"100.00\",\"item_status\":\"confirmed\"}]}','2026-02-05 11:12:10','2026-02-05 11:12:10'),(241,1,'DELETE',31,'Product','code=>76456///name=>gzdfgzdfg///price=>89.00///weight=>45.00///weight_unit=>///unit=>1///type=>14///description=>///min_stock_level=>5///max_stock_level=>20///status=>active///','2026-02-13 15:04:15','2026-02-13 15:04:15'),(242,1,'DELETE',15,'Product','code=>8999///name=>chicken///price=>///weight=>1020.00///weight_unit=>///unit=>///type=>5///description=>///min_stock_level=>///max_stock_level=>///status=>active///','2026-02-13 15:04:21','2026-02-13 15:04:21'),(243,1,'INSERT',192,'Order','{\"order_code\":\"2026\\/0018\",\"total_qty\":1,\"total_price\":89,\"has_premium\":false,\"items\":[{\"product_id\":8,\"product_name\":\"Business card box\",\"quantity\":1,\"product_price\":\"89.00\",\"item_status\":\"confirmed\"}]}','2026-02-13 15:04:33','2026-02-13 15:04:33'),(244,1,'UPDATE',192,'Order','{\"order_code\":\"2026\\/0018\",\"total_qty\":1,\"total_price\":89,\"has_premium\":false,\"items\":[{\"product_id\":8,\"product_name\":\"Business card box\",\"quantity\":1,\"product_price\":\"89.00\",\"item_status\":\"confirmed\"}]}','2026-02-13 15:06:45','2026-02-13 15:06:45'),(245,1,'UPDATE',192,'Order','{\"order_code\":\"2026\\/0018\",\"total_qty\":1,\"total_price\":89,\"has_premium\":false,\"items\":[{\"product_id\":8,\"product_name\":\"Business card box\",\"quantity\":1,\"product_price\":\"89.00\",\"item_status\":\"confirmed\"}]}','2026-02-13 15:07:27','2026-02-13 15:07:27'),(246,1,'UPDATE',192,'Order','{\"order_code\":\"2026\\/0018\",\"total_qty\":1,\"total_price\":89,\"has_premium\":false,\"items\":[{\"product_id\":8,\"product_name\":\"Business card box\",\"quantity\":1,\"product_price\":\"89.00\",\"item_status\":\"confirmed\"}]}','2026-02-13 15:07:37','2026-02-13 15:07:37'),(247,75,'INSERT',193,'Order','{\"order_code\":\"2026\\/0019\",\"total_qty\":2,\"total_price\":220,\"has_premium\":false,\"items\":[{\"product_id\":3,\"product_name\":\"Fan\",\"quantity\":1,\"product_price\":\"120.00\",\"item_status\":\"confirmed\"},{\"product_id\":9,\"product_name\":\"Craftsman key chain\",\"quantity\":1,\"product_price\":\"100.00\",\"item_status\":\"confirmed\"}]}','2026-03-06 14:05:03','2026-03-06 14:05:03'),(248,75,'INSERT',194,'Order','{\"order_code\":\"2026\\/0020\",\"total_qty\":2,\"total_price\":220,\"has_premium\":false,\"items\":[{\"product_id\":3,\"product_name\":\"Fan\",\"quantity\":1,\"product_price\":\"120.00\",\"item_status\":\"confirmed\"},{\"product_id\":9,\"product_name\":\"Craftsman key chain\",\"quantity\":1,\"product_price\":\"100.00\",\"item_status\":\"confirmed\"}]}','2026-03-11 14:04:18','2026-03-11 14:04:18'),(249,83,'INSERT',195,'Order','{\"order_code\":\"2026\\/0021\",\"total_qty\":1,\"total_price\":199,\"has_premium\":false,\"items\":[{\"product_id\":23,\"product_name\":\"\\u0e25\\u0e39\\u0e01\\u0e1a\\u0e2d\\u0e25\",\"quantity\":1,\"product_price\":\"199.00\",\"item_status\":\"confirmed\"}]}','2026-03-12 11:51:59','2026-03-12 11:51:59'),(250,1,'DELETE',14,'Product Type','product_type_name=>Accessories///','2026-03-13 15:00:16','2026-03-13 15:00:16'),(251,1,'DELETE',15,'Product Type','product_type_name=>Accessories///','2026-03-13 15:00:19','2026-03-13 15:00:19'),(252,1,'INSERT',196,'Order','{\"order_code\":\"2026\\/0022\",\"total_qty\":2,\"total_price\":265,\"has_premium\":true,\"items\":[{\"product_id\":11,\"product_name\":\"\\u0e17\\u0e14\\u0e2a\\u0e2d\\u0e1a\",\"quantity\":1,\"product_price\":\"66.00\",\"item_status\":\"pending\"},{\"product_id\":23,\"product_name\":\"\\u0e25\\u0e39\\u0e01\\u0e1a\\u0e2d\\u0e25\",\"quantity\":1,\"product_price\":\"199.00\",\"item_status\":\"confirmed\"}]}','2026-03-16 11:11:27','2026-03-16 11:11:27'),(253,75,'INSERT',197,'Order','{\"order_code\":\"2026\\/0023\",\"total_qty\":1,\"total_price\":199,\"has_premium\":false,\"items\":[{\"product_id\":23,\"product_name\":\"\\u0e25\\u0e39\\u0e01\\u0e1a\\u0e2d\\u0e25\",\"quantity\":1,\"product_price\":\"199.00\",\"item_status\":\"confirmed\"}]}','2026-03-16 13:28:59','2026-03-16 13:28:59'),(254,1,'INSERT',4,'Supplier','supplier_name=>Delta Electronics (Thailand)///','2026-03-16 13:55:07','2026-03-16 13:55:07'),(255,1,'DELETE',4,'Supplier','supplier_name=>Delta Electronics (Thailand)///','2026-03-16 13:55:48','2026-03-16 13:55:48'),(256,1,'INSERT',5,'Supplier','supplier_name=>CP All///','2026-03-16 13:56:01','2026-03-16 13:56:01'),(257,1,'INSERT',6,'Supplier','supplier_name=>Siam Cement Group (SCG)///','2026-03-16 13:56:13','2026-03-16 13:56:13'),(258,1,'UPDATE',196,'Order','{\"order_code\":\"2026\\/0022\",\"total_qty\":3,\"total_price\":464,\"has_premium\":true,\"items\":[{\"product_id\":11,\"product_name\":\"\\u0e17\\u0e14\\u0e2a\\u0e2d\\u0e1a\",\"quantity\":1,\"product_price\":\"66.00\",\"item_status\":\"pending\"},{\"product_id\":23,\"product_name\":\"\\u0e25\\u0e39\\u0e01\\u0e1a\\u0e2d\\u0e25\",\"quantity\":2,\"product_price\":\"199.00\",\"item_status\":\"confirmed\"}]}','2026-03-16 14:26:11','2026-03-16 14:26:11'),(259,1,'UPDATE',196,'Order','{\"order_code\":\"2026\\/0022\",\"total_qty\":1,\"total_price\":339,\"has_premium\":true,\"items\":[{\"product_id\":10,\"product_name\":\"Passport Case\",\"quantity\":1,\"product_price\":\"339.00\",\"item_status\":\"pending\"}]}','2026-03-16 14:30:53','2026-03-16 14:30:53'),(260,1,'APPROVE_ITEM',576,'OrderItem','order_item_id=>576///approved_by=>admin///','2026-03-16 14:31:29','2026-03-16 14:31:29'),(261,75,'UPDATE',197,'Order','{\"order_code\":\"2026\\/0023\",\"total_qty\":2,\"total_price\":265,\"has_premium\":true,\"items\":[{\"product_id\":11,\"product_name\":\"\\u0e17\\u0e14\\u0e2a\\u0e2d\\u0e1a\",\"quantity\":1,\"product_price\":\"66.00\",\"item_status\":\"pending\"},{\"product_id\":23,\"product_name\":\"\\u0e25\\u0e39\\u0e01\\u0e1a\\u0e2d\\u0e25\",\"quantity\":1,\"product_price\":\"199.00\",\"item_status\":\"confirmed\"}]}','2026-03-16 16:05:36','2026-03-16 16:05:36'),(262,75,'INSERT',198,'Order','{\"order_code\":\"2026\\/0024\",\"total_qty\":4,\"total_price\":670,\"has_premium\":true,\"items\":[{\"product_id\":10,\"product_name\":\"Passport Case\",\"quantity\":1,\"product_price\":\"339.00\",\"item_status\":\"pending\"},{\"product_id\":11,\"product_name\":\"\\u0e17\\u0e14\\u0e2a\\u0e2d\\u0e1a\",\"quantity\":2,\"product_price\":\"66.00\",\"item_status\":\"pending\"},{\"product_id\":23,\"product_name\":\"\\u0e25\\u0e39\\u0e01\\u0e1a\\u0e2d\\u0e25\",\"quantity\":1,\"product_price\":\"199.00\",\"item_status\":\"confirmed\"}]}','2026-03-17 13:23:58','2026-03-17 13:23:58'),(263,75,'UPDATE',198,'Order','{\"order_code\":\"2026\\/0024\",\"total_qty\":1,\"total_price\":199,\"has_premium\":false,\"items\":[{\"product_id\":23,\"product_name\":\"\\u0e25\\u0e39\\u0e01\\u0e1a\\u0e2d\\u0e25\",\"quantity\":1,\"product_price\":\"199.00\",\"item_status\":\"confirmed\"}]}','2026-03-17 13:24:14','2026-03-17 13:24:14'),(264,75,'INSERT',199,'Order','{\"order_code\":\"2026\\/0025\",\"total_qty\":2,\"total_price\":299,\"has_premium\":false,\"items\":[{\"product_id\":9,\"product_name\":\"Craftsman key chain\",\"quantity\":1,\"product_price\":\"100.00\",\"item_status\":\"confirmed\"},{\"product_id\":23,\"product_name\":\"\\u0e25\\u0e39\\u0e01\\u0e1a\\u0e2d\\u0e25\",\"quantity\":1,\"product_price\":\"199.00\",\"item_status\":\"confirmed\"}]}','2026-03-17 13:25:02','2026-03-17 13:25:02'),(265,75,'INSERT',200,'Order','{\"order_code\":\"2026\\/0026\",\"total_qty\":2,\"total_price\":299,\"has_premium\":false,\"items\":[{\"product_id\":9,\"product_name\":\"Craftsman key chain\",\"quantity\":1,\"product_price\":\"100.00\",\"item_status\":\"confirmed\"},{\"product_id\":23,\"product_name\":\"\\u0e25\\u0e39\\u0e01\\u0e1a\\u0e2d\\u0e25\",\"quantity\":1,\"product_price\":\"199.00\",\"item_status\":\"confirmed\"}]}','2026-03-17 13:32:31','2026-03-17 13:32:31'),(266,75,'UPDATE',200,'Order','{\"order_code\":\"2026\\/0026\",\"total_qty\":2,\"total_price\":299,\"has_premium\":false,\"items\":[{\"product_id\":9,\"product_name\":\"Craftsman key chain\",\"quantity\":1,\"product_price\":\"100.00\",\"item_status\":\"confirmed\"},{\"product_id\":23,\"product_name\":\"\\u0e25\\u0e39\\u0e01\\u0e1a\\u0e2d\\u0e25\",\"quantity\":1,\"product_price\":\"199.00\",\"item_status\":\"confirmed\"}]}','2026-03-17 13:32:42','2026-03-17 13:32:42'),(267,75,'UPDATE',200,'Order','{\"order_code\":\"2026\\/0026\",\"total_qty\":2,\"total_price\":299,\"has_premium\":false,\"items\":[{\"product_id\":9,\"product_name\":\"Craftsman key chain\",\"quantity\":1,\"product_price\":\"100.00\",\"item_status\":\"confirmed\"},{\"product_id\":23,\"product_name\":\"\\u0e25\\u0e39\\u0e01\\u0e1a\\u0e2d\\u0e25\",\"quantity\":1,\"product_price\":\"199.00\",\"item_status\":\"confirmed\"}]}','2026-03-17 13:32:49','2026-03-17 13:32:49'),(268,1,'INSERT',201,'Order','{\"order_code\":\"2026\\/0027\",\"total_qty\":1,\"total_price\":89,\"has_premium\":false,\"items\":[{\"product_id\":8,\"product_name\":\"Business card box\",\"quantity\":1,\"product_price\":\"89.00\",\"item_status\":\"confirmed\"}]}','2026-03-18 14:09:26','2026-03-18 14:09:26'),(269,1,'UPDATE',1,'User List','user_title=>///user_username=>///user_fullname=>Consult Admin///user_firstname=>Consult///user_lastname=>Admin///user_position=>///user_email=>consulting@siit.tu.ac.th///user_phone=>///user_address=>///user_division_id=>1///user_picture=>user_pictures_20260318_153754_69ba6462e668e.png///','2026-03-18 15:37:54','2026-03-18 15:37:54'),(270,75,'DELETE',23,'Product','code=>033///name=>ลูกบอล///price=>199.00///weight=>312.00///weight_unit=>///unit=>1///type=>10///description=>อุปกรณ์กีฬา///min_stock_level=>5///max_stock_level=>10///status=>active///','2026-03-18 15:43:27','2026-03-18 15:43:27'),(271,75,'DELETE',11,'Product','code=>0002///name=>ทดสอบ///price=>66.00///weight=>200.00///weight_unit=>grams///unit=>///type=>7///description=>สีดำ ไม่ใช่ สีแดง///min_stock_level=>5///max_stock_level=>10///status=>active///','2026-03-18 15:43:29','2026-03-18 15:43:29'),(272,75,'UPDATE',75,'User List','user_title=>///user_username=>Nalinee///user_fullname=>นลินี พุ่มประจำ///user_firstname=>นลินี///user_lastname=>พุ่มประจำ///user_position=>///user_email=>nalinee@siit.tu.ac.th///user_phone=>///user_address=>///user_division_id=>1///user_picture=>///','2026-03-18 15:46:45','2026-03-18 15:46:45'),(273,75,'UPDATE',75,'User List','user_title=>///user_username=>Nalinee///user_fullname=>นลินี พุ่มประจำ///user_firstname=>นลินี///user_lastname=>พุ่มประจำ///user_position=>///user_email=>nalinee@siit.tu.ac.th///user_phone=>///user_address=>///user_division_id=>1///user_picture=>user_pictures_20260318_154857_69ba66f992823.jpg///','2026-03-18 15:48:57','2026-03-18 15:48:57'),(274,75,'UPDATE',75,'User List','user_title=>///user_username=>Nalinee///user_fullname=>นลินี พุ่มประจำ///user_firstname=>นลินี///user_lastname=>พุ่มประจำ///user_position=>///user_email=>nalinee@siit.tu.ac.th///user_phone=>///user_address=>///user_division_id=>1///user_picture=>user_pictures_20260318_154908_69ba670422554.jpg///','2026-03-18 15:49:08','2026-03-18 15:49:08'),(275,75,'UPDATE',77,'User List','user_title=>///user_username=>Supervisor///user_fullname=>ทดสอบ ทดสอบ///user_firstname=>ทดสอบ///user_lastname=>ทดสอบ///user_position=>///user_email=>nalinee.phumprajam@gmail.com///user_phone=>///user_address=>///user_division_id=>1///user_picture=>user_pictures_20260318_162608_69ba6fb0130ae.jpg///','2026-03-18 16:26:08','2026-03-18 16:26:08'),(276,77,'INSERT',202,'Order','{\"order_code\":\"2026\\/0028\",\"total_qty\":1,\"total_price\":100,\"has_premium\":false,\"items\":[{\"product_id\":9,\"product_name\":\"Craftsman key chain\",\"quantity\":1,\"product_price\":\"100.00\",\"item_status\":\"confirmed\"}]}','2026-03-18 16:26:27','2026-03-18 16:26:27'),(277,75,'INSERT',90,'User List','user_userid=>90///user_title=>///user_username=>khimKhim///user_fullname=>Thanapha Thanapha///user_firstname=>Thanapha///user_lastname=>Thanapha///user_position=>///user_email=>Thanapha@siit.tu.ac.th///user_phone=>///user_address=>///user_division_id=>1///user_picture=>user_pictures_20260318_164155_69ba736310723.png///','2026-03-18 16:41:55','2026-03-18 16:41:55'),(278,90,'INSERT',203,'Order','{\"order_code\":\"2026\\/0029\",\"total_qty\":2,\"total_price\":439,\"has_premium\":true,\"items\":[{\"product_id\":9,\"product_name\":\"Craftsman key chain\",\"quantity\":1,\"product_price\":\"100.00\",\"item_status\":\"confirmed\"},{\"product_id\":10,\"product_name\":\"Passport Case\",\"quantity\":1,\"product_price\":\"339.00\",\"item_status\":\"pending\"}]}','2026-03-18 16:44:17','2026-03-18 16:44:17'),(279,90,'UPDATE',203,'Order','{\"order_code\":\"2026\\/0029\",\"total_qty\":2,\"total_price\":439,\"has_premium\":true,\"items\":[{\"product_id\":9,\"product_name\":\"Craftsman key chain\",\"quantity\":1,\"product_price\":\"100.00\",\"item_status\":\"confirmed\"},{\"product_id\":10,\"product_name\":\"Passport Case\",\"quantity\":1,\"product_price\":\"339.00\",\"item_status\":\"pending\"}]}','2026-03-18 16:44:40','2026-03-18 16:44:40'),(280,75,'INSERT',204,'Order','{\"order_code\":\"2026\\/0030\",\"total_qty\":1,\"total_price\":100,\"has_premium\":false,\"items\":[{\"product_id\":9,\"product_name\":\"Craftsman key chain\",\"quantity\":1,\"product_price\":\"100.00\",\"item_status\":\"confirmed\"}]}','2026-03-19 13:08:56','2026-03-19 13:08:56'),(281,76,'INSERT',205,'Order','{\"order_code\":\"2026\\/0031\",\"total_qty\":2,\"total_price\":189,\"has_premium\":false,\"items\":[{\"product_id\":8,\"product_name\":\"Business card box\",\"quantity\":1,\"product_price\":\"89.00\",\"item_status\":\"confirmed\"},{\"product_id\":9,\"product_name\":\"Craftsman key chain\",\"quantity\":1,\"product_price\":\"100.00\",\"item_status\":\"confirmed\"}]}','2026-03-19 13:19:33','2026-03-19 13:19:33'),(282,1,'INSERT',206,'Order','{\"order_code\":\"2026\\/0032\",\"total_qty\":2,\"total_price\":428,\"has_premium\":true,\"items\":[{\"product_id\":8,\"product_name\":\"Business card box\",\"quantity\":1,\"product_price\":\"89.00\",\"item_status\":\"confirmed\"},{\"product_id\":10,\"product_name\":\"Passport Case\",\"quantity\":1,\"product_price\":\"339.00\",\"item_status\":\"pending\"}]}','2026-03-19 14:20:07','2026-03-19 14:20:07'),(283,1,'UPDATE',206,'Order','{\"order_code\":\"2026\\/0032\",\"total_qty\":2,\"total_price\":428,\"has_premium\":true,\"items\":[{\"product_id\":8,\"product_name\":\"Business card box\",\"quantity\":1,\"product_price\":\"89.00\",\"item_status\":\"confirmed\"},{\"product_id\":10,\"product_name\":\"Passport Case\",\"quantity\":1,\"product_price\":\"339.00\",\"item_status\":\"pending\"}]}','2026-03-19 14:33:33','2026-03-19 14:33:33'),(284,1,'UPDATE',206,'Order','{\"order_code\":\"2026\\/0032\",\"total_qty\":2,\"total_price\":428,\"has_premium\":true,\"items\":[{\"product_id\":8,\"product_name\":\"Business card box\",\"quantity\":1,\"product_price\":\"89.00\",\"item_status\":\"confirmed\"},{\"product_id\":10,\"product_name\":\"Passport Case\",\"quantity\":1,\"product_price\":\"339.00\",\"item_status\":\"pending\"}]}','2026-03-19 14:34:12','2026-03-19 14:34:12'),(285,1,'INSERT',207,'Order','{\"order_code\":\"2026\\/0033\",\"total_qty\":1,\"total_price\":339,\"has_premium\":true,\"items\":[{\"product_id\":10,\"product_name\":\"Passport Case\",\"quantity\":1,\"product_price\":\"339.00\",\"item_status\":\"pending\"}]}','2026-03-20 11:17:54','2026-03-20 11:17:54'),(286,1,'UPDATE',207,'Order','{\"order_code\":\"2026\\/0033\",\"total_qty\":1,\"total_price\":100,\"has_premium\":false,\"items\":[{\"product_id\":9,\"product_name\":\"Craftsman key chain\",\"quantity\":1,\"product_price\":\"100.00\",\"item_status\":\"confirmed\"}]}','2026-03-20 11:19:54','2026-03-20 11:19:54'),(287,1,'INSERT',208,'Order','{\"order_code\":\"2026\\/0034\",\"total_qty\":2,\"total_price\":189,\"has_premium\":false,\"items\":[{\"product_id\":8,\"product_name\":\"Business card box\",\"quantity\":1,\"product_price\":\"89.00\",\"item_status\":\"confirmed\"},{\"product_id\":9,\"product_name\":\"Craftsman key chain\",\"quantity\":1,\"product_price\":\"100.00\",\"item_status\":\"confirmed\"}]}','2026-03-20 11:22:32','2026-03-20 11:22:32'),(288,1,'UPDATE',208,'Order','{\"order_code\":\"2026\\/0034\",\"total_qty\":3,\"total_price\":528,\"has_premium\":true,\"items\":[{\"product_id\":8,\"product_name\":\"Business card box\",\"quantity\":1,\"product_price\":\"89.00\",\"item_status\":\"confirmed\"},{\"product_id\":9,\"product_name\":\"Craftsman key chain\",\"quantity\":1,\"product_price\":\"100.00\",\"item_status\":\"confirmed\"},{\"product_id\":10,\"product_name\":\"Passport Case\",\"quantity\":1,\"product_price\":\"339.00\",\"item_status\":\"pending\"}]}','2026-03-20 11:23:01','2026-03-20 11:23:01'),(289,1,'UPDATE',5,'Supplier','supplier_name=>CP All///supplier_address=>BKK,Thailand///','2026-03-20 13:34:27','2026-03-20 13:34:27'),(290,1,'APPROVE',203,'Order','order_code=>2026/0029///status=>pending///approved_by=>admin///','2026-03-23 13:51:31','2026-03-23 13:51:31'),(291,1,'CREATE',32,'Product','Stock action: INIT','2026-03-23 16:18:58','2026-03-23 16:18:58'),(292,1,'INSERT',209,'Order','{\"order_code\":\"2026\\/0035\",\"total_qty\":1,\"total_price\":3999,\"has_premium\":false,\"items\":[{\"product_id\":32,\"product_name\":\"Mouse Logitech g pro\",\"quantity\":1,\"product_price\":\"3999.00\",\"item_status\":\"confirmed\"}]}','2026-03-23 16:19:53','2026-03-23 16:19:53'),(293,1,'INSERT',210,'Order','{\"order_code\":\"2026\\/0036\",\"total_qty\":2,\"total_price\":459,\"has_premium\":true,\"items\":[{\"product_id\":3,\"product_name\":\"Fan\",\"quantity\":1,\"product_price\":\"120.00\",\"item_status\":\"confirmed\"},{\"product_id\":10,\"product_name\":\"Passport Case\",\"quantity\":1,\"product_price\":\"339.00\",\"item_status\":\"pending\"}]}','2026-03-24 11:38:44','2026-03-24 11:38:44'),(294,1,'UPDATE',210,'Order','{\"order_code\":\"2026\\/0036\",\"total_qty\":1,\"total_price\":120,\"has_premium\":false,\"items\":[{\"product_id\":3,\"product_name\":\"Fan\",\"quantity\":1,\"product_price\":\"120.00\",\"item_status\":\"confirmed\"}]}','2026-03-24 11:40:45','2026-03-24 11:40:45'),(295,75,'INSERT',211,'Order','{\"order_code\":\"2026\\/0037\",\"total_qty\":3,\"total_price\":4188,\"has_premium\":false,\"items\":[{\"product_id\":8,\"product_name\":\"Business card box\",\"quantity\":1,\"product_price\":\"89.00\",\"item_status\":\"confirmed\"},{\"product_id\":9,\"product_name\":\"Craftsman key chain\",\"quantity\":1,\"product_price\":\"100.00\",\"item_status\":\"confirmed\"},{\"product_id\":32,\"product_name\":\"Mouse Logitech g pro\",\"quantity\":1,\"product_price\":\"3999.00\",\"item_status\":\"confirmed\"}]}','2026-03-24 15:31:06','2026-03-24 15:31:06'),(296,75,'INSERT',212,'Order','{\"order_code\":\"2026\\/0038\",\"total_qty\":2,\"total_price\":4088,\"has_premium\":false,\"items\":[{\"product_id\":8,\"product_name\":\"Business card box\",\"quantity\":1,\"product_price\":\"89.00\",\"item_status\":\"confirmed\"},{\"product_id\":32,\"product_name\":\"Mouse Logitech g pro\",\"quantity\":1,\"product_price\":\"3999.00\",\"item_status\":\"confirmed\"}]}','2026-03-24 15:32:31','2026-03-24 15:32:31'),(297,75,'INSERT',213,'Order','{\"order_code\":\"2026\\/0039\",\"total_qty\":2,\"total_price\":4088,\"has_premium\":false,\"items\":[{\"product_id\":8,\"product_name\":\"Business card box\",\"quantity\":1,\"product_price\":\"89.00\",\"item_status\":\"confirmed\"},{\"product_id\":32,\"product_name\":\"Mouse Logitech g pro\",\"quantity\":1,\"product_price\":\"3999.00\",\"item_status\":\"confirmed\"}]}','2026-03-24 15:35:38','2026-03-24 15:35:38'),(298,1,'INSERT',1,'Order','{\"order_code\":\"2026\\/0001\",\"total_qty\":3,\"total_price\":8337,\"has_premium\":true,\"items\":[{\"product_id\":10,\"product_name\":\"Passport Case\",\"quantity\":1,\"product_price\":\"339.00\",\"item_status\":\"pending\"},{\"product_id\":32,\"product_name\":\"Mouse Logitech g pro\",\"quantity\":2,\"product_price\":\"3999.00\",\"item_status\":\"confirmed\"}]}','2026-03-24 15:46:46','2026-03-24 15:46:46'),(299,1,'UPDATE',1,'Order','{\"order_code\":\"2026\\/0001\",\"total_qty\":3,\"total_price\":8337,\"has_premium\":true,\"items\":[{\"product_id\":10,\"product_name\":\"Passport Case\",\"quantity\":1,\"product_price\":\"339.00\",\"item_status\":\"pending\"},{\"product_id\":32,\"product_name\":\"Mouse Logitech g pro\",\"quantity\":2,\"product_price\":\"3999.00\",\"item_status\":\"confirmed\"}]}','2026-03-24 15:50:18','2026-03-24 15:50:18'),(300,1,'UPDATE',1,'Order','{\"order_code\":\"2026\\/0001\",\"total_qty\":3,\"total_price\":8337,\"has_premium\":true,\"items\":[{\"product_id\":10,\"product_name\":\"Passport Case\",\"quantity\":1,\"product_price\":\"339.00\",\"item_status\":\"pending\"},{\"product_id\":32,\"product_name\":\"Mouse Logitech g pro\",\"quantity\":2,\"product_price\":\"3999.00\",\"item_status\":\"confirmed\"}]}','2026-03-24 15:51:03','2026-03-24 15:51:03'),(301,1,'UPDATE',1,'Order','{\"order_code\":\"2026\\/0001\",\"total_qty\":3,\"total_price\":8337,\"has_premium\":true,\"items\":[{\"product_id\":10,\"product_name\":\"Passport Case\",\"quantity\":1,\"product_price\":\"339.00\",\"item_status\":\"pending\"},{\"product_id\":32,\"product_name\":\"Mouse Logitech g pro\",\"quantity\":2,\"product_price\":\"3999.00\",\"item_status\":\"confirmed\"}]}','2026-03-24 15:51:58','2026-03-24 15:51:58'),(302,1,'UPDATE',1,'Order','{\"order_code\":\"2026\\/0001\",\"total_qty\":3,\"total_price\":8337,\"has_premium\":true,\"items\":[{\"product_id\":10,\"product_name\":\"Passport Case\",\"quantity\":1,\"product_price\":\"339.00\",\"item_status\":\"pending\"},{\"product_id\":32,\"product_name\":\"Mouse Logitech g pro\",\"quantity\":2,\"product_price\":\"3999.00\",\"item_status\":\"confirmed\"}]}','2026-03-24 15:52:29','2026-03-24 15:52:29'),(303,1,'UPDATE',1,'Order','{\"order_code\":\"2026\\/0001\",\"total_qty\":3,\"total_price\":8337,\"has_premium\":true,\"items\":[{\"product_id\":10,\"product_name\":\"Passport Case\",\"quantity\":1,\"product_price\":\"339.00\",\"item_status\":\"pending\"},{\"product_id\":32,\"product_name\":\"Mouse Logitech g pro\",\"quantity\":2,\"product_price\":\"3999.00\",\"item_status\":\"confirmed\"}]}','2026-03-24 15:54:41','2026-03-24 15:54:41'),(304,1,'UPDATE',1,'Order','{\"order_code\":\"2026\\/0001\",\"total_qty\":3,\"total_price\":8337,\"has_premium\":true,\"items\":[{\"product_id\":10,\"product_name\":\"Passport Case\",\"quantity\":1,\"product_price\":\"339.00\",\"item_status\":\"pending\"},{\"product_id\":32,\"product_name\":\"Mouse Logitech g pro\",\"quantity\":2,\"product_price\":\"3999.00\",\"item_status\":\"confirmed\"}]}','2026-03-24 15:55:01','2026-03-24 15:55:01'),(305,1,'UPDATE',1,'Order','{\"order_code\":\"2026\\/0001\",\"total_qty\":3,\"total_price\":8337,\"has_premium\":true,\"items\":[{\"product_id\":10,\"product_name\":\"Passport Case\",\"quantity\":1,\"product_price\":\"339.00\",\"item_status\":\"pending\"},{\"product_id\":32,\"product_name\":\"Mouse Logitech g pro\",\"quantity\":2,\"product_price\":\"3999.00\",\"item_status\":\"confirmed\"}]}','2026-03-24 15:55:24','2026-03-24 15:55:24'),(306,1,'UPDATE',1,'Order','{\"order_code\":\"2026\\/0001\",\"total_qty\":3,\"total_price\":8337,\"has_premium\":true,\"items\":[{\"product_id\":10,\"product_name\":\"Passport Case\",\"quantity\":1,\"product_price\":\"339.00\",\"item_status\":\"pending\"},{\"product_id\":32,\"product_name\":\"Mouse Logitech g pro\",\"quantity\":2,\"product_price\":\"3999.00\",\"item_status\":\"confirmed\"}]}','2026-03-24 15:55:38','2026-03-24 15:55:38'),(307,75,'INSERT',2,'Order','{\"order_code\":\"2026\\/0002\",\"total_qty\":2,\"total_price\":4088,\"has_premium\":false,\"items\":[{\"product_id\":8,\"product_name\":\"Business card box\",\"quantity\":1,\"product_price\":\"89.00\",\"item_status\":\"confirmed\"},{\"product_id\":32,\"product_name\":\"Mouse Logitech g pro\",\"quantity\":1,\"product_price\":\"3999.00\",\"item_status\":\"confirmed\"}]}','2026-03-24 16:24:07','2026-03-24 16:24:07'),(308,1,'UPDATE',1,'Order','{\"order_code\":\"2026\\/0001\",\"total_qty\":3,\"total_price\":8337,\"has_premium\":true,\"items\":[{\"product_id\":10,\"product_name\":\"Passport Case\",\"quantity\":1,\"product_price\":\"339.00\",\"item_status\":\"pending\"},{\"product_id\":32,\"product_name\":\"Mouse Logitech g pro\",\"quantity\":2,\"product_price\":\"3999.00\",\"item_status\":\"confirmed\"}]}','2026-03-24 16:40:08','2026-03-24 16:40:08'),(309,75,'INSERT',3,'Order','{\"order_code\":\"2026\\/0003\",\"total_qty\":2,\"total_price\":4088,\"has_premium\":false,\"items\":[{\"product_id\":8,\"product_name\":\"Business card box\",\"quantity\":1,\"product_price\":\"89.00\",\"item_status\":\"confirmed\"},{\"product_id\":32,\"product_name\":\"Mouse Logitech g pro\",\"quantity\":1,\"product_price\":\"3999.00\",\"item_status\":\"confirmed\"}]}','2026-03-25 10:11:11','2026-03-25 10:11:11'),(310,75,'INSERT',4,'Order','{\"order_code\":\"2026\\/0004\",\"total_qty\":2,\"total_price\":4088,\"has_premium\":false,\"items\":[{\"product_id\":8,\"product_name\":\"Business card box\",\"quantity\":1,\"product_price\":\"89.00\",\"item_status\":\"confirmed\"},{\"product_id\":32,\"product_name\":\"Mouse Logitech g pro\",\"quantity\":1,\"product_price\":\"3999.00\",\"item_status\":\"confirmed\"}]}','2026-03-25 10:29:35','2026-03-25 10:29:35'),(311,75,'INSERT',5,'Order','{\"order_code\":\"2026\\/0005\",\"total_qty\":2,\"total_price\":4088,\"has_premium\":false,\"items\":[{\"product_id\":8,\"product_name\":\"Business card box\",\"quantity\":1,\"product_price\":\"89.00\",\"item_status\":\"confirmed\"},{\"product_id\":32,\"product_name\":\"Mouse Logitech g pro\",\"quantity\":1,\"product_price\":\"3999.00\",\"item_status\":\"confirmed\"}]}','2026-03-25 10:43:42','2026-03-25 10:43:42'),(312,75,'INSERT',6,'Order','{\"order_code\":\"2026\\/0006\",\"total_qty\":2,\"total_price\":4088,\"has_premium\":false,\"items\":[{\"product_id\":8,\"product_name\":\"Business card box\",\"quantity\":1,\"product_price\":\"89.00\",\"item_status\":\"approved\"},{\"product_id\":32,\"product_name\":\"Mouse Logitech g pro\",\"quantity\":1,\"product_price\":\"3999.00\",\"item_status\":\"approved\"}]}','2026-03-25 12:26:20','2026-03-25 12:26:20'),(313,75,'INSERT',7,'Order','{\"order_code\":\"2026\\/0007\",\"total_qty\":2,\"total_price\":4088,\"has_premium\":false,\"items\":[{\"product_id\":8,\"product_name\":\"Business card box\",\"quantity\":1,\"product_price\":\"89.00\",\"item_status\":\"approved\"},{\"product_id\":32,\"product_name\":\"Mouse Logitech g pro\",\"quantity\":1,\"product_price\":\"3999.00\",\"item_status\":\"approved\"}]}','2026-03-25 13:03:43','2026-03-25 13:03:43'),(314,1,'INSERT',8,'Order','{\"order_code\":\"2026\\/0008\",\"total_qty\":2,\"total_price\":459,\"has_premium\":true,\"items\":[{\"product_id\":3,\"product_name\":\"Fan\",\"quantity\":1,\"product_price\":\"120.00\",\"item_status\":\"approved\"},{\"product_id\":10,\"product_name\":\"Passport Case\",\"quantity\":1,\"product_price\":\"339.00\",\"item_status\":\"pending\"}]}','2026-03-25 14:33:35','2026-03-25 14:33:35'),(315,1,'UPDATE',8,'Order','{\"order_code\":\"2026\\/0008\",\"total_qty\":2,\"total_price\":459,\"has_premium\":true,\"items\":[{\"product_id\":3,\"product_name\":\"Fan\",\"quantity\":1,\"product_price\":\"120.00\",\"item_status\":\"approved\"},{\"product_id\":10,\"product_name\":\"Passport Case\",\"quantity\":1,\"product_price\":\"339.00\",\"item_status\":\"pending\"}]}','2026-03-25 14:36:40','2026-03-25 14:36:40'),(316,75,'INSERT',9,'Order','{\"order_code\":\"2026\\/0009\",\"total_qty\":3,\"total_price\":4427,\"has_premium\":true,\"items\":[{\"product_id\":8,\"product_name\":\"Business card box\",\"quantity\":1,\"product_price\":\"89.00\",\"item_status\":\"approved\"},{\"product_id\":10,\"product_name\":\"Passport Case\",\"quantity\":1,\"product_price\":\"339.00\",\"item_status\":\"pending\"},{\"product_id\":32,\"product_name\":\"Mouse Logitech g pro\",\"quantity\":1,\"product_price\":\"3999.00\",\"item_status\":\"approved\"}]}','2026-03-25 15:29:32','2026-03-25 15:29:32'),(317,1,'CREATE',33,'Product','Save Product Info','2026-03-25 16:20:46','2026-03-25 16:20:46'),(318,1,'INSERT',1,'Order','{\"order_code\":\"2026\\/0001\",\"total_qty\":3,\"total_price\":7581,\"has_premium\":true,\"items\":[{\"product_id\":10,\"product_name\":\"Passport Case\",\"quantity\":1,\"product_price\":\"339.00\",\"item_status\":\"pending\"},{\"product_id\":32,\"product_name\":\"Mouse Logitech g pro\",\"quantity\":1,\"product_price\":\"3999.00\",\"item_status\":\"approved\"},{\"product_id\":33,\"product_name\":\"Keyboard Logitech G PRO\",\"quantity\":1,\"product_price\":\"3243.00\",\"item_status\":\"approved\"}]}','2026-03-26 14:46:04','2026-03-26 14:46:04'),(319,1,'UPDATE',1,'Order','{\"order_code\":\"2026\\/0001\",\"total_qty\":3,\"total_price\":7581,\"has_premium\":true,\"items\":[{\"product_id\":10,\"product_name\":\"Passport Case\",\"quantity\":1,\"product_price\":\"339.00\",\"item_status\":\"pending\"},{\"product_id\":32,\"product_name\":\"Mouse Logitech g pro\",\"quantity\":1,\"product_price\":\"3999.00\",\"item_status\":\"approved\"},{\"product_id\":33,\"product_name\":\"Keyboard Logitech G PRO\",\"quantity\":1,\"product_price\":\"3243.00\",\"item_status\":\"approved\"}]}','2026-03-26 14:48:35','2026-03-26 14:48:35'),(320,1,'UPDATE',1,'Order','{\"order_code\":\"2026\\/0001\",\"total_qty\":3,\"total_price\":7581,\"has_premium\":true,\"items\":[{\"product_id\":10,\"product_name\":\"Passport Case\",\"quantity\":1,\"product_price\":\"339.00\",\"item_status\":\"pending\"},{\"product_id\":32,\"product_name\":\"Mouse Logitech g pro\",\"quantity\":1,\"product_price\":\"3999.00\",\"item_status\":\"approved\"},{\"product_id\":33,\"product_name\":\"Keyboard Logitech G PRO\",\"quantity\":1,\"product_price\":\"3243.00\",\"item_status\":\"approved\"}]}','2026-03-26 14:49:09','2026-03-26 14:49:09'),(321,1,'UPDATE',1,'Order','{\"order_code\":\"2026\\/0001\",\"total_qty\":3,\"total_price\":7581,\"has_premium\":true,\"items\":[{\"product_id\":10,\"product_name\":\"Passport Case\",\"quantity\":1,\"product_price\":\"339.00\",\"item_status\":\"pending\"},{\"product_id\":32,\"product_name\":\"Mouse Logitech g pro\",\"quantity\":1,\"product_price\":\"3999.00\",\"item_status\":\"approved\"},{\"product_id\":33,\"product_name\":\"Keyboard Logitech G PRO\",\"quantity\":1,\"product_price\":\"3243.00\",\"item_status\":\"approved\"}]}','2026-03-26 15:06:40','2026-03-26 15:06:40'),(322,1,'UPDATE',1,'Order','{\"order_code\":\"2026\\/0001\",\"total_qty\":3,\"total_price\":7581,\"has_premium\":true,\"items\":[{\"product_id\":10,\"product_name\":\"Passport Case\",\"quantity\":1,\"product_price\":\"339.00\",\"item_status\":\"pending\"},{\"product_id\":32,\"product_name\":\"Mouse Logitech g pro\",\"quantity\":1,\"product_price\":\"3999.00\",\"item_status\":\"approved\"},{\"product_id\":33,\"product_name\":\"Keyboard Logitech G PRO\",\"quantity\":1,\"product_price\":\"3243.00\",\"item_status\":\"approved\"}]}','2026-03-26 15:10:02','2026-03-26 15:10:02'),(323,1,'INSERT',1,'Order','{\"order_code\":\"2026\\/0001\",\"total_qty\":4,\"total_price\":7920,\"has_premium\":true,\"items\":[{\"product_id\":10,\"product_name\":\"Passport Case\",\"quantity\":2,\"product_price\":\"339.00\",\"item_status\":\"pending\"},{\"product_id\":32,\"product_name\":\"Mouse Logitech g pro\",\"quantity\":1,\"product_price\":\"3999.00\",\"item_status\":\"approved\"},{\"product_id\":33,\"product_name\":\"Keyboard Logitech G PRO\",\"quantity\":1,\"product_price\":\"3243.00\",\"item_status\":\"approved\"}]}','2026-03-26 15:27:22','2026-03-26 15:27:22'),(324,1,'INSERT',2,'Order','{\"order_code\":\"2026\\/0001\",\"total_qty\":4,\"total_price\":7920,\"has_premium\":true,\"items\":[{\"product_id\":10,\"product_name\":\"Passport Case\",\"quantity\":2,\"product_price\":\"339.00\",\"item_status\":\"pending\"},{\"product_id\":32,\"product_name\":\"Mouse Logitech g pro\",\"quantity\":1,\"product_price\":\"3999.00\",\"item_status\":\"approved\"},{\"product_id\":33,\"product_name\":\"Keyboard Logitech G PRO\",\"quantity\":1,\"product_price\":\"3243.00\",\"item_status\":\"approved\"}]}','2026-03-26 15:46:24','2026-03-26 15:46:24'),(325,1,'INSERT',3,'Order','{\"order_code\":\"2026\\/0001\",\"total_qty\":4,\"total_price\":7920,\"has_premium\":true,\"items\":[{\"product_id\":10,\"product_name\":\"Passport Case\",\"quantity\":2,\"product_price\":\"339.00\",\"item_status\":\"pending\"},{\"product_id\":32,\"product_name\":\"Mouse Logitech g pro\",\"quantity\":1,\"product_price\":\"3999.00\",\"item_status\":\"approved\"},{\"product_id\":33,\"product_name\":\"Keyboard Logitech G PRO\",\"quantity\":1,\"product_price\":\"3243.00\",\"item_status\":\"approved\"}]}','2026-03-26 15:57:11','2026-03-26 15:57:11'),(326,1,'INSERT',4,'Order','{\"order_code\":\"2026\\/0001\",\"total_qty\":4,\"total_price\":7920,\"has_premium\":true,\"items\":[{\"product_id\":10,\"product_name\":\"Passport Case\",\"quantity\":2,\"product_price\":\"339.00\",\"item_status\":\"pending\"},{\"product_id\":32,\"product_name\":\"Mouse Logitech g pro\",\"quantity\":1,\"product_price\":\"3999.00\",\"item_status\":\"approved\"},{\"product_id\":33,\"product_name\":\"Keyboard Logitech G PRO\",\"quantity\":1,\"product_price\":\"3243.00\",\"item_status\":\"approved\"}]}','2026-03-26 16:24:47','2026-03-26 16:24:47'),(327,1,'INSERT',5,'Order','{\"order_code\":\"2026\\/0001\",\"total_qty\":4,\"total_price\":7920,\"has_premium\":true,\"items\":[{\"product_id\":10,\"product_name\":\"Passport Case\",\"quantity\":2,\"product_price\":\"339.00\",\"item_status\":\"pending\"},{\"product_id\":32,\"product_name\":\"Mouse Logitech g pro\",\"quantity\":1,\"product_price\":\"3999.00\",\"item_status\":\"approved\"},{\"product_id\":33,\"product_name\":\"Keyboard Logitech G PRO\",\"quantity\":1,\"product_price\":\"3243.00\",\"item_status\":\"approved\"}]}','2026-03-26 16:27:23','2026-03-26 16:27:23'),(328,1,'APPROVE_ITEM',5,'OrderItem','order_item_id=>28','2026-03-30 14:27:43','2026-03-30 14:27:43'),(329,1,'INSERT',6,'Order','{\"order_code\":\"2026\\/0002\",\"total_qty\":3,\"total_price\":767,\"has_premium\":true,\"items\":[{\"product_id\":8,\"product_name\":\"Business card box\",\"quantity\":1,\"product_price\":\"89.00\",\"item_status\":\"draft\"},{\"product_id\":10,\"product_name\":\"Passport Case\",\"quantity\":2,\"product_price\":\"339.00\",\"item_status\":\"draft\"}]}','2026-03-30 17:09:37','2026-03-30 17:09:37'),(330,1,'INSERT',7,'Order','{\"order_code\":\"2026\\/0002\",\"total_qty\":3,\"total_price\":767,\"has_premium\":true,\"items\":[{\"product_id\":8,\"product_name\":\"Business card box\",\"quantity\":1,\"product_price\":\"89.00\",\"item_status\":\"draft\"},{\"product_id\":10,\"product_name\":\"Passport Case\",\"quantity\":2,\"product_price\":\"339.00\",\"item_status\":\"draft\"}]}','2026-03-30 17:15:41','2026-03-30 17:15:41'),(331,1,'INSERT',8,'Order','{\"order_code\":\"2026\\/0002\",\"total_qty\":3,\"total_price\":767,\"has_premium\":true,\"items\":[{\"product_id\":8,\"product_name\":\"Business card box\",\"quantity\":1,\"product_price\":\"89.00\",\"item_status\":\"draft\"},{\"product_id\":10,\"product_name\":\"Passport Case\",\"quantity\":2,\"product_price\":\"339.00\",\"item_status\":\"draft\"}]}','2026-03-30 17:19:29','2026-03-30 17:19:29'),(332,1,'INSERT',9,'Order','{\"order_code\":\"2026\\/0002\",\"total_qty\":3,\"total_price\":767,\"has_premium\":true,\"items\":[{\"product_id\":8,\"product_name\":\"Business card box\",\"quantity\":1,\"product_price\":\"89.00\",\"item_status\":\"draft\"},{\"product_id\":10,\"product_name\":\"Passport Case\",\"quantity\":2,\"product_price\":\"339.00\",\"item_status\":\"draft\"}]}','2026-03-30 17:22:39','2026-03-30 17:22:39'),(333,1,'INSERT',10,'Order','{\"order_code\":\"2026\\/0002\",\"total_qty\":3,\"total_price\":767,\"has_premium\":true,\"items\":[{\"product_id\":8,\"product_name\":\"Business card box\",\"quantity\":1,\"product_price\":\"89.00\",\"item_status\":\"draft\"},{\"product_id\":10,\"product_name\":\"Passport Case\",\"quantity\":2,\"product_price\":\"339.00\",\"item_status\":\"draft\"}]}','2026-03-30 17:27:20','2026-03-30 17:27:20'),(334,1,'INSERT',11,'Order','{\"order_code\":\"2026\\/0002\",\"total_qty\":3,\"total_price\":767,\"has_premium\":true,\"items\":[{\"product_id\":8,\"product_name\":\"Business card box\",\"quantity\":1,\"product_price\":\"89.00\",\"item_status\":\"draft\"},{\"product_id\":10,\"product_name\":\"Passport Case\",\"quantity\":2,\"product_price\":\"339.00\",\"item_status\":\"draft\"}]}','2026-03-30 17:30:31','2026-03-30 17:30:31'),(335,1,'INSERT',12,'Order','{\"order_code\":\"2026\\/0002\",\"total_qty\":3,\"total_price\":767,\"has_premium\":true,\"items\":[{\"product_id\":8,\"product_name\":\"Business card box\",\"quantity\":1,\"product_price\":\"89.00\",\"item_status\":\"draft\"},{\"product_id\":10,\"product_name\":\"Passport Case\",\"quantity\":2,\"product_price\":\"339.00\",\"item_status\":\"draft\"}]}','2026-03-30 17:38:17','2026-03-30 17:38:17'),(336,1,'INSERT',13,'Order','{\"order_code\":\"2026\\/0002\",\"total_qty\":3,\"total_price\":767,\"has_premium\":true,\"items\":[{\"product_id\":8,\"product_name\":\"Business card box\",\"quantity\":1,\"product_price\":\"89.00\",\"item_status\":\"draft\"},{\"product_id\":10,\"product_name\":\"Passport Case\",\"quantity\":2,\"product_price\":\"339.00\",\"item_status\":\"draft\"}]}','2026-03-31 10:21:53','2026-03-31 10:21:53'),(337,1,'INSERT',14,'Order','{\"order_code\":\"2026\\/0002\",\"total_qty\":3,\"total_price\":767,\"has_premium\":true,\"items\":[{\"product_id\":8,\"product_name\":\"Business card box\",\"quantity\":1,\"product_price\":\"89.00\",\"item_status\":\"draft\"},{\"product_id\":10,\"product_name\":\"Passport Case\",\"quantity\":2,\"product_price\":\"339.00\",\"item_status\":\"draft\"}]}','2026-03-31 10:56:18','2026-03-31 10:56:18'),(338,1,'INSERT',15,'Order','{\"order_code\":\"2026\\/0002\",\"total_qty\":3,\"total_price\":767,\"has_premium\":true,\"items\":[{\"product_id\":8,\"product_name\":\"Business card box\",\"quantity\":1,\"product_price\":\"89.00\",\"item_status\":\"draft\"},{\"product_id\":10,\"product_name\":\"Passport Case\",\"quantity\":2,\"product_price\":\"339.00\",\"item_status\":\"draft\"}]}','2026-03-31 10:59:32','2026-03-31 10:59:32'),(339,1,'APPROVE_ITEM',15,'OrderItem','order_item_id=>70','2026-03-31 11:11:09','2026-03-31 11:11:09'),(340,1,'APPROVE_ITEM',15,'OrderItem','order_item_id=>70','2026-03-31 11:13:30','2026-03-31 11:13:30'),(341,1,'APPROVE_ITEM',15,'OrderItem','order_item_id=>70','2026-03-31 11:14:57','2026-03-31 11:14:57'),(342,1,'APPROVE_ITEM',15,'OrderItem','order_item_id=>70','2026-03-31 11:17:06','2026-03-31 11:17:06'),(343,1,'INSERT',16,'Order','{\"order_code\":\"2026\\/0003\",\"total_qty\":1,\"total_price\":3243,\"has_premium\":false,\"items\":[{\"product_id\":33,\"product_name\":\"Keyboard Logitech G PRO\",\"quantity\":1,\"product_price\":\"3243.00\",\"item_status\":\"draft\"}]}','2026-03-31 16:45:06','2026-03-31 16:45:06'),(344,1,'CREATE',34,'Product','Save Product Info','2026-04-01 10:47:49','2026-04-01 10:47:49'),(345,1,'UPDATE',16,'Order','{\"order_code\":\"2026\\/0003\",\"total_qty\":3,\"total_price\":12632,\"has_premium\":true,\"items\":[{\"product_id\":32,\"product_name\":\"Mouse Logitech g pro\",\"quantity\":1,\"product_price\":\"3999.00\",\"item_status\":\"draft\"},{\"product_id\":33,\"product_name\":\"Keyboard Logitech G PRO\",\"quantity\":1,\"product_price\":\"3243.00\",\"item_status\":\"draft\"},{\"product_id\":34,\"product_name\":\"LOGITECH G PRO X WIRELESS HEADSET\",\"quantity\":1,\"product_price\":\"5390.00\",\"item_status\":\"draft\"}]}','2026-04-01 10:49:40','2026-04-01 10:49:40'),(346,1,'INSERT',17,'Order','{\"order_code\":\"2026\\/0017\",\"total_qty\":3,\"total_price\":12632,\"has_premium\":true,\"items\":[{\"product_id\":32,\"product_name\":\"Mouse Logitech g pro\",\"quantity\":1,\"product_price\":\"3999.00\",\"item_status\":\"draft\"},{\"product_id\":33,\"product_name\":\"Keyboard Logitech G PRO\",\"quantity\":1,\"product_price\":\"3243.00\",\"item_status\":\"draft\"},{\"product_id\":34,\"product_name\":\"LOGITECH G PRO X WIRELESS HEADSET\",\"quantity\":1,\"product_price\":\"5390.00\",\"item_status\":\"draft\"}]}','2026-04-01 11:18:34','2026-04-01 11:18:34'),(347,75,'INSERT',18,'Order','{\"order_code\":\"2026\\/0018\",\"total_qty\":1,\"total_price\":5390,\"has_premium\":true,\"items\":[{\"product_id\":34,\"product_name\":\"LOGITECH G PRO X WIRELESS HEADSET\",\"quantity\":1,\"product_price\":\"5390.00\",\"item_status\":\"draft\"}]}','2026-04-01 11:28:52','2026-04-01 11:28:52'),(348,75,'INSERT',19,'Order','{\"order_code\":\"2026\\/0019\",\"total_qty\":1,\"total_price\":5390,\"has_premium\":true,\"items\":[{\"product_id\":34,\"product_name\":\"LOGITECH G PRO X WIRELESS HEADSET\",\"quantity\":1,\"product_price\":\"5390.00\",\"item_status\":\"draft\"}]}','2026-04-01 11:29:07','2026-04-01 11:29:07'),(349,75,'UPDATE',19,'Order','{\"order_code\":\"2026\\/0019\",\"total_qty\":3,\"total_price\":12632,\"has_premium\":true,\"items\":[{\"product_id\":32,\"product_name\":\"Mouse Logitech g pro\",\"quantity\":1,\"product_price\":\"3999.00\",\"item_status\":\"draft\"},{\"product_id\":33,\"product_name\":\"Keyboard Logitech G PRO\",\"quantity\":1,\"product_price\":\"3243.00\",\"item_status\":\"draft\"},{\"product_id\":34,\"product_name\":\"LOGITECH G PRO X WIRELESS HEADSET\",\"quantity\":1,\"product_price\":\"5390.00\",\"item_status\":\"draft\"}]}','2026-04-01 11:29:21','2026-04-01 11:29:21'),(350,1,'INSERT',20,'Order','{\"order_code\":\"2026\\/0020\",\"total_qty\":1,\"total_price\":3999,\"has_premium\":false,\"items\":[{\"product_id\":32,\"product_name\":\"Mouse Logitech g pro\",\"quantity\":1,\"product_price\":\"3999.00\",\"item_status\":\"draft\"}]}','2026-04-01 11:49:59','2026-04-01 11:49:59'),(351,1,'INSERT',91,'User List','user_userid=>91///user_title=>///user_username=>kriettipoom///user_fullname=>kriettipoom srijam///user_firstname=>kriettipoom///user_lastname=>srijam///user_position=>///user_email=>kriettipoom@siit.tu.ac.th///user_phone=>///user_address=>///user_division_id=>1///user_role=>AdminConsult///user_picture=>user_pictures_20260402_110148_69cdea2caabc2.png///','2026-04-02 11:01:48','2026-04-02 11:01:48'),(352,1,'UPDATE',7,'Product','Save Product Info','2026-04-02 11:33:35','2026-04-02 11:33:35'),(353,1,'APPROVE_ITEM',16,'OrderItem','order_item_id=>77','2026-04-07 15:53:55','2026-04-07 15:53:55'),(354,75,'INSERT',21,'Order','{\"order_code\":\"2026\\/0021\",\"total_qty\":2,\"total_price\":3243,\"has_premium\":true,\"items\":[{\"product_id\":33,\"product_name\":\"Keyboard Logitech G PRO\",\"quantity\":1,\"product_price\":\"3243.00\",\"item_status\":\"draft\"},{\"product_id\":34,\"product_name\":\"LOGITECH G PRO X WIRELESS HEADSET\",\"quantity\":1,\"product_price\":\"0.00\",\"item_status\":\"draft\"}]}','2026-04-09 11:25:42','2026-04-09 11:25:42'),(355,75,'INSERT',22,'Order','{\"order_code\":\"2026\\/0022\",\"total_qty\":2,\"total_price\":3243,\"has_premium\":true,\"items\":[{\"product_id\":33,\"product_name\":\"Keyboard Logitech G PRO\",\"quantity\":1,\"product_price\":\"3243.00\",\"item_status\":\"draft\"},{\"product_id\":34,\"product_name\":\"LOGITECH G PRO X WIRELESS HEADSET\",\"quantity\":1,\"product_price\":\"0.00\",\"item_status\":\"draft\"}]}','2026-04-09 11:26:15','2026-04-09 11:26:15'),(356,1,'DELIVERED',5,'markDelivered','order_code=>2026/0001///status=>delivered///','2026-04-09 15:55:19','2026-04-09 15:55:19');

--
-- Table structure for table `migrations`
--

CREATE TABLE `migrations` (
  `id` int unsigned NOT NULL AUTO_INCREMENT,
  `migration` varchar(255) COLLATE utf8mb4_unicode_ci NOT NULL,
  `batch` int NOT NULL,
  PRIMARY KEY (`id`)
) ENGINE=InnoDB DEFAULT CHARSET=utf8mb4 COLLATE=utf8mb4_unicode_ci;

--
-- Dumping data for table `migrations`
--


--
-- Table structure for table `model_has_permissions`
--

CREATE TABLE `model_has_permissions` (
  `permission_id` int unsigned NOT NULL,
  `model_type` varchar(255) CHARACTER SET utf8mb4 COLLATE utf8mb4_unicode_ci NOT NULL,
  `model_id` bigint unsigned NOT NULL,
  PRIMARY KEY (`permission_id`,`model_id`,`model_type`),
  KEY `model_has_permissions_model_id_model_type_index` (`model_id`,`model_type`)
) ENGINE=InnoDB DEFAULT CHARSET=utf8mb4 COLLATE=utf8mb4_unicode_ci;

--
-- Dumping data for table `model_has_permissions`
--

INSERT INTO `model_has_permissions` VALUES (7,'App\\Models\\User',1),(7,'App\\Models\\User',2);

--
-- Table structure for table `model_has_roles`
--

CREATE TABLE `model_has_roles` (
  `role_id` int unsigned NOT NULL,
  `model_type` varchar(255) CHARACTER SET utf8mb4 COLLATE utf8mb4_unicode_ci NOT NULL,
  `model_id` bigint unsigned NOT NULL,
  PRIMARY KEY (`role_id`,`model_id`,`model_type`),
  KEY `model_has_roles_model_id_model_type_index` (`model_id`,`model_type`)
) ENGINE=InnoDB DEFAULT CHARSET=utf8mb4 COLLATE=utf8mb4_unicode_ci;

--
-- Dumping data for table `model_has_roles`
--

INSERT INTO `model_has_roles` VALUES (1,'App\\Models\\User',1),(21,'App\\Models\\User',1),(1,'App\\\\Models\\User',73),(2,'App\\Models\\User',74),(1,'App\\Models\\User',75),(21,'App\\Models\\User',75),(2,'App\\Models\\User',76),(3,'App\\Models\\User',77),(20,'App\\Models\\User',78),(1,'App\\Models\\User',79),(2,'App\\Models\\User',79),(1,'App\\Models\\User',83),(1,'App\\Models\\User',85),(1,'App\\Models\\User',90),(21,'App\\Models\\User',90),(1,'App\\Models\\User',91),(21,'App\\Models\\User',91);

--
-- Table structure for table `order_items`
--

CREATE TABLE `order_items` (
  `order_item_id` int NOT NULL AUTO_INCREMENT,
  `order_id` int DEFAULT NULL,
  `product_id` int DEFAULT NULL,
  `product_name` varchar(255) DEFAULT NULL,
  `product_price` varchar(255) DEFAULT NULL,
  `quantity` int DEFAULT NULL,
  `total` varchar(255) DEFAULT NULL,
  `item_purpose` text,
  `item_status` varchar(255) DEFAULT NULL,
  `created_at` datetime NOT NULL,
  `updated_at` datetime NOT NULL,
  PRIMARY KEY (`order_item_id`)
) ENGINE=InnoDB AUTO_INCREMENT=103 DEFAULT CHARSET=utf8mb4 COLLATE=utf8mb4_0900_ai_ci;

--
-- Dumping data for table `order_items`
--

INSERT INTO `order_items` VALUES (28,5,10,'Passport Case','339.00',2,'678',NULL,'returned','2026-03-26 16:27:24','2026-03-30 14:27:43'),(29,5,32,'Mouse Logitech g pro','3999.00',1,'3999',NULL,'returned','2026-03-26 16:27:24','2026-03-26 16:27:24'),(30,5,33,'Keyboard Logitech G PRO','3243.00',1,'3243',NULL,'delivered','2026-03-26 16:27:24','2026-03-26 16:27:24'),(69,15,8,'Business card box','89.00',1,'89',NULL,'approved','2026-03-31 10:59:34','2026-03-31 10:59:34'),(70,15,10,'Passport Case','339.00',2,'678',NULL,'approved','2026-03-31 10:59:34','2026-03-31 11:17:06'),(75,16,32,'Mouse Logitech g pro','3999.00',1,'3999',NULL,'pending','2026-04-01 11:01:11','2026-04-01 11:01:11'),(76,16,33,'Keyboard Logitech G PRO','3243.00',1,'3243',NULL,'pending','2026-04-01 11:01:11','2026-04-01 11:01:11'),(77,16,34,'LOGITECH G PRO X WIRELESS HEADSET','5390.00',1,'5390',NULL,'approved','2026-04-01 11:01:11','2026-04-07 15:53:55'),(97,21,33,'Keyboard Logitech G PRO','3243.00',1,'3243',NULL,'pending','2026-04-09 11:25:45','2026-04-09 11:25:45'),(98,21,34,'LOGITECH G PRO X WIRELESS HEADSET','0.00',1,'0',NULL,'pending','2026-04-09 11:25:45','2026-04-09 11:25:45'),(101,22,33,'Keyboard Logitech G PRO','3243.00',1,'3243',NULL,'pending','2026-04-09 11:26:19','2026-04-09 11:26:19'),(102,22,34,'LOGITECH G PRO X WIRELESS HEADSET','0.00',1,'0',NULL,'pending','2026-04-09 11:26:19','2026-04-09 11:26:19');

--
-- Table structure for table `orders`
--

CREATE TABLE `orders` (
  `order_id` int NOT NULL AUTO_INCREMENT,
  `order_user_id` int DEFAULT NULL,
  `order_code` varchar(20) DEFAULT NULL,
  `order_customer_name` varchar(255) DEFAULT NULL,
  `order_division` varchar(255) DEFAULT NULL,
  `order_email` varchar(255) DEFAULT NULL,
  `order_purpose` text,
  `order_request_date` datetime DEFAULT NULL,
  `order_use_date` datetime DEFAULT NULL,
  `order_receive_date` datetime DEFAULT NULL,
  `order_approved_by` varchar(255) DEFAULT NULL,
  `order_delivery_method` varchar(50) DEFAULT NULL,
  `order_address` text,
  `order_total_price` varchar(255) DEFAULT NULL,
  `order_status_for_admin` varchar(255) DEFAULT NULL,
  `order_admin_approved_by` int DEFAULT NULL,
  `order_admin_approved_date` datetime DEFAULT NULL,
  `order_status_for_supervisor` varchar(255) DEFAULT NULL,
  `order_supervisor_approved_by` int DEFAULT NULL,
  `order_supervisor_approved_date` datetime DEFAULT NULL,
  `order_supervisor_reject_reason` text,
  `order_status_for_authorize` varchar(255) DEFAULT NULL,
  `order_authorize_approved_by` int DEFAULT NULL,
  `order_authorize_approved_date` datetime DEFAULT NULL,
  `order_authorize_reject_reason` text,
  `order_status` varchar(255) DEFAULT NULL,
  `order_delivered_date` datetime DEFAULT NULL,
  `created_at` datetime NOT NULL,
  `updated_at` datetime NOT NULL,
  PRIMARY KEY (`order_id`)
) ENGINE=InnoDB AUTO_INCREMENT=23 DEFAULT CHARSET=utf8mb4 COLLATE=utf8mb4_0900_ai_ci;

--
-- Dumping data for table `orders`
--

INSERT INTO `orders` VALUES (5,1,'2026/0001','Consult Admin','1','consulting@siit.tu.ac.th','test','2026-03-26 00:00:00','2026-03-30 00:00:00','2026-03-27 00:00:00',NULL,'division','SIIT Consulting Center','7920','approved',1,'2026-03-26 14:27:43','approved',1,'2026-03-31 14:05:30',NULL,'approved',1,'2026-03-31 14:06:23',NULL,'delivered','2026-04-09 15:55:19','2026-03-26 16:27:23','2026-03-31 14:06:23'),(15,1,'2026/0002','Consult Admin','1','consulting@siit.tu.ac.th','test2','2026-03-31 00:00:00','2026-04-06 00:00:00','2026-04-02 00:00:00',NULL,'self','ยะลา ปัตตานี ตุรกี','767','approved',1,'2026-03-31 11:17:06','approved',75,'2026-04-01 16:18:51',NULL,'pending',NULL,NULL,NULL,'waiting_authorize',NULL,'2026-03-31 10:59:32','2026-04-01 16:18:51'),(16,1,'2026/0003','Consult Admin','1','consulting@siit.tu.ac.th','test3','2026-04-01 00:00:00','2026-04-09 00:00:00','2026-04-03 00:00:00',NULL,'division','SIIT Consulting Center','12632','approved',1,'2026-04-07 15:53:55','pending',NULL,NULL,NULL,'pending',NULL,NULL,NULL,'waiting_supervisor',NULL,'2026-03-31 16:45:06','2026-04-07 15:53:55'),(21,75,'2026/0021','Nongtest',NULL,'nalinee@siit.tu.ac.th',NULL,'2026-04-09 11:25:42',NULL,NULL,NULL,NULL,NULL,'3243','draft',NULL,NULL,'draft',NULL,NULL,NULL,'draft',NULL,NULL,NULL,'pending',NULL,'2026-04-09 11:25:42','2026-04-09 11:25:45'),(22,75,'2026/0022','Nongtest',NULL,'nalinee@siit.tu.ac.th',NULL,'2026-04-09 11:26:15',NULL,NULL,NULL,NULL,NULL,'3243','draft',NULL,NULL,'draft',NULL,NULL,NULL,'draft',NULL,NULL,NULL,'pending',NULL,'2026-04-09 11:26:15','2026-04-09 11:26:19');

--
-- Table structure for table `permissions`
--

CREATE TABLE `permissions` (
  `id` int unsigned NOT NULL AUTO_INCREMENT,
  `name` varchar(255) NOT NULL,
  `guard_name` varchar(255) NOT NULL,
  `created_at` timestamp NULL DEFAULT NULL,
  `updated_at` timestamp NULL DEFAULT NULL,
  PRIMARY KEY (`id`)
) ENGINE=InnoDB AUTO_INCREMENT=8 DEFAULT CHARSET=utf8mb4 COLLATE=utf8mb4_0900_ai_ci;

--
-- Dumping data for table `permissions`
--

INSERT INTO `permissions` VALUES (7,'Nullper','web','2024-11-06 16:00:30','2024-11-06 16:00:30');

--
-- Table structure for table `product_stock_logs`
--

CREATE TABLE `product_stock_logs` (
  `stock_log_id` int NOT NULL AUTO_INCREMENT,
  `product_id` int DEFAULT NULL,
  `action_type` varchar(255) DEFAULT NULL,
  `qty_before` int DEFAULT NULL,
  `qty_change` int DEFAULT NULL,
  `qty_after` int DEFAULT NULL,
  `unit_price` decimal(10,2) DEFAULT NULL,
  `remark` text,
  `created_by` int DEFAULT NULL,
  `ref_type` varchar(50) DEFAULT NULL,
  `ref_id` int DEFAULT NULL,
  `created_at` datetime NOT NULL,
  `updated_at` datetime NOT NULL,
  PRIMARY KEY (`stock_log_id`)
) ENGINE=InnoDB AUTO_INCREMENT=36 DEFAULT CHARSET=utf8mb4 COLLATE=utf8mb4_0900_ai_ci;

--
-- Dumping data for table `product_stock_logs`
--

INSERT INTO `product_stock_logs` VALUES (1,10,'adjust',NULL,20,20,139.00,'Edit product',1,NULL,NULL,'2026-01-27 15:56:01','2026-01-27 15:56:01'),(2,10,'adjust',20,10,30,139.00,'Edit product',1,NULL,NULL,'2026-01-29 10:23:41','2026-01-29 10:23:41'),(3,8,'adjust',NULL,10,10,89.00,'Edit product',1,NULL,NULL,'2026-01-29 10:35:52','2026-01-29 10:35:52'),(4,10,'adjust',30,-27,3,200.00,'Edit product',1,NULL,NULL,'2026-01-29 13:44:51','2026-01-29 13:44:51'),(5,30,'init',0,10,10,100.00,'Initial stock',1,NULL,NULL,'2026-01-29 14:25:19','2026-01-29 14:25:19'),(11,3,'adjust',10,10,10,0.00,'Add stock',1,NULL,NULL,'2026-01-30 14:50:34','2026-01-30 14:50:34'),(12,31,'init',0,10,10,100.00,'Initial stock',1,NULL,NULL,'2026-01-30 14:52:10','2026-01-30 14:52:10'),(13,31,'adjust',10,12,22,89.00,'Add stock',1,NULL,NULL,'2026-01-30 14:54:08','2026-01-30 14:54:08'),(14,3,'restock',10,20,30,120.00,'testremark',1,NULL,NULL,'2026-02-02 11:45:43','2026-02-02 11:45:43'),(15,23,'restock',0,20,20,199.00,NULL,1,NULL,NULL,'2026-02-02 13:43:32','2026-02-02 13:43:32'),(16,11,'restock',0,30,30,66.00,NULL,1,NULL,NULL,'2026-02-04 13:55:31','2026-02-04 13:55:31'),(17,8,'restock',10,5,15,89.00,NULL,75,NULL,NULL,'2026-02-05 11:57:56','2026-02-05 11:57:56'),(18,8,'restock',15,5,20,89.00,NULL,75,NULL,NULL,'2026-02-05 11:58:22','2026-02-05 11:58:22'),(19,32,'INIT',0,50,50,3999.00,'Initial stock',1,'product',32,'2026-03-23 16:18:58','2026-03-23 16:18:58'),(20,33,'IN',0,20,20,3243.00,'Restock',1,'stock',2,'2026-03-26 11:19:48','2026-03-26 11:19:48'),(21,33,'IN',20,30,50,3243.00,'Restock',1,'stock',3,'2026-03-26 11:21:36','2026-03-26 11:21:36'),(22,33,'OUT',50,-30,20,0.00,'Delete restock',1,'stock',3,'2026-03-26 11:32:33','2026-03-26 11:32:33'),(23,33,'IN',20,30,50,3243.00,'Restock',1,'stock',4,'2026-03-26 11:33:22','2026-03-26 11:33:22'),(24,34,'IN',0,50,50,5390.00,'Restock',1,'stock',5,'2026-04-01 10:49:02','2026-04-01 10:49:02'),(25,34,'IN',50,50,100,5380.00,'Restock',1,'stock',6,'2026-04-02 11:16:21','2026-04-02 11:16:21'),(26,34,'OUT',100,-50,50,0.00,'Delete restock',1,'stock',6,'2026-04-02 11:18:58','2026-04-02 11:18:58'),(27,7,'IN',NULL,20,20,199.00,'Restock',1,'stock',7,'2026-04-02 11:19:41','2026-04-02 11:19:41'),(28,7,'IN',20,30,50,199.00,'Restock',1,'stock',8,'2026-04-02 11:23:14','2026-04-02 11:23:14'),(29,7,'OUT',50,-30,20,0.00,'Delete restock',1,'stock',8,'2026-04-02 11:23:18','2026-04-02 11:23:18'),(30,7,'OUT',20,-20,0,0.00,'Rollback old restock',1,'stock',7,'2026-04-02 11:30:46','2026-04-02 11:30:46'),(31,7,'IN',0,20,20,199.00,'Restock',1,'stock',7,'2026-04-02 11:30:46','2026-04-02 11:30:46'),(32,7,'OUT',20,-20,0,0.00,'Rollback old restock',1,'stock',7,'2026-04-02 11:30:56','2026-04-02 11:30:56'),(33,7,'IN',0,20,20,199.00,'Restock',1,'stock',7,'2026-04-02 11:30:56','2026-04-02 11:30:56'),(34,7,'OUT',20,-20,0,0.00,'Rollback old restock',1,'stock',7,'2026-04-02 11:35:58','2026-04-02 11:35:58'),(35,7,'IN',0,20,20,200.00,'Restock',1,'stock',7,'2026-04-02 11:35:58','2026-04-02 11:35:58');

--
-- Table structure for table `product_type`
--

CREATE TABLE `product_type` (
  `product_type_id` int NOT NULL AUTO_INCREMENT,
  `product_type_name` varchar(255) CHARACTER SET utf8mb4 COLLATE utf8mb4_0900_ai_ci DEFAULT NULL,
  `created_at` datetime NOT NULL,
  `updated_at` datetime NOT NULL,
  PRIMARY KEY (`product_type_id`)
) ENGINE=InnoDB AUTO_INCREMENT=17 DEFAULT CHARSET=utf8mb4 COLLATE=utf8mb4_0900_ai_ci;

--
-- Dumping data for table `product_type`
--

INSERT INTO `product_type` VALUES (1,'Accessories','2025-06-13 10:45:44','2025-06-13 10:45:44'),(2,'Books & Stationery','2025-06-13 10:51:15','2025-06-13 10:51:15'),(3,'Collectibles','2025-06-13 10:52:50','2025-06-13 10:52:50'),(4,'Electronics','2025-06-13 10:53:09','2025-06-13 10:53:09'),(5,'Gift Sets','2025-06-13 10:53:19','2025-06-13 10:53:19'),(6,'Limited Edition Items','2025-06-13 10:53:44','2025-06-13 10:53:44'),(7,'Premium Souvenirs','2025-06-17 11:02:33','2025-06-17 11:02:33'),(8,'Office Supplies','2025-07-07 10:02:34','2025-07-07 10:02:34'),(9,'Portable Accessories','2025-07-07 10:03:01','2025-07-07 10:03:01'),(10,'Travel Accessories','2025-07-07 10:13:29','2025-07-07 10:13:29'),(11,'Electronics Accessories','2025-07-07 10:14:15','2025-07-07 10:14:15');

--
-- Table structure for table `products`
--

CREATE TABLE `products` (
  `product_id` int NOT NULL AUTO_INCREMENT,
  `product_code` varchar(255) DEFAULT NULL,
  `product_name` varchar(255) CHARACTER SET utf8mb4 COLLATE utf8mb4_0900_ai_ci DEFAULT NULL,
  `product_description` text CHARACTER SET utf8mb4 COLLATE utf8mb4_0900_ai_ci,
  `product_current_stock` int DEFAULT NULL,
  `product_current_unit_price` decimal(10,2) DEFAULT NULL,
  `product_min_stock_level` int DEFAULT NULL,
  `product_max_stock_level` int DEFAULT NULL,
  `product_weight` decimal(8,2) DEFAULT NULL,
  `product_weight_unit` varchar(50) DEFAULT NULL,
  `product_unit` int DEFAULT NULL,
  `product_type` varchar(255) DEFAULT NULL,
  `product_status` varchar(255) CHARACTER SET utf8mb4 COLLATE utf8mb4_0900_ai_ci NOT NULL,
  `product_image` text CHARACTER SET utf8mb4 COLLATE utf8mb4_0900_ai_ci,
  `created_at` datetime NOT NULL,
  `updated_at` datetime NOT NULL,
  PRIMARY KEY (`product_id`)
) ENGINE=InnoDB AUTO_INCREMENT=35 DEFAULT CHARSET=utf8mb4 COLLATE=utf8mb4_0900_ai_ci;

--
-- Dumping data for table `products`
--

INSERT INTO `products` VALUES (1,'0001','ขวดน้ำ','ขวดน้ำ 3 สี',NULL,NULL,NULL,NULL,1.30,NULL,1,'7','inactive','1749723562_ขวดน้ำ.jpg','2025-06-12 15:57:47','2026-01-21 14:45:40'),(3,'2','Fan','test description',57,120.00,5,10,2.00,NULL,1,'4','active','1749723657_พัดลม.jpg','2025-06-12 16:48:45','2026-02-02 11:45:43'),(4,'3','Post-It',NULL,NULL,NULL,NULL,NULL,150.00,NULL,NULL,'2','active','1752483885_โพสอิท.jpg','2025-07-14 16:04:45','2025-10-20 14:39:56'),(5,'4','Pluck',NULL,NULL,NULL,NULL,NULL,300.00,NULL,1,'11','active','1752483937_ไอปลั๊ก.jpg','2025-07-14 16:05:37','2026-01-19 15:20:12'),(6,'6','Fabric bag',NULL,NULL,NULL,NULL,NULL,70.00,NULL,NULL,'10','active','1752483993_กระเป๋าผ้า.jpg','2025-07-14 16:06:33','2025-10-20 14:40:31'),(7,'7','Charging cable',NULL,20,200.00,10,20,195.00,'grams',NULL,'11','active','1752484041_กล่องเคเบิ้ล.jpg','2025-07-14 16:07:21','2026-04-02 11:35:58'),(8,'8','Business card box','Business card box,Business card box,Business card box,Business card box',10,89.00,5,8,220.00,'grams',1,'8','active','1752484092_กล่องใส่นามบัตร.jpg','2025-07-14 16:08:12','2026-02-05 11:58:22'),(9,'9','Craftsman key chain',NULL,0,100.00,5,10,215.00,NULL,1,'8','active','1752484324_พวงกุญแจช่าง.jpg','2025-07-14 16:12:04','2026-01-29 13:48:38'),(10,'10','Passport Case','Passport Case,Passport Case,Passport Case,Passport Case,Passport Case,Passport Case',10,339.00,5,10,85.00,NULL,1,'7','active','1752484357_พาส2.jpg','2025-07-14 16:12:37','2026-01-29 13:44:51'),(32,'8999','Mouse Logitech g pro','เซ็นเซอร์พิเศษ HERO 25K จาก Logitech G มอบความแม่นยำ ความเร็ว และความสม่ำเสมอที่ไม่มีใครเทียบ PRO X SUPERLIGHT มอบความแม่นยำที่สุดและการควบคุมละเอียดพิเศษ เพื่อความมั่นใจเต็มเปี่ยม โดยเฉพาะในช่วงเวลาสำคัญเสี้ยววินาทีของการแข่งขัน',33,3999.00,10,30,68.00,'grams',1,'4','active','1774257538_71XdMBEmGGL._AC_SL1500_.jpg','2026-03-23 16:18:58','2026-03-23 16:18:58'),(33,'9888','Keyboard Logitech G PRO','คีย์บอร์ดเกมมิ่งไร้สายที่แชมป์ไว้วางใจที่ออกแบบมาเพื่อเกมการแข่งขันระดับสูงสุด ออกแบบด้วยมือโปรและคิดค้นมาเพื่อชัยชนะ',43,3243.00,10,30,980.00,'grams',1,'4','active','1774430446_2022082709433150394_2.jpg','2026-03-25 16:20:46','2026-03-26 11:33:22'),(34,'7890','LOGITECH G PRO X WIRELESS HEADSET','ออกแบบมาร่วมกับและสำหรับมือโปร เสียงเซอร์ราวด์ 7.1 รุ่นถัดไปและไดรเวอร์ PRO-G 50 มม.รับรองเสียงเกมมิ่งพรีเมียม เสียงไมค์น่าทึ่งด้วยการ์ดเสียง USB ภายนอกพร้อมฟิลเตอร์ Blue VO!CE broadcast',49,0.00,10,30,320.00,'grams',1,'7','active','1775015269_Logitech-G-Pro-X-Wireless-Headset1.png','2026-04-01 10:47:49','2026-04-02 11:18:58');

--
-- Table structure for table `return_orders`
--

CREATE TABLE `return_orders` (
  `return_orders_id` int NOT NULL AUTO_INCREMENT,
  `return_orders_item_id` int DEFAULT NULL,
  `return_orders_quantity` int DEFAULT NULL,
  `received_quantity` int DEFAULT NULL,
  `is_mismatch` int DEFAULT NULL,
  `admin_note` text,
  `return_orders_reason` text,
  `return_status` varchar(255) CHARACTER SET utf8mb4 COLLATE utf8mb4_0900_ai_ci DEFAULT NULL,
  `created_at` datetime NOT NULL,
  `updated_at` datetime NOT NULL,
  PRIMARY KEY (`return_orders_id`)
) ENGINE=InnoDB AUTO_INCREMENT=3 DEFAULT CHARSET=utf8mb4 COLLATE=utf8mb4_0900_ai_ci;

--
-- Dumping data for table `return_orders`
--

INSERT INTO `return_orders` VALUES (1,29,1,1,0,'test','คืนแล้วจ้าาา','completed','2026-04-10 14:52:27','2026-04-21 13:44:16'),(2,28,1,1,NULL,NULL,'ยังไม่คืน','completed','2026-04-21 10:40:51','2026-04-21 10:51:47');

--
-- Table structure for table `role_has_permissions`
--

CREATE TABLE `role_has_permissions` (
  `permission_id` int unsigned NOT NULL,
  `role_id` int unsigned NOT NULL,
  PRIMARY KEY (`permission_id`,`role_id`),
  KEY `role_has_permissions_role_id_foreign` (`role_id`)
) ENGINE=InnoDB DEFAULT CHARSET=utf8mb4 COLLATE=utf8mb4_unicode_ci;

--
-- Dumping data for table `role_has_permissions`
--

INSERT INTO `role_has_permissions` VALUES (7,1),(7,2),(7,3),(7,20),(7,21);

--
-- Table structure for table `roles`
--

CREATE TABLE `roles` (
  `id` int unsigned NOT NULL AUTO_INCREMENT,
  `name` varchar(255) CHARACTER SET utf8mb4 COLLATE utf8mb4_unicode_ci NOT NULL,
  `guard_name` varchar(255) CHARACTER SET utf8mb4 COLLATE utf8mb4_unicode_ci DEFAULT NULL,
  `created_at` timestamp NULL DEFAULT NULL,
  `updated_at` timestamp NULL DEFAULT NULL,
  PRIMARY KEY (`id`)
) ENGINE=InnoDB AUTO_INCREMENT=22 DEFAULT CHARSET=utf8mb4 COLLATE=utf8mb4_unicode_ci;

--
-- Dumping data for table `roles`
--

INSERT INTO `roles` VALUES (1,'Admin','web','2019-11-27 03:25:57','2019-11-27 03:25:57'),(2,'Requester','web','2023-06-08 00:00:00','2023-06-08 00:00:00'),(3,'Supervisor','web','2025-02-27 15:26:10','2025-02-27 15:26:10'),(20,'Authorize','web','2025-06-11 16:43:51','2025-06-11 16:43:51'),(21,'AdminConsult','web','2025-07-08 14:47:12','2025-07-08 14:47:12');

--
-- Table structure for table `school_division`
--

CREATE TABLE `school_division` (
  `school_division_id` int NOT NULL AUTO_INCREMENT,
  `school_division_name_en` varchar(255) CHARACTER SET utf8mb3 COLLATE utf8mb3_general_ci NOT NULL,
  `school_division_name_th` varchar(255) CHARACTER SET utf8mb3 COLLATE utf8mb3_general_ci DEFAULT NULL,
  `school_division_shortname` varchar(255) CHARACTER SET utf8mb3 COLLATE utf8mb3_general_ci DEFAULT NULL,
  `school_division_type` varchar(255) CHARACTER SET utf8mb3 COLLATE utf8mb3_general_ci NOT NULL,
  `created_at` datetime NOT NULL,
  `updated_at` datetime NOT NULL,
  PRIMARY KEY (`school_division_id`)
) ENGINE=InnoDB AUTO_INCREMENT=30 DEFAULT CHARSET=utf8mb3;

--
-- Dumping data for table `school_division`
--

INSERT INTO `school_division` VALUES (1,'SIIT Consulting Center','ศูนย์ให้คำปรึกษา','Consulting','Center','2022-05-10 11:07:55','2022-05-24 11:27:32'),(2,'Accounting Division','ฝ่ายบัญชี','ACC','Division','2022-05-10 11:20:20','2022-05-24 11:38:03'),(3,'Admission and Public Relations Division','ฝ่ายรับเข้าศึกษาและประชาสัมพันธ์','AD&PR','Division','2022-05-10 11:20:28','2024-08-29 11:34:37'),(4,'Academic Services and Registration Division','ฝ่ายบริการวิชาการและทะเบียน','AS&R','Division','2022-05-10 11:20:38','2022-06-07 10:54:46'),(5,'School of Bio-Chemical Engineering and Technology','ภาควิชาวิศวกรรมและเทคโนโลยีเคมีชีวภาพ','BCET','School','2022-05-10 11:20:52','2022-05-24 11:15:30'),(6,'Building and Ground Division','ฝ่ายอาคารและสถานที่','BG','Division','2022-05-10 11:21:01','2022-05-24 11:31:41'),(7,'Central Coordinating Division','ฝ่ายประสานงานกลาง','CCO','Division','2022-05-10 11:21:10','2022-05-24 11:37:26'),(8,'School of Civil Engineering and Technology','ภาควิชาวิศวกรรมและเทคโนโลยีโยธา','CET','School','2022-05-10 11:21:17','2022-05-24 11:13:01'),(9,'School of Integrated Science and Innovation','ภาควิชาวิทยาศาสตร์บูรณาการและนวัตกรรม','ISI','School','2022-05-10 11:24:28','2023-02-15 09:11:25'),(10,'Computer and Audiovisual Center','ศูนย์คอมพิวเตอร์และโสตทัศนศึกษา','COM&AV','Division','2022-05-10 11:24:36','2022-05-24 11:30:52'),(11,'Construction and Maintenance Technology Research Center','ศูนย์วิจัยเทคโนโลยีการก่อสร้างและบำรุงรักษา','CONTEC','Center','2022-05-10 11:24:45','2022-05-24 11:28:33'),(12,'Functional Advanced Materials Engineering','ศูนย์วิจัยวิศวกรรมวัสดุสมบัติพิเศษขั้นสูง','FAME','School','2022-05-10 11:24:56','2022-05-24 11:39:51'),(13,'Finance and Budget Division','ฝ่ายการเงินและงบประมาณ','FIN','Division','2022-05-10 11:25:02','2022-05-24 11:38:56'),(14,'International Affairs and Corporate Relations Division','ฝ่ายวิเทศและองค์กรสัมพันธ์','IA&CR','Division','2022-05-10 11:25:10','2022-05-24 11:32:38'),(15,'School of Information, Computer, and Communication Technology','ภาควิชาเทคโนโลยีสารสนเทศ คอมพิวเตอร์ และการสื่อสาร','ICT','School','2022-05-10 11:25:17','2022-05-24 11:18:39'),(16,'Library and Information Services Center','ห้องสมุดและศูนย์บริการข้อมูล','LIB&ISC','Division','2022-05-10 11:25:23','2022-05-24 11:29:46'),(17,'School of Manufacturing Systems and Mechanical Engineering','ภาควิชาวิศวกรรมเครื่องกลและระบบการผลิต','MSME','School','2022-05-10 11:25:32','2022-05-24 11:17:11'),(18,'School of Management Technology','ภาควิชาเทคโนโลยีการจัดการ','MT','School','2022-05-10 11:25:45','2022-05-24 11:26:41'),(19,'Office of the Director','สำนักผู้อำนวยการ','OD','Division','2022-05-10 11:25:53','2022-05-24 11:30:08'),(20,'Property Management Division','ฝ่ายจัดการทรัพย์สิน','PM','Division','2022-05-10 11:26:00','2022-05-24 11:31:19'),(21,'Research and Academic Quality Assurance Division','ฝ่ายวิจัยและประกันคุณภาพการศึกษา','R&QA','Division','2022-05-10 11:26:10','2022-05-24 11:29:29'),(22,'Student Affairs and Alumni Relations Division','ฝ่ายกิจการนักศึกษาและศิษย์เก่าสัมพันธ์','SA&AR','Division','2022-05-10 11:26:54','2022-05-24 11:38:39'),(23,'SIIT Academy','SIIT Academy','SIIT Academy','Center','2022-05-10 11:27:04','2022-05-24 11:28:07'),(24,'Supplies and Procurement Division','ฝ่ายพัสดุและจัดซื้อ','SP','Division','2022-05-10 11:27:15','2022-05-24 11:36:57'),(25,'Ground and Properties (Rangsit)','-','G&P-RS','Division','2024-08-29 00:00:00','2024-08-29 00:00:00'),(26,'Ground and Properties (Bangkadi)','-','G&P-BKD','Division','2024-08-29 00:00:00','2024-08-29 00:00:00'),(27,'Department of Common and Graduate Studies','-','CGS','School','2024-08-29 00:00:00','2024-08-29 00:00:00'),(28,'Academic Services Division (Bangkadi)','-','AS-BKD','Division','2024-08-29 00:00:00','2024-08-29 00:00:00'),(29,'Academic Services Division (Rangsit)','-','AS-RS','Division','2024-08-29 00:00:00','2024-08-29 00:00:00');

--
-- Table structure for table `sendemail`
--

CREATE TABLE `sendemail` (
  `sendemail_id` int NOT NULL AUTO_INCREMENT,
  `sendemail_userid` int NOT NULL,
  `sendemail_email` varchar(255) CHARACTER SET utf8mb4 COLLATE utf8mb4_0900_ai_ci NOT NULL,
  `sendemail_type` varchar(255) NOT NULL,
  `sendemail_key` varchar(255) NOT NULL,
  `sendemail_status` varchar(255) CHARACTER SET utf8mb4 COLLATE utf8mb4_0900_ai_ci NOT NULL,
  `created_at` datetime NOT NULL,
  `updated_at` datetime DEFAULT NULL,
  PRIMARY KEY (`sendemail_id`)
) ENGINE=InnoDB AUTO_INCREMENT=87 DEFAULT CHARSET=utf8mb4 COLLATE=utf8mb4_0900_ai_ci;

--
-- Dumping data for table `sendemail`
--

INSERT INTO `sendemail` VALUES (58,1,'[\"nalinee@siit.tu.ac.th\",\"kriettipoom@siit.tu.ac.th\"]','admin_premium_request','[75,79]','sent','2025-12-01 14:28:00','2025-12-01 14:28:00'),(59,1,'[\"nalinee@siit.tu.ac.th\",\"kriettipoom@siit.tu.ac.th\"]','admin_premium_request','[75,79]','sent','2025-12-01 14:28:00','2025-12-01 14:28:00'),(60,1,'[\"nalinee@siit.tu.ac.th\",\"kriettipoom@siit.tu.ac.th\"]','admin_premium_request','[75,79]','sent','2025-12-01 14:29:09','2025-12-01 14:29:09'),(61,1,'[\"nalinee@siit.tu.ac.th\",\"kriettipoom@siit.tu.ac.th\"]','admin_premium_request','[75,79]','sent','2025-12-01 14:35:02','2025-12-01 14:35:02'),(62,76,'[\"nalinee@siit.tu.ac.th\",\"kriettipoom@siit.tu.ac.th\"]','admin_premium_request','[75,79]','sent','2025-12-04 16:41:01','2025-12-04 16:41:01'),(63,77,'[\"nalinee@siit.tu.ac.th\",\"kriettipoom@siit.tu.ac.th\"]','admin_premium_request','[75,79]','sent','2025-12-11 13:24:05','2025-12-11 13:24:05'),(64,75,'[\"nalinee@siit.tu.ac.th\",\"kriettipoom@siit.tu.ac.th\"]','admin_premium_request','[75,79]','sent','2026-01-20 09:06:35','2026-01-20 09:06:35'),(65,76,'[\"nalinee@siit.tu.ac.th\",\"kriettipoom@siit.tu.ac.th\"]','admin_premium_request','[75,79]','sent','2026-01-20 10:17:49','2026-01-20 10:17:49'),(66,76,'[\"nalinee@siit.tu.ac.th\",\"kriettipoom@siit.tu.ac.th\"]','admin_premium_request','[75,79]','sent','2026-01-20 10:19:20','2026-01-20 10:19:20'),(67,76,'[\"nalinee@siit.tu.ac.th\",\"kriettipoom@siit.tu.ac.th\"]','admin_premium_request','[75,79]','sent','2026-01-20 10:23:10','2026-01-20 10:23:10'),(68,77,'[\"nalinee@siit.tu.ac.th\",\"kriettipoom@siit.tu.ac.th\"]','admin_premium_request','[75,79]','sent','2026-01-20 11:08:07','2026-01-20 11:08:07'),(69,79,'[\"nalinee@siit.tu.ac.th\",\"kriettipoom@siit.tu.ac.th\"]','admin_premium_request','[75,79]','sent','2026-01-26 11:14:18','2026-01-26 11:14:18'),(70,79,'[\"nalinee@siit.tu.ac.th\"]','admin_premium_request','[75]','sent','2026-01-26 11:19:58','2026-01-26 11:19:58'),(71,1,'[\"nalinee@siit.tu.ac.th\",\"Thanapha@siit.tu.ac.th\"]','admin_premium_request','[75,90]','sent','2026-03-20 11:17:58','2026-03-20 11:17:58'),(72,1,'[\"consulting@siit.tu.ac.th\",\"nalinee@siit.tu.ac.th\",\"nalineep@tu.ac.th\",\"somdangchai@siit.tu.ac.th\",\"Thanapha@siit.tu.ac.th\"]','admin_premium_request','[1,75,79,83,90]','sent','2026-03-24 11:38:49','2026-03-24 11:38:49'),(73,1,'[\"consulting@siit.tu.ac.th\",\"nalinee@siit.tu.ac.th\",\"nalineep@tu.ac.th\",\"somdangchai@siit.tu.ac.th\",\"Thanapha@siit.tu.ac.th\"]','admin_premium_request','[1,75,79,83,90]','sent','2026-03-24 15:46:50','2026-03-24 15:46:50'),(74,1,'[\"consulting@siit.tu.ac.th\",\"nalinee@siit.tu.ac.th\",\"nalineep@tu.ac.th\",\"somdangchai@siit.tu.ac.th\",\"Thanapha@siit.tu.ac.th\"]','admin_premium_request','[1,75,79,83,90]','sent','2026-03-24 16:40:14','2026-03-24 16:40:14'),(75,1,'[\"consulting@siit.tu.ac.th\",\"nalinee@siit.tu.ac.th\",\"nalineep@tu.ac.th\",\"somdangchai@siit.tu.ac.th\",\"Thanapha@siit.tu.ac.th\"]','admin_premium_request','[1,75,79,83,90]','sent','2026-03-26 15:10:20','2026-03-26 15:10:20'),(76,1,'[\"consulting@siit.tu.ac.th\",\"nalinee@siit.tu.ac.th\",\"nalineep@tu.ac.th\",\"somdangchai@siit.tu.ac.th\",\"Thanapha@siit.tu.ac.th\"]','admin_premium_request','[1,75,79,83,90]','sent','2026-03-26 15:12:23','2026-03-26 15:12:23'),(77,1,'[\"consulting@siit.tu.ac.th\",\"nalinee@siit.tu.ac.th\",\"nalineep@tu.ac.th\",\"somdangchai@siit.tu.ac.th\",\"Thanapha@siit.tu.ac.th\"]','admin_premium_request','[1,75,79,83,90]','sent','2026-03-26 15:27:28','2026-03-26 15:27:28'),(78,1,'[\"consulting@siit.tu.ac.th\",\"nalinee@siit.tu.ac.th\",\"nalineep@tu.ac.th\",\"somdangchai@siit.tu.ac.th\",\"Thanapha@siit.tu.ac.th\"]','admin_premium_request','[1,75,79,83,90]','sent','2026-03-26 15:46:31','2026-03-26 15:46:31'),(79,1,'[\"consulting@siit.tu.ac.th\",\"nalinee@siit.tu.ac.th\",\"nalineep@tu.ac.th\",\"somdangchai@siit.tu.ac.th\",\"Thanapha@siit.tu.ac.th\"]','admin_premium_request','[1,75,79,83,90]','sent','2026-03-26 15:57:17','2026-03-26 15:57:17'),(80,1,'[\"consulting@siit.tu.ac.th\",\"nalinee@siit.tu.ac.th\",\"nalineep@tu.ac.th\",\"somdangchai@siit.tu.ac.th\",\"Thanapha@siit.tu.ac.th\"]','admin_premium_request','[1,75,79,83,90]','sent','2026-03-26 16:24:53','2026-03-26 16:24:53'),(81,1,'[\"consulting@siit.tu.ac.th\",\"nalinee@siit.tu.ac.th\",\"nalineep@tu.ac.th\",\"somdangchai@siit.tu.ac.th\",\"Thanapha@siit.tu.ac.th\"]','admin_premium_request','[1,75,79,83,90]','sent','2026-03-26 16:27:28','2026-03-26 16:27:28'),(82,1,'[\"consulting@siit.tu.ac.th\",\"nalinee@siit.tu.ac.th\",\"nalineep@tu.ac.th\",\"somdangchai@siit.tu.ac.th\",\"Thanapha@siit.tu.ac.th\"]','waiting_admin_approval','[1,75,79,83,90]','sent','2026-03-30 17:30:36','2026-03-30 17:30:36'),(83,1,'[\"consulting@siit.tu.ac.th\",\"nalinee@siit.tu.ac.th\",\"nalineep@tu.ac.th\",\"somdangchai@siit.tu.ac.th\",\"Thanapha@siit.tu.ac.th\"]','waiting_admin_approval','[1,75,79,83,90]','sent','2026-03-30 17:38:23','2026-03-30 17:38:23'),(84,1,'[\"consulting@siit.tu.ac.th\",\"nalinee@siit.tu.ac.th\",\"nalineep@tu.ac.th\",\"somdangchai@siit.tu.ac.th\",\"Thanapha@siit.tu.ac.th\"]','waiting_admin_approval','[1,75,79,83,90]','sent','2026-03-31 10:21:59','2026-03-31 10:21:59'),(85,1,'[\"consulting@siit.tu.ac.th\"]','waiting_admin_approval','[1]','sent','2026-03-31 10:59:59','2026-03-31 10:59:59'),(86,1,'[\"consulting@siit.tu.ac.th\"]','waiting_admin_approval','[1]','sent','2026-04-01 11:01:38','2026-04-01 11:01:38');

--
-- Table structure for table `souvenir_logs`
--

CREATE TABLE `souvenir_logs` (
  `souvenir_log_id` int NOT NULL AUTO_INCREMENT,
  `souvenir_id` int DEFAULT NULL COMMENT 'product_id',
  `product_name` varchar(255) DEFAULT NULL,
  `action_type` varchar(255) DEFAULT NULL,
  `quantity` int DEFAULT NULL,
  `user_id` int DEFAULT NULL,
  `note` text,
  `created_at` datetime NOT NULL,
  `updated_at` datetime NOT NULL,
  PRIMARY KEY (`souvenir_log_id`)
) ENGINE=InnoDB AUTO_INCREMENT=38 DEFAULT CHARSET=utf8mb4 COLLATE=utf8mb4_0900_ai_ci;

--
-- Dumping data for table `souvenir_logs`
--

INSERT INTO `souvenir_logs` VALUES (18,23,'ลูกบอล','add',5,75,'Auto log from product edit','2025-10-20 11:06:33','2025-10-20 11:06:33'),(19,24,'เป็ด','add',121,1,'Auto log from product edit','2025-10-20 15:21:06','2025-10-20 15:21:06'),(20,25,'หมอนปลอบใจแฟนหงส์  YNWA = You’ll Never Win Again\"','add',12,75,'Auto log from product edit','2025-10-20 15:37:33','2025-10-20 15:37:33'),(21,25,'หมอนปลอบใจแฟนหงส์  YNWA = You’ll Never Win Again\"','delete',8,75,'Deleted product: หมอนปลอบใจแฟนหงส์  YNWA = You’ll Never Win Again\"','2025-12-11 13:19:53','2025-12-11 13:19:53'),(22,24,'เป็ด','delete',116,75,'Deleted product: เป็ด','2025-12-11 13:19:59','2025-12-11 13:19:59'),(23,22,'คลุกฝุ่นนอนยิ้ม','delete',28,75,'Deleted product: คลุกฝุ่นนอนยิ้ม','2025-12-11 13:20:05','2025-12-11 13:20:05'),(24,16,'คลุกฝุ่น แมวฉ้มอ้วนขนาดใหญ่','delete',19,75,'Deleted product: คลุกฝุ่น แมวฉ้มอ้วนขนาดใหญ่','2025-12-11 13:20:13','2025-12-11 13:20:13'),(25,21,'โมเดลแมวคลุกฝุ่นสุดน่ารัก','delete',20,75,'Deleted product: โมเดลแมวคลุกฝุ่นสุดน่ารัก','2025-12-11 13:20:19','2025-12-11 13:20:19'),(26,20,'ชาเขียวแสนอร่อย','delete',27,75,'Deleted product: ชาเขียวแสนอร่อย','2025-12-11 13:20:26','2025-12-11 13:20:26'),(27,26,'test','add',5,1,'Auto log from product edit','2025-12-17 14:58:06','2025-12-17 14:58:06'),(28,26,'test','delete',5,1,'Deleted product: test','2025-12-17 14:58:12','2025-12-17 14:58:12'),(29,27,'test','add',45,1,'Auto log from product edit','2025-12-17 14:59:48','2025-12-17 14:59:48'),(30,27,'test','delete',45,1,'Deleted product: test','2025-12-17 14:59:52','2025-12-17 14:59:52'),(31,30,'trysrtysrt','delete',10,1,'Deleted product: trysrtysrt','2026-01-30 15:09:29','2026-01-30 15:09:29'),(32,30,'trysrtysrt','delete',10,1,'Deleted product: trysrtysrt','2026-01-30 15:10:03','2026-01-30 15:10:03'),(33,30,'trysrtysrt','delete',10,1,'Deleted product: trysrtysrt','2026-01-30 15:10:25','2026-01-30 15:10:25'),(34,31,'gzdfgzdfg','delete',22,1,'Deleted product: gzdfgzdfg','2026-02-13 15:04:15','2026-02-13 15:04:15'),(35,15,'chicken','delete',NULL,1,'Deleted product: chicken','2026-02-13 15:04:21','2026-02-13 15:04:21'),(36,23,'ลูกบอล','delete',13,75,'Deleted product: ลูกบอล','2026-03-18 15:43:27','2026-03-18 15:43:27'),(37,11,'ทดสอบ','delete',30,75,'Deleted product: ทดสอบ','2026-03-18 15:43:29','2026-03-18 15:43:29');

--
-- Table structure for table `souvenir_request_items`
--

CREATE TABLE `souvenir_request_items` (
  `souvenir_request_items_id` int NOT NULL AUTO_INCREMENT,
  `request_id` int DEFAULT NULL,
  `souvenir_id` int DEFAULT NULL,
  `quantity` int DEFAULT NULL,
  `created_at` datetime NOT NULL,
  `updated_at` datetime NOT NULL,
  PRIMARY KEY (`souvenir_request_items_id`)
) ENGINE=InnoDB DEFAULT CHARSET=utf8mb4 COLLATE=utf8mb4_0900_ai_ci;

--
-- Dumping data for table `souvenir_request_items`
--


--
-- Table structure for table `souvenir_requests`
--

CREATE TABLE `souvenir_requests` (
  `request_id` int NOT NULL AUTO_INCREMENT,
  `request_code` int DEFAULT NULL,
  `user_id` int DEFAULT NULL,
  `request_date` date DEFAULT NULL,
  `status` varchar(255) DEFAULT NULL,
  `note` text,
  `created_at` datetime NOT NULL,
  `updated_at` datetime NOT NULL,
  PRIMARY KEY (`request_id`)
) ENGINE=InnoDB DEFAULT CHARSET=utf8mb4 COLLATE=utf8mb4_0900_ai_ci;

--
-- Dumping data for table `souvenir_requests`
--


--
-- Table structure for table `stock_items`
--

CREATE TABLE `stock_items` (
  `stock_item_id` int NOT NULL AUTO_INCREMENT,
  `stock_id` int DEFAULT NULL,
  `product_id` int DEFAULT NULL,
  `quantity` varchar(255) DEFAULT NULL,
  `price` varchar(255) DEFAULT NULL,
  `total` varchar(255) DEFAULT NULL,
  `product_name_snapshot` varchar(255) DEFAULT NULL,
  `created_at` datetime NOT NULL,
  `updated_at` datetime NOT NULL,
  PRIMARY KEY (`stock_item_id`)
) ENGINE=InnoDB AUTO_INCREMENT=13 DEFAULT CHARSET=utf8mb4 COLLATE=utf8mb4_0900_ai_ci;

--
-- Dumping data for table `stock_items`
--

INSERT INTO `stock_items` VALUES (5,4,33,'30','3243','97290','Keyboard Logitech G PRO','2026-03-26 11:33:22','2026-03-26 11:33:22'),(6,5,34,'50','5390','269500','LOGITECH G PRO X WIRELESS HEADSET','2026-04-01 10:49:02','2026-04-01 10:49:02'),(12,7,7,'20','200','4000','Charging cable','2026-04-02 11:35:58','2026-04-02 11:35:58');

--
-- Table structure for table `stocks`
--

CREATE TABLE `stocks` (
  `stock_id` int NOT NULL AUTO_INCREMENT,
  `purchase_order` varchar(255) DEFAULT NULL,
  `entry_date` datetime DEFAULT NULL,
  `order_date` datetime DEFAULT NULL,
  `delivery_date` datetime DEFAULT NULL,
  `supplier_id` int DEFAULT NULL,
  `remark` text,
  `created_by` varchar(50) DEFAULT NULL,
  `status` varchar(50) DEFAULT NULL,
  `created_at` datetime NOT NULL,
  `updated_at` datetime NOT NULL,
  PRIMARY KEY (`stock_id`)
) ENGINE=InnoDB AUTO_INCREMENT=9 DEFAULT CHARSET=utf8mb4 COLLATE=utf8mb4_0900_ai_ci;

--
-- Dumping data for table `stocks`
--

INSERT INTO `stocks` VALUES (4,'PO0000000001','2026-03-26 00:00:00','2026-03-26 00:00:00','2026-03-30 00:00:00',1,NULL,'1','active','2026-03-26 11:33:22','2026-03-26 11:33:22'),(5,'PO0000000002','2026-04-01 00:00:00','2026-04-02 00:00:00','2026-04-06 00:00:00',1,'test remark','1','active','2026-04-01 10:49:02','2026-04-01 10:49:02'),(6,'PO0000000002',NULL,NULL,NULL,1,'test remark','1','cancelled','2026-04-02 11:16:21','2026-04-02 11:18:58'),(7,'test8',NULL,NULL,NULL,5,'test7','1','active','2026-04-02 11:19:41','2026-04-02 11:35:58'),(8,'test',NULL,NULL,NULL,5,'test','1','cancelled','2026-04-02 11:23:14','2026-04-02 11:23:18');

--
-- Table structure for table `suppliers`
--

CREATE TABLE `suppliers` (
  `supplier_id` int NOT NULL AUTO_INCREMENT,
  `supplier_name` varchar(255) DEFAULT NULL,
  `supplier_address` text CHARACTER SET utf8mb4 COLLATE utf8mb4_0900_ai_ci,
  `created_at` datetime NOT NULL,
  `updated_at` datetime NOT NULL,
  PRIMARY KEY (`supplier_id`)
) ENGINE=InnoDB AUTO_INCREMENT=7 DEFAULT CHARSET=utf8mb4 COLLATE=utf8mb4_0900_ai_ci;

--
-- Dumping data for table `suppliers`
--

INSERT INTO `suppliers` VALUES (1,'Delta Electronics (Thailand)',NULL,'2026-03-16 13:23:42','2026-03-16 13:23:42'),(5,'CP All','BKK,Thailand','2026-03-16 13:56:01','2026-03-20 13:34:27'),(6,'Siam Cement Group (SCG)',NULL,'2026-03-16 13:56:13','2026-03-16 13:56:13');

--
-- Table structure for table `units`
--

CREATE TABLE `units` (
  `unit_id` int NOT NULL AUTO_INCREMENT,
  `name` varchar(255) DEFAULT NULL,
  `created_at` datetime NOT NULL,
  `updated_at` datetime NOT NULL,
  PRIMARY KEY (`unit_id`)
) ENGINE=InnoDB AUTO_INCREMENT=4 DEFAULT CHARSET=utf8mb4 COLLATE=utf8mb4_0900_ai_ci;

--
-- Dumping data for table `units`
--

INSERT INTO `units` VALUES (1,'ชิ้น','2025-12-15 10:56:46','2025-12-15 10:56:46'),(3,'อัน','2025-12-15 11:04:13','2025-12-15 11:04:13');


